{"id":149,"date":"2021-11-16T10:06:23","date_gmt":"2021-11-16T09:06:23","guid":{"rendered":"https:\/\/semmelweis.hu\/zoldegyetem\/?page_id=149"},"modified":"2021-11-16T10:23:44","modified_gmt":"2021-11-16T09:23:44","slug":"europai-hulladekcsokkentesi-het","status":"publish","type":"page","link":"https:\/\/semmelweis.hu\/zoldegyetem\/europai-hulladekcsokkentesi-het\/","title":{"rendered":"Eur\u00f3pai hullad\u00e9kcs\u00f6kkent\u00e9si h\u00e9t &#8211; 2021. november 20-28."},"content":{"rendered":"<p><a href=\"https:\/\/semmelweis.hu\/zoldegyetem\/files\/2021\/11\/Europai_hulladekcsokkentesi_kep.jpg\"><img loading=\"lazy\" decoding=\"async\" class=\"wp-image-151 aligncenter\" src=\"https:\/\/semmelweis.hu\/zoldegyetem\/files\/2021\/11\/Europai_hulladekcsokkentesi_kep.jpg\" alt=\"\" width=\"799\" height=\"154\" srcset=\"https:\/\/semmelweis.hu\/zoldegyetem\/files\/2021\/11\/Europai_hulladekcsokkentesi_kep.jpg 529w, https:\/\/semmelweis.hu\/zoldegyetem\/files\/2021\/11\/Europai_hulladekcsokkentesi_kep-400x77.jpg 400w\" sizes=\"auto, (max-width: 799px) 100vw, 799px\" \/><\/a><\/p>\n<p style=\"text-align: justify\">A <strong><span style=\"color: #339966\">Semmelweis Egyetem<\/span><\/strong> a fenntarthat\u00f3 j\u00f6v\u0151 \u00e9rdek\u00e9ben 2021-ben <strong><span style=\"color: #339966\">csatlakozik<\/span><\/strong> az Eur\u00f3pai Hullad\u00e9kcs\u00f6kkent\u00e9si H\u00e9t kamp\u00e1nyhoz.<\/p>\n<p style=\"text-align: justify\">Az Eur\u00f3pai Hullad\u00e9kcs\u00f6kkent\u00e9si H\u00e9t egy m\u00e1r 12. alkalommal ind\u00edtott kezdem\u00e9nyez\u00e9s, melynek c\u00e9lja, hogy a r\u00e9sztvev\u0151 \u00f6nk\u00e9ntesek egy teljes h\u00e9ten kereszt\u00fcl saj\u00e1t \u00f6tleteikkel h\u00edvj\u00e1k fel a figyelmet a tudatos hullad\u00e9kgazd\u00e1lkod\u00e1sra, a keletkez\u0151 mennyis\u00e9g cs\u00f6kkent\u00e9s\u00e9re, valamint az anyagok \u00fajrahasznos\u00edt\u00e1s\u00e1nak fontoss\u00e1g\u00e1ra.<\/p>\n<p style=\"text-align: justify\">Ebben az \u00e9vben a h\u00e9t t\u00e9m\u00e1ja a <strong><span style=\"color: #339966\">\u201ek\u00f6rk\u00f6r\u00f6s k\u00f6z\u00f6ss\u00e9gek\u201d<\/span><\/strong>. Ez a tematika felh\u00edvja a figyelmet a kis k\u00f6z\u00f6ss\u00e9gek befoly\u00e1sol\u00f3 szerep\u00e9re a fogyaszt\u00e1si szok\u00e1sok megv\u00e1ltoztat\u00e1s\u00e1ra, a j\u00f3 gyakorlatok \u00e1tv\u00e9tel\u00e9re, vagyis az egy\u00fcttm\u0171k\u00f6d\u00e9sben rejl\u0151 er\u0151re. Most igaz\u00e1n sz\u00fcks\u00e9g van az \u00f6sszefog\u00e1sra!<\/p>\n<p style=\"text-align: justify\">C\u00e9lkit\u0171z\u00e9s\u00fcnk min\u00e9l t\u00f6bb munkat\u00e1rs \u00e9s hallgat\u00f3 aktiviz\u00e1l\u00e1sa, \u00f6szt\u00f6nz\u00e9se az \u00f6sszefog\u00e1sra k\u00f6z\u00f6ss\u00e9gi keretekben, hogy programokat, kamp\u00e1nyokat szervezzenek a szeml\u00e9letform\u00e1l\u00e1s el\u0151mozd\u00edt\u00e1sa \u00e9s \u00f6szt\u00f6nz\u00e9se \u00e9rdek\u00e9ben.<\/p>\n<p style=\"text-align: justify\">V\u00e1rjuk olyan csoportok, k\u00f6z\u00f6ss\u00e9gek jelentkez\u00e9s\u00e9t, akik v\u00e1llalj\u00e1k, hogy valamilyen k\u00f6z\u00f6ss\u00e9gi program keret\u00e9ben <strong><span style=\"color: #339966\">2021. november 20. \u00e9s 28.<\/span><\/strong> k\u00f6z\u00f6tt megval\u00f3s\u00edtanak az al\u00e1bbi c\u00e9lokb\u00f3l legal\u00e1bb egyet.<\/p>\n<ul style=\"text-align: justify\">\n<li><span style=\"color: #339966\"><strong>A hullad\u00e9kforr\u00e1sok \u00e9s kibocs\u00e1t\u00e1sok cs\u00f6kkent\u00e9se\/megsz\u00fcntet\u00e9se:<\/strong><\/span> tev\u00e9kenys\u00e9gek, amelyek c\u00e9lja az el\u0151\u00e1ll\u00edtott hullad\u00e9k mennyis\u00e9g\u00e9nek cs\u00f6kkent\u00e9se, tud\u00e1smegoszt\u00e1s annak elker\u00fcl\u00e9s\u00e9re vagy megel\u0151z\u00e9s\u00e9re, a hullad\u00e9k mennyis\u00e9g\u00e9nek cs\u00f6kkent\u00e9s\u00e9re (pl. komposzt\u00e1l\u00e1s vagy ismeretterjeszt\u0151 programok).<\/li>\n<li>\u00dajrahasznos\u00edt\u00e1s \u00e9s felk\u00e9sz\u00fcl\u00e9s az \u00fajrahasznos\u00edt\u00e1sra: tev\u00e9kenys\u00e9gek, amelyek c\u00e9lja a figyelemfelh\u00edv\u00e1s a term\u00e9kek lehets\u00e9ges m\u00e1sodik \u00e9letciklus\u00e1ra (pl. term\u00e9kek jav\u00edt\u00e1sa, adom\u00e1nyoz\u00e1s, term\u00e9kek cser\u00e9je, k\u00f6lcs\u00f6nz\u00e9se).<\/li>\n<li>Hullad\u00e9k v\u00e1logat\u00e1s \u00e9s \u00fajrahasznos\u00edt\u00e1s: tev\u00e9kenys\u00e9gek, amelyek c\u00e9lja a szeml\u00e9letform\u00e1l\u00e1s a hullad\u00e9kok v\u00e1logat\u00e1sa ter\u00fclet\u00e9n, bemutatva \u00e9s elmagyar\u00e1zva, mik\u00e9nt jav\u00edthatj\u00e1k az alapanyagok k\u00f6rforg\u00e1s\u00e1t tev\u00e9kenys\u00e9gek, amelyek p\u00e9ld\u00e1ul v\u00e1logat\u00f3\/\u00fajrahasznos\u00edt\u00f3 \u00fczemekbe szervezett l\u00e1togat\u00e1sokkal \u00f6szt\u00f6nzik a lakoss\u00e1got, hogy a megfelel\u0151 gy\u0171jt\u0151helyre vigy\u00e9k a hullad\u00e9kokat.<\/li>\n<li>Takar\u00edt\u00e1si\/tiszt\u00edt\u00e1si\/szem\u00e9tszed\u00e9si akci\u00f3k: tev\u00e9kenys\u00e9gek, amelyek c\u00e9lja a lakoss\u00e1g \u00e9s a m\u00e9dia figyelm\u00e9nek felkelt\u00e9se a term\u00e9szetben eldobott hullad\u00e9kmennyis\u00e9gre \u00e9s az illeg\u00e1lisan lerakott hullad\u00e9kokra.<\/li>\n<\/ul>\n<p style=\"text-align: justify\">\u00d6n mit tenne a fenntarthat\u00f3s\u00e1g \u00e9rdek\u00e9ben saj\u00e1t k\u00f6z\u00f6ss\u00e9g\u00e9ben, a munkahely\u00e9n?<\/p>\n<p style=\"text-align: justify\">Gondolja \u00e1t hogyan lehetne jav\u00edtani egy\u00fctt, k\u00f6z\u00f6sen a hullad\u00e9kok cs\u00f6kkent\u00e9se \u00e9rdek\u00e9ben!<\/p>\n<p style=\"text-align: justify\">Ha van \u00f6tlete \u00e9s a megval\u00f3s\u00edt\u00e1shoz szervez\u0151d\u00f6tt egy csapat, k\u00e9rem \u00edrja le a programot n\u00e9h\u00e1ny sorban \u00e9s k\u00fcldje el nek\u00fcnk a <a href=\"mailto:zoldegyetem@semmelweis-univ.hu\">zoldegyetem@semmelweis-univ.hu<\/a> e-mail c\u00edmre.<\/p>\n<p style=\"text-align: justify\">Ha \u00fagy gondolja, hogy saj\u00e1t \u00f6tlettel szeretne k\u00fcl\u00f6n regisztr\u00e1lni a programra, azt is megteheti, r\u00e9szletkek\u00e9rt keresse fel a program weboldal\u00e1t.<\/p>\n<p style=\"text-align: justify\"><a href=\"https:\/\/hulladekcsokkentesihet2021.hu\/\">https:\/\/hulladekcsokkentesihet2021.hu\/<\/a><\/p>\n<p style=\"text-align: justify\">Az a k\u00f6z\u00f6ss\u00e9g, amely r\u00e9szt vesz programj\u00e1val az Eur\u00f3pai Hullad\u00e9kcs\u00f6kkent\u00e9si H\u00e9ten \u00f6tlet\u00e9vel hazai vagy ak\u00e1r nemzetk\u00f6zi d\u00edjat is nyerhet. A hazai koordin\u00e1tor, az \u00c9MI Nonprofit Kft. az Innov\u00e1ci\u00f3s \u00e9s Technol\u00f3giai Miniszt\u00e9rium szakmai t\u00e1mogat\u00e1s\u00e1val a be\u00e9rkezett akci\u00f3\u00f6tletek k\u00f6z\u00fcl minden kateg\u00f3ri\u00e1ban kiv\u00e1lasztja a szakmailag legjobbnak \u00edt\u00e9lt akci\u00f3\u00f6tletet, tov\u00e1bb\u00e1 felterjesztik az akci\u00f3t a br\u00fcsszeli Eur\u00f3pai Hullad\u00e9kcs\u00f6kkent\u00e9si H\u00e9t d\u00edjra.<\/p>\n<p>&nbsp;<\/p>\n<p><strong><span style=\"color: #339966\">Fogjunk \u00f6ssze!<\/span><\/strong><br \/>\n<strong><span style=\"color: #339966\">El\u0151zz\u00fck meg a hullad\u00e9k keletkez\u00e9s\u00e9t!<\/span><\/strong><br \/>\n<strong><span style=\"color: #339966\">Haszn\u00e1ljuk \u00fajra!<\/span><\/strong><br \/>\n<strong><span style=\"color: #339966\">Hasznos\u00edtsuk \u00fajra!<\/span><\/strong><br \/>\n<strong><span style=\"color: #339966\">Osszuk meg a fenntarthat\u00f3s\u00e1g \u00e9rdek\u00e9ben!<\/span><\/strong><\/p>\n<p><strong><span style=\"color: #339966\"><a href=\"https:\/\/semmelweis.hu\/zoldegyetem\/files\/2021\/11\/Europai_hulladekcsokkentesi_logo.png\"><img loading=\"lazy\" decoding=\"async\" class=\"wp-image-154 aligncenter\" src=\"https:\/\/semmelweis.hu\/zoldegyetem\/files\/2021\/11\/Europai_hulladekcsokkentesi_logo.png\" alt=\"\" width=\"203\" height=\"280\" srcset=\"https:\/\/semmelweis.hu\/zoldegyetem\/files\/2021\/11\/Europai_hulladekcsokkentesi_logo.png 380w, https:\/\/semmelweis.hu\/zoldegyetem\/files\/2021\/11\/Europai_hulladekcsokkentesi_logo-291x400.png 291w\" sizes=\"auto, (max-width: 203px) 100vw, 203px\" \/><\/a><\/span><\/strong><\/p>\n","protected":false},"excerpt":{"rendered":"<p><a href=\"https:\/\/semmelweis.hu\/zoldegyetem\/files\/2021\/11\/Europai_hulladekcsokkentesi_kep.jpg\"><\/a> A Semmelweis Egyetem a fenntarthat\u00f3 j\u00f6v\u0151 \u00e9rdek\u00e9ben 2021-ben csatlakozik az Eur\u00f3pai Hullad\u00e9kcs\u00f6kkent\u00e9si H\u00e9t kamp\u00e1nyhoz. Az Eur\u00f3pai Hullad\u00e9kcs\u00f6kkent\u00e9si H\u00e9t egy m\u00e1r 12. alkalommal ind\u00edtott kezdem\u00e9nyez\u00e9s, melynek c\u00e9lja, hogy a r\u00e9sztvev\u0151 \u00f6nk\u00e9ntesek egy teljes h\u00e9ten kereszt\u00fcl saj\u00e1t \u00f6tleteikkel h\u00edvj\u00e1k fel a figyelmet a tudatos hullad\u00e9kgazd\u00e1lkod\u00e1sra, a keletkez\u0151 mennyis\u00e9g cs\u00f6kkent\u00e9s\u00e9re, valamint az anyagok \u00fajrahasznos\u00edt\u00e1s\u00e1nak fontoss\u00e1g\u00e1ra. Ebben az \u00e9vben &hellip;<\/p>\n","protected":false},"author":288,"featured_media":157,"parent":0,"menu_order":0,"comment_status":"closed","ping_status":"closed","template":"","meta":{"_acf_changed":false,"footnotes":""},"categories":[],"tags":[],"class_list":["post-149","page","type-page","status-publish","has-post-thumbnail","hentry"],"acf":[],"_links":{"self":[{"href":"https:\/\/semmelweis.hu\/zoldegyetem\/wp-json\/wp\/v2\/pages\/149","targetHints":{"allow":["GET"]}}],"collection":[{"href":"https:\/\/semmelweis.hu\/zoldegyetem\/wp-json\/wp\/v2\/pages"}],"about":[{"href":"https:\/\/semmelweis.hu\/zoldegyetem\/wp-json\/wp\/v2\/types\/page"}],"author":[{"embeddable":true,"href":"https:\/\/semmelweis.hu\/zoldegyetem\/wp-json\/wp\/v2\/users\/288"}],"replies":[{"embeddable":true,"href":"https:\/\/semmelweis.hu\/zoldegyetem\/wp-json\/wp\/v2\/comments?post=149"}],"version-history":[{"count":5,"href":"https:\/\/semmelweis.hu\/zoldegyetem\/wp-json\/wp\/v2\/pages\/149\/revisions"}],"predecessor-version":[{"id":159,"href":"https:\/\/semmelweis.hu\/zoldegyetem\/wp-json\/wp\/v2\/pages\/149\/revisions\/159"}],"wp:featuredmedia":[{"embeddable":true,"href":"https:\/\/semmelweis.hu\/zoldegyetem\/wp-json\/wp\/v2\/media\/157"}],"wp:attachment":[{"href":"https:\/\/semmelweis.hu\/zoldegyetem\/wp-json\/wp\/v2\/media?parent=149"}],"wp:term":[{"taxonomy":"category","embeddable":true,"href":"https:\/\/semmelweis.hu\/zoldegyetem\/wp-json\/wp\/v2\/categories?post=149"},{"taxonomy":"post_tag","embeddable":true,"href":"https:\/\/semmelweis.hu\/zoldegyetem\/wp-json\/wp\/v2\/tags?post=149"}],"curies":[{"name":"wp","href":"https:\/\/api.w.org\/{rel}","templated":true}]}}