{"id":642,"date":"2014-03-21T15:48:45","date_gmt":"2014-03-21T14:48:45","guid":{"rendered":"http:\/\/semmelweis.hu\/wiki\/?p=642"},"modified":"2025-04-11T09:30:29","modified_gmt":"2025-04-11T07:30:29","slug":"oldalak-bal-oldali-savjaba-helyezheto-tartalmak-a-widgetek-segitsegevel","status":"publish","type":"page","link":"https:\/\/semmelweis.hu\/wiki\/megjelenes\/oldalak-bal-oldali-savjaba-helyezheto-tartalmak-a-widgetek-segitsegevel\/","title":{"rendered":"Az oldalak bal-, a bejegyz\u00e9sek jobboldali s\u00e1vj\u00e1ba helyezhet\u0151 tartalmak"},"content":{"rendered":"<p>Oldalaink mellett a bal oldali, illetve a bejegyz\u00e9seink \u00e9s kateg\u00f3ri\u00e1ink mellett a jobb oldali s\u00e1vba sz\u00f6veges, k\u00e9pi vagy vide\u00f3s tartalmakat, kisebb funkci\u00f3kat adhatunk a <strong>Widgetek<\/strong>\u00a0(ejtsd: vidzsit, \u00e9rtsd &#8222;modul&#8221; vagy &#8222;k\u00fcty\u00fc&#8221;) seg\u00edts\u00e9g\u00e9vel. \u00a0A widgetek seg\u00edts\u00e9g\u00e9vel szerkeszthetj\u00fck a nyit\u00f3lapunk egyes tartalmait is&#8230;\u00a0<em>(A widget ter\u00fcletek akkor l\u00e1tszanak, ha az oldalakn\u00e1l \u00e9s bejegyz\u00e9sekn\u00e9l az <strong>alap\u00e9rtelmezett<\/strong> sablonmint\u00e1t haszn\u00e1ljuk, m\u00edg nem l\u00e1tszik, ha oldals\u00e1v n\u00e9lk\u00fcli be\u00e1ll\u00edt\u00e1st v\u00e1lasztunk.)<\/em><\/p>\n<div class=\"fontos_div\">\n<p><span style=\"color: #ff6600;\"><strong>Figyelem<\/strong><\/span> <strong>az oldals\u00e1vban l\u00e9v\u0151 tartalmak<\/strong> (sem az oldalhierarchia, sem a widgetek tartalma) <strong>mobiltelefonon nem l\u00e1tszanak!<\/strong><\/p>\n<\/div>\n<p>Az oldalak eset\u00e9ben, ha vannak egy oldalnak almen\u00fci, akkor az almen\u00fck megjelen\u00edt\u00e9s\u00e9re szolg\u00e1l\u00f3 doboz al\u00e1 ker\u00fclnek a tov\u00e1bbi tartalmak (l\u00e1sd mintak\u00e9p).\u00a0<\/p>\n<p style=\"text-align: center;\"><a href=\"https:\/\/semmelweis.hu\/wiki\/files\/2014\/03\/bal_oldali_widget.jpg\"><img loading=\"lazy\" decoding=\"async\" class=\"aligncenter wp-image-643 size-full\" src=\"https:\/\/semmelweis.hu\/wiki\/files\/2014\/03\/bal_oldali_widget.jpg\" alt=\"bal_oldali_widget\" width=\"846\" height=\"716\" srcset=\"https:\/\/semmelweis.hu\/wiki\/files\/2014\/03\/bal_oldali_widget.jpg 846w, https:\/\/semmelweis.hu\/wiki\/files\/2014\/03\/bal_oldali_widget-300x253.jpg 300w\" sizes=\"auto, (max-width: 846px) 100vw, 846px\" \/><\/a><\/p>\n<p>&nbsp;<\/p>\n<p>A Widgetek be\u00e1ll\u00edt\u00e1s\u00e1hoz, m\u00f3dos\u00edt\u00e1s\u00e1hoz a <strong>Vez\u00e9rl\u0151pult &gt;Megjelen\u00e9s &gt; Widgetek<\/strong> -re kell kattintani, ott pedig a <strong>Els\u0151dleges widget<\/strong> c\u00edm\u0171 dobozra. Ha a c\u00e9ldobozba a bal oldalon felsorolt lehet\u0151s\u00e9gek valamelyik\u00e9t beh\u00fazzuk, akkor az a fenti m\u00f3don megjelenik.<\/p>\n<p><strong>A legegyszer\u0171bb<\/strong> <strong>lehet\u0151s\u00e9gek<\/strong> (minden widget alatt r\u00f6vid le\u00edr\u00e1s tal\u00e1lhat\u00f3, pr\u00f3b\u00e1lgassuk b\u00e1tran azokat is, amik itt nincsenek felsorolva, ha nem v\u00e1lik be egyszer\u0171en t\u00e1vol\u00edtsuk el a modult\u00a0a widget ter\u00fcletr\u0151l):<\/p>\n<ul>\n<li><strong>Sz\u00f6veg<\/strong> (k\u00e9tf\u00e9le n\u00e9zete van: grafikus, amelyben egyszer\u0171bb form\u00e1z\u00e1s lehets\u00e9ges \u00e9s &#8222;sz\u00f6veg&#8221; n\u00e9zet, az ut\u00f3bbiban\u00a0<a href=\"https:\/\/semmelweis.hu\/wiki\/megjelenes\/alapveto-html-kodok\/\" target=\"_blank\" rel=\"noopener\">html k\u00f3dokkal t\u00f6rt\u00e9nhet a form\u00e1z\u00e1s,<\/a> de a bonyolultabb dolgokra, haszn\u00e1ljunk eleve html k\u00f3d t\u00edpus\u00fa widgetet, l\u00e1sd al\u00e1bb)<\/li>\n<li><strong>HTML k\u00f3d<\/strong> (ha bonyolultabban form\u00e1zott sz\u00f6veget szeretn\u00e9nk, vagy\u00a0k\u00e9pet, vide\u00f3t egy\u00e9b f\u00e1jlt, linket szeretn\u00e9nk besz\u00farni, akkor ez haszn\u00e1land\u00f3.<\/li>\n<li><strong>RSS<\/strong> (h\u00edrcsatorna megjelen\u00edt\u00e9se pl. Semmelweis H\u00edrek)<\/li>\n<li><strong>Egy\u00e9ni men\u00fc<\/strong> (ehhez el\u0151bb egy \u00faj men\u00fct kell k\u00e9sz\u00edteni a\u00a0<strong>Vez\u00e9rl\u0151pult &gt;Megjelen\u00e9s &gt; Men\u00fck\u00a0<\/strong>oldalon, majd az \u00e1ll\u00edthat\u00f3 be ebben a widgetben)<\/li>\n<li><strong>WP Category Post List<\/strong> (egy, a saj\u00e1t honlapunk kateg\u00f3ri\u00e1j\u00e1nak cikk list\u00e1ja)<\/li>\n<li><strong>Keres\u00e9s<\/strong>\u00a0vagy\u00a0<strong>Keres\u00e9s egy kateg\u00f3ri\u00e1ban<\/strong> (\u00e9rtelemszer\u0171)<\/li>\n<\/ul>\n<h2>K\u00fcl\u00f6nb\u00f6z\u0151 widget k\u00fcl\u00f6nb\u00f6z\u0151\u00a0oldalakra:<\/h2>\n<p><strong>Hogyan tehet\u0151 csak bizonyos oldalra,<\/strong> <strong>vagy bizonyos oldalakra widget<\/strong> (illetve k\u00fcl\u00f6nb\u00f6z\u0151 oldalakra k\u00fcl\u00f6nb\u00f6z\u0151 widget)?<\/p>\n<p>Ehhez el\u0151sz\u00f6r is be kell kapcsolnunk a <strong>Widget Logic<\/strong> nev\u0171 b\u0151v\u00edtm\u00e9nyt (<strong>Vez\u00e9rl\u0151pult &gt;Megjelen\u00e9s &gt; B\u0151v\u00edtm\u00e9nyek<\/strong> abc sorrendben l\u00e9v\u0151 b\u0151v\u00edtm\u00e9nyek k\u00f6z\u00fcl a Widget Logic nev\u0171t kell bekapcsolnunk).<\/p>\n<p>Ezek ut\u00e1n a widget-jeink alj\u00e1n egy plusz mez\u0151 jelenik meg, ahol a widget megjelen\u00e9si logik\u00e1ja be\u00e1ll\u00edthat\u00f3. Ezt csak a <strong>Baloldali s\u00e1v<\/strong> eset\u00e9n kell be\u00e1ll\u00edtanunk, a t\u00f6bbi esetben k\u00f6zponti a be\u00e1ll\u00edt\u00e1s. A be\u00e1ll\u00edt\u00e1st a megfelel\u0151 k\u00f3dok (l\u00e1sd al\u00e1bb f\u00e9lk\u00f6v\u00e9rrel kiemelve) karatkterre pontos be\u00edr\u00e1s\u00e1val \u00e9rj\u00fck el, majd a widgetet menteni kell. Az adott widget csak akkor l\u00e1tszik az oldalon, ha annak sablonmint\u00e1ja <strong>Alap\u00e9rtelmezett<\/strong>!!!<\/p>\n<p style=\"text-align: center;\"><a href=\"https:\/\/semmelweis.hu\/wiki\/files\/2014\/03\/widget_logic2.jpg\"><img loading=\"lazy\" decoding=\"async\" class=\"wp-image-650 alignnone\" src=\"https:\/\/semmelweis.hu\/wiki\/files\/2014\/03\/widget_logic2-1024x545.jpg\" alt=\"widget_logic2\" width=\"717\" height=\"382\" srcset=\"https:\/\/semmelweis.hu\/wiki\/files\/2014\/03\/widget_logic2-1024x545.jpg 1024w, https:\/\/semmelweis.hu\/wiki\/files\/2014\/03\/widget_logic2-300x159.jpg 300w, https:\/\/semmelweis.hu\/wiki\/files\/2014\/03\/widget_logic2.jpg 1298w\" sizes=\"auto, (max-width: 717px) 100vw, 717px\" \/><\/a><\/p>\n<p>&nbsp;<\/p>\n<p><strong>Be\u00e1ll\u00edt\u00e1si lehet\u0151s\u00e9gek <\/strong>(b\u0151vebben \u00e9s tov\u00e1bbiak angolul<a href=\"http:\/\/wordpress.org\/plugins\/widget-logic\/other_notes\/\" target=\"_blank\" rel=\"noopener\"> ezen a linken<\/a>)<strong>:<\/strong><\/p>\n<pre style=\"padding-left: 30px;\">is_page('oldal-cime')\u00a0\u00a0<\/pre>\n<p style=\"padding-left: 30px;\"><em>csak a WP &#8216;valami&#8217; oldal\u00e1n jelenik meg <\/em><span style=\"font-size: small; color: #ff0000;\">(a z\u00e1r\u00f3jelbe vagy az oldal ID sz\u00e1m\u00e1t<span style=\"color: #0000ff;\">*<\/span> tessz\u00fck, vagy\u00a0k\u00e9t aposztr\u00f3f jel k\u00f6z\u00e9 a keres\u0151bar\u00e1t nev\u00e9t \/slug\/<span style=\"color: #0000ff;\">**<\/span> vagy a pontos c\u00edm\u00e9t)<\/span><\/p>\n<pre style=\"padding-left: 30px;\">is_page( array( 42, 'oldal-cime', '\u00c1ltal\u00e1nos inform\u00e1ci\u00f3k' ) )\u00a0<\/pre>\n<p style=\"padding-left: 30px;\"><em>csak a WP \u00a0ID 42-es oldalon illetve az oldal-cime sluggal rendelkez\u0151 oldalon valamint az \u00c1ltal\u00e1nos inform\u00e1ci\u00f3k c\u00edm\u0171 oldalakon\u00a0jelenik meg<\/em>\u00a0<span style=\"font-size: small; color: #ff0000;\">(a k\u00e9t aposztr\u00f3f jel k\u00f6z\u00e9 vagy az oldal ID sz\u00e1m\u00e1t tessz\u00fck, vagy a keres\u0151bar\u00e1t nev\u00e9t \/slug\/ vagy a pontos c\u00edm\u00e9t)<\/span><\/p>\n<pre style=\"padding-left: 30px;\">!is_page('valami')\u00a0<\/pre>\n<p style=\"padding-left: 30px;\"><em>minden oldalon kiv\u00e9ve WP &#8216;valami&#8217; slug-gal rendelkez\u0151 oldalon<\/em><\/p>\n<pre style=\"padding-left: 30px;\">!is_page( array( 42, 'oldal-slug', 'Ez az oldal c\u00edme' ) )\u00a0<\/pre>\n<p style=\"padding-left: 30px;\"><em>minden oldalon KIV\u00c9VE WP ID 42-es illetve az \u00a0&#8216;oldal-slug&#8217; \u00e9s az &#8216;Ez az oldal c\u00edme&#8217;\u00a0oldalakat<\/em><\/p>\n<pre style=\"padding-left: 30px;\">is_category(array(5,9,10,11)) <\/pre>\n<p style=\"padding-left: 30px;\"><em>a bejegyz\u00e9sek meghat\u00e1rozott ID sz\u00e1m\u00fa kateg\u00f3ria oldalain jelennek csak meg<\/em><\/p>\n<pre style=\"padding-left: 30px;\">!is_category(array(5,9)) <\/pre>\n<p style=\"padding-left: 30px;\"><em>minden kateg\u00f3ria oldalon megjelenik KIV\u00c9VE a ID 5,9 sz\u00e1m\u00fa kateg\u00f3ria list\u00e1ja mellett<\/em><\/p>\n<p><span style=\"color: #0000ff;\">*<\/span> egy oldal ID sz\u00e1m\u00e1t leolvashatjuk, az oldal szerkeszt\u00e9sekor, a b\u00f6ng\u00e9sz\u0151 URL mez\u0151j\u00e9ben a c\u00edmben az utols\u00f3 \/ jel ut\u00e1n ID=X \u00a0a post.php?post=post=<span style=\"color: #ff0000;\"><strong>X<\/strong><\/span>&amp;action=edit c\u00edmb\u0151l<br \/>\n<span style=\"color: #0000ff;\">**<\/span> egy oldal slug-ja, vagy keres\u0151bar\u00e1t neve = az adott oldal megtekint\u00e9sekor a URL mez\u0151ben a legutols\u00f3 k\u00e9t \/ jel k\u00f6z\u00e9 es\u0151 karakter sor; megtekinthet\u0151 ha az \u00f6sszes oldal kilist\u00e1z\u00e1sakor a gyorsszerkeszt\u00e9sre kattintunk, vagy ha az oldal szerkeszt\u00e9sekor az oldal c\u00edme alatti URL c\u00edmet megtekintj\u00fck<\/p>\n<p>&nbsp;<\/p>\n","protected":false},"excerpt":{"rendered":"<p>Oldalaink mellett a bal oldali, illetve a bejegyz\u00e9seink \u00e9s kateg\u00f3ri\u00e1ink mellett a jobb oldali s\u00e1vba sz\u00f6veges, k\u00e9pi vagy vide\u00f3s tartalmakat, kisebb funkci\u00f3kat adhatunk a Widgetek\u00a0(ejtsd: vidzsit, \u00e9rtsd &#8222;modul&#8221; vagy &#8222;k\u00fcty\u00fc&#8221;) seg\u00edts\u00e9g\u00e9vel. \u00a0A widgetek seg\u00edts\u00e9g\u00e9vel szerkeszthetj\u00fck a nyit\u00f3lapunk egyes tartalmait is&#8230;\u00a0(A widget ter\u00fcletek akkor l\u00e1tszanak, ha az oldalakn\u00e1l \u00e9s bejegyz\u00e9sekn\u00e9l az alap\u00e9rtelmezett sablonmint\u00e1t haszn\u00e1ljuk, m\u00edg nem &hellip;<\/p>\n","protected":false},"author":12,"featured_media":0,"parent":947,"menu_order":4,"comment_status":"closed","ping_status":"closed","template":"","meta":{"_acf_changed":false,"footnotes":""},"categories":[106],"tags":[],"class_list":["post-642","page","type-page","status-publish","hentry","category-egyeb"],"acf":[],"publishpress_future_action":{"enabled":false,"date":"1970-01-01 01:00:00","action":"","terms":[],"taxonomy":"","browser_timezone_offset":0},"_links":{"self":[{"href":"https:\/\/semmelweis.hu\/wiki\/wp-json\/wp\/v2\/pages\/642","targetHints":{"allow":["GET"]}}],"collection":[{"href":"https:\/\/semmelweis.hu\/wiki\/wp-json\/wp\/v2\/pages"}],"about":[{"href":"https:\/\/semmelweis.hu\/wiki\/wp-json\/wp\/v2\/types\/page"}],"author":[{"embeddable":true,"href":"https:\/\/semmelweis.hu\/wiki\/wp-json\/wp\/v2\/users\/12"}],"replies":[{"embeddable":true,"href":"https:\/\/semmelweis.hu\/wiki\/wp-json\/wp\/v2\/comments?post=642"}],"version-history":[{"count":11,"href":"https:\/\/semmelweis.hu\/wiki\/wp-json\/wp\/v2\/pages\/642\/revisions"}],"predecessor-version":[{"id":3139,"href":"https:\/\/semmelweis.hu\/wiki\/wp-json\/wp\/v2\/pages\/642\/revisions\/3139"}],"up":[{"embeddable":true,"href":"https:\/\/semmelweis.hu\/wiki\/wp-json\/wp\/v2\/pages\/947"}],"wp:attachment":[{"href":"https:\/\/semmelweis.hu\/wiki\/wp-json\/wp\/v2\/media?parent=642"}],"wp:term":[{"taxonomy":"category","embeddable":true,"href":"https:\/\/semmelweis.hu\/wiki\/wp-json\/wp\/v2\/categories?post=642"},{"taxonomy":"post_tag","embeddable":true,"href":"https:\/\/semmelweis.hu\/wiki\/wp-json\/wp\/v2\/tags?post=642"}],"curies":[{"name":"wp","href":"https:\/\/api.w.org\/{rel}","templated":true}]}}

Az oldalak bal-, a bejegyzések jobboldali sávjába helyezhető tartalmak

<p>Oldalaink mellett a bal oldali, illetve a bejegyzéseink és kategóriáink mellett a jobb oldali sávba szöveges, képi vagy videós tartalmakat, kisebb funkciókat adhatunk a <strong>Widgetek</strong> (ejtsd: vidzsit, értsd &#8222;modul&#8221; vagy &#8222;kütyü&#8221;) segítségével.  A widgetek segítségével szerkeszthetjük a nyitólapunk egyes tartalmait is&#8230; <em>(A widget területek akkor látszanak, ha az oldalaknál és bejegyzéseknél az <strong>alapértelmezett</strong> sablonmintát használjuk, míg nem látszik, ha oldalsáv nélküli beállítást választunk.)</em></p>
<div class="fontos_div">
<p><span style="color: #ff6600;"><strong>Figyelem</strong></span> <strong>az oldalsávban lévő tartalmak</strong> (sem az oldalhierarchia, sem a widgetek tartalma) <strong>mobiltelefonon nem látszanak!</strong></p>
</div>
<p>Az oldalak esetében, ha vannak egy oldalnak almenüi, akkor az almenük megjelenítésére szolgáló doboz alá kerülnek a további tartalmak (lásd mintakép). </p>
<p style="text-align: center;"><a href="https://semmelweis.hu/wiki/files/2014/03/bal_oldali_widget.jpg"><img loading="lazy" decoding="async" class="aligncenter wp-image-643 size-full" src="https://semmelweis.hu/wiki/files/2014/03/bal_oldali_widget.jpg" alt="bal_oldali_widget" width="846" height="716" srcset="https://semmelweis.hu/wiki/files/2014/03/bal_oldali_widget.jpg 846w, https://semmelweis.hu/wiki/files/2014/03/bal_oldali_widget-300x253.jpg 300w" sizes="auto, (max-width: 846px) 100vw, 846px" /></a></p>
<p>&nbsp;</p>
<p>A Widgetek beállításához, módosításához a <strong>Vezérlőpult &gt;Megjelenés &gt; Widgetek</strong> -re kell kattintani, ott pedig a <strong>Elsődleges widget</strong> című dobozra. Ha a céldobozba a bal oldalon felsorolt lehetőségek valamelyikét behúzzuk, akkor az a fenti módon megjelenik.</p>
<p><strong>A legegyszerűbb</strong> <strong>lehetőségek</strong> (minden widget alatt rövid leírás található, próbálgassuk bátran azokat is, amik itt nincsenek felsorolva, ha nem válik be egyszerűen távolítsuk el a modult a widget területről):</p>
<ul>
<li><strong>Szöveg</strong> (kétféle nézete van: grafikus, amelyben egyszerűbb formázás lehetséges és &#8222;szöveg&#8221; nézet, az utóbbiban <a href="https://semmelweis.hu/wiki/megjelenes/alapveto-html-kodok/" target="_blank" rel="noopener">html kódokkal történhet a formázás,</a> de a bonyolultabb dolgokra, használjunk eleve html kód típusú widgetet, lásd alább)</li>
<li><strong>HTML kód</strong> (ha bonyolultabban formázott szöveget szeretnénk, vagy képet, videót egyéb fájlt, linket szeretnénk beszúrni, akkor ez használandó.</li>
<li><strong>RSS</strong> (hírcsatorna megjelenítése pl. Semmelweis Hírek)</li>
<li><strong>Egyéni menü</strong> (ehhez előbb egy új menüt kell készíteni a <strong>Vezérlőpult &gt;Megjelenés &gt; Menük </strong>oldalon, majd az állítható be ebben a widgetben)</li>
<li><strong>WP Category Post List</strong> (egy, a saját honlapunk kategóriájának cikk listája)</li>
<li><strong>Keresés</strong> vagy <strong>Keresés egy kategóriában</strong> (értelemszerű)</li>
</ul>
<h2>Különböző widget különböző oldalakra:</h2>
<p><strong>Hogyan tehető csak bizonyos oldalra,</strong> <strong>vagy bizonyos oldalakra widget</strong> (illetve különböző oldalakra különböző widget)?</p>
<p>Ehhez először is be kell kapcsolnunk a <strong>Widget Logic</strong> nevű bővítményt (<strong>Vezérlőpult &gt;Megjelenés &gt; Bővítmények</strong> abc sorrendben lévő bővítmények közül a Widget Logic nevűt kell bekapcsolnunk).</p>
<p>Ezek után a widget-jeink alján egy plusz mező jelenik meg, ahol a widget megjelenési logikája beállítható. Ezt csak a <strong>Baloldali sáv</strong> esetén kell beállítanunk, a többi esetben központi a beállítás. A beállítást a megfelelő kódok (lásd alább félkövérrel kiemelve) karatkterre pontos beírásával érjük el, majd a widgetet menteni kell. Az adott widget csak akkor látszik az oldalon, ha annak sablonmintája <strong>Alapértelmezett</strong>!!!</p>
<p style="text-align: center;"><a href="https://semmelweis.hu/wiki/files/2014/03/widget_logic2.jpg"><img loading="lazy" decoding="async" class="wp-image-650 alignnone" src="https://semmelweis.hu/wiki/files/2014/03/widget_logic2-1024x545.jpg" alt="widget_logic2" width="717" height="382" srcset="https://semmelweis.hu/wiki/files/2014/03/widget_logic2-1024x545.jpg 1024w, https://semmelweis.hu/wiki/files/2014/03/widget_logic2-300x159.jpg 300w, https://semmelweis.hu/wiki/files/2014/03/widget_logic2.jpg 1298w" sizes="auto, (max-width: 717px) 100vw, 717px" /></a></p>
<p>&nbsp;</p>
<p><strong>Beállítási lehetőségek </strong>(bővebben és továbbiak angolul<a href="http://wordpress.org/plugins/widget-logic/other_notes/" target="_blank" rel="noopener"> ezen a linken</a>)<strong>:</strong></p>
<pre style="padding-left: 30px;">is_page('oldal-cime')  </pre>
<p style="padding-left: 30px;"><em>csak a WP &#8216;valami&#8217; oldalán jelenik meg </em><span style="font-size: small; color: #ff0000;">(a zárójelbe vagy az oldal ID számát<span style="color: #0000ff;">*</span> tesszük, vagy két aposztróf jel közé a keresőbarát nevét /slug/<span style="color: #0000ff;">**</span> vagy a pontos címét)</span></p>
<pre style="padding-left: 30px;">is_page( array( 42, 'oldal-cime', 'Általános információk' ) ) </pre>
<p style="padding-left: 30px;"><em>csak a WP  ID 42-es oldalon illetve az oldal-cime sluggal rendelkező oldalon valamint az Általános információk című oldalakon jelenik meg</em> <span style="font-size: small; color: #ff0000;">(a két aposztróf jel közé vagy az oldal ID számát tesszük, vagy a keresőbarát nevét /slug/ vagy a pontos címét)</span></p>
<pre style="padding-left: 30px;">!is_page('valami') </pre>
<p style="padding-left: 30px;"><em>minden oldalon kivéve WP &#8216;valami&#8217; slug-gal rendelkező oldalon</em></p>
<pre style="padding-left: 30px;">!is_page( array( 42, 'oldal-slug', 'Ez az oldal címe' ) ) </pre>
<p style="padding-left: 30px;"><em>minden oldalon KIVÉVE WP ID 42-es illetve az  &#8216;oldal-slug&#8217; és az &#8216;Ez az oldal címe&#8217; oldalakat</em></p>
<pre style="padding-left: 30px;">is_category(array(5,9,10,11)) </pre>
<p style="padding-left: 30px;"><em>a bejegyzések meghatározott ID számú kategória oldalain jelennek csak meg</em></p>
<pre style="padding-left: 30px;">!is_category(array(5,9)) </pre>
<p style="padding-left: 30px;"><em>minden kategória oldalon megjelenik KIVÉVE a ID 5,9 számú kategória listája mellett</em></p>
<p><span style="color: #0000ff;">*</span> egy oldal ID számát leolvashatjuk, az oldal szerkesztésekor, a böngésző URL mezőjében a címben az utolsó / jel után ID=X  a post.php?post=post=<span style="color: #ff0000;"><strong>X</strong></span>&amp;action=edit címből<br />
<span style="color: #0000ff;">**</span> egy oldal slug-ja, vagy keresőbarát neve = az adott oldal megtekintésekor a URL mezőben a legutolsó két / jel közé eső karakter sor; megtekinthető ha az összes oldal kilistázásakor a gyorsszerkesztésre kattintunk, vagy ha az oldal szerkesztésekor az oldal címe alatti URL címet megtekintjük</p>
<p>&nbsp;</p>

<p>Oldalaink mellett a bal oldali, illetve a bejegyzéseink és kategóriáink mellett a jobb oldali sávba szöveges, képi vagy videós tartalmakat, kisebb funkciókat adhatunk a Widgetek (ejtsd: vidzsit, értsd &#8222;modul&#8221; vagy &#8222;kütyü&#8221;) segítségével.  A widgetek segítségével szerkeszthetjük a nyitólapunk egyes tartalmait is&#8230; (A widget területek akkor látszanak, ha az oldalaknál és bejegyzéseknél az alapértelmezett sablonmintát használjuk, míg nem &hellip;</p>
