{"id":3044,"date":"2024-06-17T14:36:52","date_gmt":"2024-06-17T12:36:52","guid":{"rendered":"https:\/\/semmelweis.hu\/wiki\/?page_id=3044"},"modified":"2024-06-17T14:37:05","modified_gmt":"2024-06-17T12:37:05","slug":"csv-adatok-megjelenitese-excel-tablazatban","status":"publish","type":"page","link":"https:\/\/semmelweis.hu\/wiki\/kiegeszito-eszkozok\/csv-adatok-megjelenitese-excel-tablazatban\/","title":{"rendered":"CSV adatok megjelen\u00edt\u00e9se Excel t\u00e1bl\u00e1zatban"},"content":{"rendered":"<p>A CSV-f\u00e1jlok <strong>t\u00e1bl\u00e1zatos adatokat<\/strong> (sz\u00e1mokat \u00e9s sz\u00f6veget) <strong>egyszer\u0171 sz\u00f6vegben<\/strong> t\u00e1rolnak, az adatokat (cell\u00e1kat) vessz\u0151 <em>(vagy pontosvessz\u0151, esetleg sz\u00f3k\u00f6z, vagy tabul\u00e1tor, stb.)<\/em> v\u00e1lasztja el. Innen ered a f\u00e1jl neve is: <strong>C<\/strong>omma-<strong>S<\/strong>eparated <strong>V<\/strong>alues (CSV) azaz vessz\u0151vel elv\u00e1lasztott \u00e9rt\u00e9kek.\u00a0<\/p>\n<p>A honlapunkr\u00f3l bizonyos adatokat CSV kiterjeszt\u00e9s\u0171 f\u00e1jlk\u00e9nt tudjuk csak let\u00f6lteni. Ahhoz, hogy ezeket k\u00f6nnyen \u00e1tl\u00e1that\u00f3 t\u00e1bl\u00e1zatos form\u00e1ban jelen\u00edthess\u00fck meg, <strong>az adatokat be kell import\u00e1lnunk egy Excel f\u00e1jlba.<\/strong><\/p>\n<h4><strong>CSV import\u00e1l\u00e1sa Excel f\u00e1jlba:<\/strong><\/h4>\n<p>Nyissunk meg egy <strong>\u00faj \u00fcres Excel f\u00e1jlt <\/strong>\u00e9s kattintsunk az <strong>Adatok<\/strong> men\u00fcpontra. <em>(Azaz NE a CSV f\u00e1jlt mag\u00e1t nyissuk meg az Excellel.)\u00a0<\/em><\/p>\n<p>Ezut\u00e1n kattintsunk az <strong>Adatok beolvas\u00e1sa<\/strong> opci\u00f3ra <em>(ha esetleg nem lenne a gomb kattinthat\u00f3, akkor a munkaf\u00fczeten kattintsunk egy m\u00e1sik cell\u00e1ba, mint ahol a kurzor \u00e1ll, majd ut\u00e1na nyomjuk meg az &#8222;Adatok beolvas\u00e1sa&#8221; opci\u00f3t)<\/em>.<\/p>\n<p>V\u00e1lasszuk ki a leny\u00edl\u00f3 lehet\u0151s\u00e9gek k\u00f6z\u00fcl a <strong>F\u00e1jlb\u00f3l<\/strong>-t, v\u00e9g\u00fcl nyomjunk r\u00e1 a <strong>Sz\u00f6vegb\u0151l vagy CVS-f\u00e1jlb\u00f3l <\/strong>sorra. <em>(Az Office program kor\u00e1bbi verzi\u00f3j\u00e1ban Adatok beolvas\u00e1sa = K\u00fcls\u0151 adatok \u00e1tv\u00e9tele\u00a0 \/\u00a0 F\u00e1jlb\u00f3l = S<\/em><em>z\u00f6vegb\u0151l )\u00a0<\/em><\/p>\n<p><a href=\"https:\/\/semmelweis.hu\/wiki\/files\/2024\/06\/CSV-to-EXC-adatbeolvasas.jpg\"><img loading=\"lazy\" decoding=\"async\" class=\"aligncenter size-large wp-image-3048\" src=\"https:\/\/semmelweis.hu\/wiki\/files\/2024\/06\/CSV-to-EXC-adatbeolvasas-1024x621.jpg\" alt=\"\" width=\"753\" height=\"457\" srcset=\"https:\/\/semmelweis.hu\/wiki\/files\/2024\/06\/CSV-to-EXC-adatbeolvasas-1024x621.jpg 1024w, https:\/\/semmelweis.hu\/wiki\/files\/2024\/06\/CSV-to-EXC-adatbeolvasas-400x243.jpg 400w, https:\/\/semmelweis.hu\/wiki\/files\/2024\/06\/CSV-to-EXC-adatbeolvasas-150x91.jpg 150w, https:\/\/semmelweis.hu\/wiki\/files\/2024\/06\/CSV-to-EXC-adatbeolvasas-768x466.jpg 768w, https:\/\/semmelweis.hu\/wiki\/files\/2024\/06\/CSV-to-EXC-adatbeolvasas-753x457.jpg 753w, https:\/\/semmelweis.hu\/wiki\/files\/2024\/06\/CSV-to-EXC-adatbeolvasas.jpg 1205w\" sizes=\"auto, (max-width: 753px) 100vw, 753px\" \/><\/a><\/p>\n<p>A felugr\u00f3 ablakban keress\u00fck ki a mapp\u00e1nkban a lementett CVS f\u00e1jlt, amib\u0151l az adatokat szeretn\u00e9nk import\u00e1lni, jel\u00f6lj\u00fck ki, majd nyomjunk a <strong>Beolvas\u00e1s<\/strong> gombra.\u00a0<\/p>\n<p>Ezut\u00e1n megny\u00edlik egy m\u00e1sik felugr\u00f3 ablak, ahol <strong>a t\u00e1bl\u00e1zat el\u0151n\u00e9zet\u00e9t l\u00e1thatjuk. <\/strong>Ha valami nem j\u00f3l jelenik meg, akkor itt tudjuk m\u00f3dos\u00edtani az\u00a0import\u00e1land\u00f3 adatokkal kapcsolatos <strong>be\u00e1ll\u00edt\u00e1sok<\/strong>: megv\u00e1ltoztathatjuk az elv\u00e1laszt\u00f3 t\u00edpus\u00e1t, m\u00f3dos\u00edthatjuk a karakterk\u00f3dol\u00e1st, ha bizonyos karakterek nem j\u00f3l jelennek meg (<em>&#8222;F\u00e1jl sz\u00e1rmaz\u00e1si helye&#8221;<\/em> r\u00e9szben) vagy azt, hogy az adatt\u00edpus \u00e9szlel\u00e9se mi alapj\u00e1n t\u00f6rt\u00e9njen.<\/p>\n<p><a href=\"https:\/\/semmelweis.hu\/wiki\/files\/2024\/06\/CSV-to-EXC-adatbeolvasas-beallitasok.jpg\"><img loading=\"lazy\" decoding=\"async\" class=\"aligncenter size-large wp-image-3049\" src=\"https:\/\/semmelweis.hu\/wiki\/files\/2024\/06\/CSV-to-EXC-adatbeolvasas-beallitasok-1024x670.jpg\" alt=\"\" width=\"753\" height=\"493\" srcset=\"https:\/\/semmelweis.hu\/wiki\/files\/2024\/06\/CSV-to-EXC-adatbeolvasas-beallitasok-1024x670.jpg 1024w, https:\/\/semmelweis.hu\/wiki\/files\/2024\/06\/CSV-to-EXC-adatbeolvasas-beallitasok-400x262.jpg 400w, https:\/\/semmelweis.hu\/wiki\/files\/2024\/06\/CSV-to-EXC-adatbeolvasas-beallitasok-150x98.jpg 150w, https:\/\/semmelweis.hu\/wiki\/files\/2024\/06\/CSV-to-EXC-adatbeolvasas-beallitasok-768x502.jpg 768w, https:\/\/semmelweis.hu\/wiki\/files\/2024\/06\/CSV-to-EXC-adatbeolvasas-beallitasok-1536x1005.jpg 1536w, https:\/\/semmelweis.hu\/wiki\/files\/2024\/06\/CSV-to-EXC-adatbeolvasas-beallitasok-753x492.jpg 753w, https:\/\/semmelweis.hu\/wiki\/files\/2024\/06\/CSV-to-EXC-adatbeolvasas-beallitasok.jpg 1558w\" sizes=\"auto, (max-width: 753px) 100vw, 753px\" \/><\/a><\/p>\n<p>Ha el\u00e9gedettek vagyunk az el\u0151n\u00e9zettel, kattintsunk a <strong>Bet\u00f6lt\u00e9s<\/strong> gombra, \u00edgy l\u00e9trej\u00f6n az Excel munkaf\u00fczet\u00e9ben a t\u00e1bl\u00e1zatunk. A jobb oldali s\u00e1vot bez\u00e1rhatjuk, az Excelt pedig elmenthetj\u00fck, \u00edgy a j\u00f6v\u0151ben az adatokat mindig ebben a form\u00e1tumban olvashatjuk, azonban minden \u00faj let\u00f6lt\u00e9st \u00fajra be kell import\u00e1lni <em>(lehet ugyanebbe a f\u00e1jlba is, csak m\u00e1sik munkaf\u00fczetbe)<\/em>.<\/p>\n","protected":false},"excerpt":{"rendered":"<p>A CSV-f\u00e1jlok t\u00e1bl\u00e1zatos adatokat (sz\u00e1mokat \u00e9s sz\u00f6veget) egyszer\u0171 sz\u00f6vegben t\u00e1rolnak, az adatokat (cell\u00e1kat) vessz\u0151 (vagy pontosvessz\u0151, esetleg sz\u00f3k\u00f6z, vagy tabul\u00e1tor, stb.) v\u00e1lasztja el. Innen ered a f\u00e1jl neve is: Comma-Separated Values (CSV) azaz vessz\u0151vel elv\u00e1lasztott \u00e9rt\u00e9kek.\u00a0 A honlapunkr\u00f3l bizonyos adatokat CSV kiterjeszt\u00e9s\u0171 f\u00e1jlk\u00e9nt tudjuk csak let\u00f6lteni. Ahhoz, hogy ezeket k\u00f6nnyen \u00e1tl\u00e1that\u00f3 t\u00e1bl\u00e1zatos form\u00e1ban jelen\u00edthess\u00fck meg, &hellip;<\/p>\n","protected":false},"author":12,"featured_media":0,"parent":951,"menu_order":13,"comment_status":"closed","ping_status":"closed","template":"","meta":{"_acf_changed":false,"footnotes":""},"categories":[],"tags":[],"class_list":["post-3044","page","type-page","status-publish","hentry"],"acf":[],"publishpress_future_action":{"enabled":false,"date":"1970-01-01 01:00:00","action":"","terms":[],"taxonomy":"","browser_timezone_offset":0},"_links":{"self":[{"href":"https:\/\/semmelweis.hu\/wiki\/wp-json\/wp\/v2\/pages\/3044","targetHints":{"allow":["GET"]}}],"collection":[{"href":"https:\/\/semmelweis.hu\/wiki\/wp-json\/wp\/v2\/pages"}],"about":[{"href":"https:\/\/semmelweis.hu\/wiki\/wp-json\/wp\/v2\/types\/page"}],"author":[{"embeddable":true,"href":"https:\/\/semmelweis.hu\/wiki\/wp-json\/wp\/v2\/users\/12"}],"replies":[{"embeddable":true,"href":"https:\/\/semmelweis.hu\/wiki\/wp-json\/wp\/v2\/comments?post=3044"}],"version-history":[{"count":2,"href":"https:\/\/semmelweis.hu\/wiki\/wp-json\/wp\/v2\/pages\/3044\/revisions"}],"predecessor-version":[{"id":3051,"href":"https:\/\/semmelweis.hu\/wiki\/wp-json\/wp\/v2\/pages\/3044\/revisions\/3051"}],"up":[{"embeddable":true,"href":"https:\/\/semmelweis.hu\/wiki\/wp-json\/wp\/v2\/pages\/951"}],"wp:attachment":[{"href":"https:\/\/semmelweis.hu\/wiki\/wp-json\/wp\/v2\/media?parent=3044"}],"wp:term":[{"taxonomy":"category","embeddable":true,"href":"https:\/\/semmelweis.hu\/wiki\/wp-json\/wp\/v2\/categories?post=3044"},{"taxonomy":"post_tag","embeddable":true,"href":"https:\/\/semmelweis.hu\/wiki\/wp-json\/wp\/v2\/tags?post=3044"}],"curies":[{"name":"wp","href":"https:\/\/api.w.org\/{rel}","templated":true}]}}