{"id":2868,"date":"2024-03-13T12:45:34","date_gmt":"2024-03-13T11:45:34","guid":{"rendered":"https:\/\/semmelweis.hu\/wiki\/?page_id=2868"},"modified":"2026-03-19T10:55:27","modified_gmt":"2026-03-19T09:55:27","slug":"kepzes-a-honlapszerkesztok-szamara-wordpress","status":"publish","type":"page","link":"https:\/\/semmelweis.hu\/wiki\/kepzes-a-honlapszerkesztok-szamara-wordpress\/","title":{"rendered":"K\u00e9pz\u00e9s a honlapszerkeszt\u0151k sz\u00e1m\u00e1ra (WordPress)"},"content":{"rendered":"<div class=\"keretes w-100\">\n<h5>Vide\u00f3felv\u00e9tel<\/h5>\n<p>Egy kor\u00e1bbi k\u00e9pz\u00e9s vide\u00f3felv\u00e9tele O365-\u00f6s azonos\u00edt\u00e1st k\u00f6vet\u0151en <a href=\"https:\/\/unisemmelweis-my.sharepoint.com\/:v:\/g\/personal\/sagi_zenina_semmelweis_hu\/EVs4Jy_KmZxAq31xsgvYTZMB6bFsPulbCAPyYSmYlq1_nw?e=HykZvT\" target=\"_blank\" rel=\"noopener\">erre a linkre kattintva<\/a> tekinthet\u0151 meg. A vide\u00f3ban a szerkeszt\u00e9si alapokat <em>(tartalmak l\u00e9trehoz\u00e1sa, men\u00fcszerkezet kialak\u00edt\u00e1sa, nyit\u00f3lap m\u00f3dos\u00edt\u00e1sa, stb.)<\/em> mutatjuk be. A vide\u00f3felv\u00e9tel seg\u00edts\u00e9g\u00e9vel saj\u00e1t temp\u00f3ban, a vide\u00f3t meg\u00e1ll\u00edtva, vagy t\u00f6bbsz\u00f6r visszan\u00e9zve lehet elsaj\u00e1t\u00edtani az ismereteket.<\/p>\n<h5>Online k\u00e9pz\u00e9s<\/h5>\n<p>Ig\u00e9ny szerint tartunk a honlapszerkeszt\u0151knek csoportos vagy egy\u00e9ni online k\u00e9pz\u00e9st, ahol a r\u00e9sztvev\u0151k a fentiekhez hasonl\u00f3an vagy a szerkeszt\u00e9si alapokat <em>(tartalmak l\u00e9trehoz\u00e1sa, men\u00fcszerkezet kialak\u00edt\u00e1sa, nyit\u00f3lap m\u00f3dos\u00edt\u00e1sa, stb.)<\/em> vagy k\u00e9r\u00e9sre az <a href=\"https:\/\/semmelweis.hu\/wiki\/kiegeszito-eszkozok\/\">extra<\/a> lehet\u0151s\u00e9gekkel kapcsolatos tudnival\u00f3kat saj\u00e1t\u00edthatj\u00e1k el.<\/p>\n<p style=\"padding-left: 40px;\"><strong>A k\u00e9pz\u00e9s v\u00e1rhat\u00f3 id\u0151tartama:<\/strong> <br \/>\n\u00a0 \u2192\u00a0alapok: \u223c120 perc<br \/>\n\u00a0<span style=\"color: #333399;\"> \u2192 <\/span>extr\u00e1k: tartalomt\u00f3l f\u00fcgg\u0151en v\u00e1ltoz\u00f3<br \/>\n<strong>A k\u00e9pz\u00e9s fel\u00fclete:<\/strong> Microsoft Teams <em>(minden k\u00e9pz\u00e9sr\u0151l felv\u00e9tel k\u00e9sz\u00fcl, ami 3 h\u00f3napig visszan\u00e9zhet\u0151)<br \/>\n<\/em><strong>Mivel kell k\u00e9sz\u00fclni?<\/strong> Mikrofon legyen a g\u00e9phez csatlakoztatva, amit a r\u00e9sztvev\u0151 el\u0151zetesen tesztelt.<\/p>\n<p style=\"padding-left: 40px;\"><strong>Egy\u00e9ni online k\u00e9pz\u00e9sre id\u0151pont egyeztet\u00e9s:<\/strong><br \/>\nTelefon: +36 20 666 3197<br \/>\nEmail: <a href=\"mailto:honlap@semmelweis.hu\">honlap@semmelweis.hu<\/a><\/p>\n<\/div>\n<div class=\"keretes w-100\" style=\"border: 1px solid lightgray  !important; background-color: #ffff !important;\">\n<h4><strong>A honlaprendszerr\u0151l<\/strong><\/h4>\n<p>A Semmelweis Egyetem honlap rendszere<strong> WordPress<\/strong> tartalomkezel\u0151 rendszerre \u00e9p\u00fclt. A WordPress egy ingyenes \u00e9s ny\u00edlt forr\u00e1sk\u00f3d\u00fa (PHP \u00e9s MySQL alap\u00fa) tartalomkezel\u0151 rendszer.\u00a0<\/p>\n<h6><em><span style=\"font-size: 12pt;\">A WordPress folyamatos fejleszt\u00e9s alatt \u00e1ll\u00f3 rendszer, ez\u00e9rt a le\u00edr\u00e1sok, k\u00e9pek id\u0151vel elavulhatnak. B\u00e1r rendszeresen friss\u00edtj\u00fck a Wikit, ha hib\u00e1t tal\u00e1l, k\u00e9rj\u00fck, jelezze azt sz\u00e1munkra.<\/span><\/em><\/h6>\n<\/div>\n","protected":false},"excerpt":{"rendered":"<p><b>N\u00e9zze meg egy kor\u00e1bbi k\u00e9pz\u00e9s vide\u00f3felv\u00e9tel\u00e9t!<\/b> A k\u00e9pz\u00e9sen a szerkeszt\u00e9si alapokat <i>(tartalmak l\u00e9trehoz\u00e1sa, men\u00fcszerkezet kialak\u00edt\u00e1sa, nyit\u00f3lap m\u00f3dos\u00edt\u00e1sa stb.)<\/i> mutatjuk be. A vide\u00f3felv\u00e9tel seg\u00edts\u00e9g\u00e9vel saj\u00e1t temp\u00f3ban, a vide\u00f3t meg\u00e1ll\u00edtva, vagy t\u00f6bbsz\u00f6r visszan\u00e9zve lehet elsaj\u00e1t\u00edtani az ismereteket.<\/p>\n<p>Ig\u00e9ny szerint tartunk a honlapszerkeszt\u0151knek csoportos vagy egy\u00e9ni online k\u00e9pz\u00e9st, ahol a r\u00e9sztvev\u0151k a fentiekhez hasonl\u00f3an vagy a szerkeszt\u00e9si alapokat vagy k\u00e9r\u00e9sre az extra lehet\u0151s\u00e9gekkel kapcsolatos tudnival\u00f3kat saj\u00e1t\u00edthatj\u00e1k el.<\/p>\n","protected":false},"author":102160,"featured_media":0,"parent":0,"menu_order":1,"comment_status":"closed","ping_status":"closed","template":"","meta":{"_acf_changed":false,"footnotes":""},"categories":[],"tags":[],"class_list":["post-2868","page","type-page","status-publish","hentry"],"acf":[],"publishpress_future_action":{"enabled":false,"date":"1970-01-01 01:00:00","action":"","terms":[],"taxonomy":"","browser_timezone_offset":0},"_links":{"self":[{"href":"https:\/\/semmelweis.hu\/wiki\/wp-json\/wp\/v2\/pages\/2868","targetHints":{"allow":["GET"]}}],"collection":[{"href":"https:\/\/semmelweis.hu\/wiki\/wp-json\/wp\/v2\/pages"}],"about":[{"href":"https:\/\/semmelweis.hu\/wiki\/wp-json\/wp\/v2\/types\/page"}],"author":[{"embeddable":true,"href":"https:\/\/semmelweis.hu\/wiki\/wp-json\/wp\/v2\/users\/102160"}],"replies":[{"embeddable":true,"href":"https:\/\/semmelweis.hu\/wiki\/wp-json\/wp\/v2\/comments?post=2868"}],"version-history":[{"count":11,"href":"https:\/\/semmelweis.hu\/wiki\/wp-json\/wp\/v2\/pages\/2868\/revisions"}],"predecessor-version":[{"id":3382,"href":"https:\/\/semmelweis.hu\/wiki\/wp-json\/wp\/v2\/pages\/2868\/revisions\/3382"}],"wp:attachment":[{"href":"https:\/\/semmelweis.hu\/wiki\/wp-json\/wp\/v2\/media?parent=2868"}],"wp:term":[{"taxonomy":"category","embeddable":true,"href":"https:\/\/semmelweis.hu\/wiki\/wp-json\/wp\/v2\/categories?post=2868"},{"taxonomy":"post_tag","embeddable":true,"href":"https:\/\/semmelweis.hu\/wiki\/wp-json\/wp\/v2\/tags?post=2868"}],"curies":[{"name":"wp","href":"https:\/\/api.w.org\/{rel}","templated":true}]}}