{"id":270,"date":"2013-04-08T14:33:01","date_gmt":"2013-04-08T12:33:01","guid":{"rendered":"http:\/\/wiki.sote.hu\/?p=270"},"modified":"2026-03-19T10:30:56","modified_gmt":"2026-03-19T09:30:56","slug":"terkep-beagyazas-google-maps","status":"publish","type":"page","link":"https:\/\/semmelweis.hu\/wiki\/kiegeszito-eszkozok\/terkep-beagyazas-google-maps\/","title":{"rendered":"T\u00e9rk\u00e9p be\u00e1gyaz\u00e1s (google maps)"},"content":{"rendered":"<p><a class=\"btn btn-secondary\" href=\"https:\/\/kaltura.semmelweis.hu\/media\/\/1_c1q58kuu\" target=\"_blank\" rel=\"noopener\">Vide\u00f3s \u00fatmutat\u00f3 \u2192<\/a>\u00a0<\/p>\n<p>Lehet\u0151s\u00e9g van a honlapunkba t\u00e9rk\u00e9pet elhelyezni a <strong><a href=\"https:\/\/maps.google.hu\/?ie=UTF8&amp;hl=hu\" target=\"_blank\" rel=\"noopener\">Google Maps<\/a><\/strong> seg\u00edts\u00e9g\u00e9vel. Ezt els\u0151sorban az El\u00e9rhet\u0151s\u00e9g men\u00fcpontba \u00e9rdemes kitenni, de b\u00e1rmely oldalunkba, bejegyz\u00e9s\u00fcnkbe betehetj\u00fck HTML szerkeszt\u00e9si n\u00e9zetben.<\/p>\n<p>A <a href=\"https:\/\/maps.google.hu\/?ie=UTF8&amp;amp;hl=hu\" target=\"_blank\" rel=\"noopener\">Google Maps<\/a> oldal\u00e1n (<a href=\"https:\/\/maps.google.hu\/?ie=UTF8&amp;amp;hl=hu\" target=\"_blank\" rel=\"noopener\">https:\/\/maps.google.hu\/?ie=UTF8&amp;amp;hl=hu<\/a>)\u00a0a keres\u0151 mez\u0151be kell be\u00edrni az egys\u00e9g c\u00edm\u00e9t. \u00a0A tal\u00e1latot a t\u00e9rk\u00e9p kis jel\u00f6l\u0151 ikonnal\u00a0jelzi.<\/p>\n<p>A keres\u0151 mez\u0151\u00a0bal fels\u0151 sark\u00e1n\u00e1l l\u00e9v\u0151 <strong>h\u00e1rom vonal\u00a0ikonra kattintva v\u00e1lasszuk ki l\u00e1ncszem ikonnal jelzett: &#8222;A t\u00e9rk\u00e9p megoszt\u00e1sa vagy be\u00e1gyaz\u00e1sa&#8221;<\/strong> opci\u00f3t<strong><span style=\"color: #ff6600;\">*<\/span><\/strong>. A felugr\u00f3 ablakban a lehets\u00e9ges k\u00e9t f\u00fcl k\u00f6z\u00fcl v\u00e1lasszuk a <strong>T\u00e9rk\u00e9p be\u00e1gyaz\u00e1s\u00e1<\/strong>t (embed)! A megjelen\u0151 <strong>be\u00e1gyaz\u00f3 k\u00f3dot<\/strong> (embed code) m\u00e1soljuk kis \u00e9s illessz\u00fck az oldalba <strong>HTML\u00a0n\u00e9zetben oda<\/strong>, ahov\u00e1 a t\u00e9rk\u00e9pet tenni szeretn\u00e9nk. A kapott k\u00f3dban a width=&#8221;&#8221; (sz\u00e9less\u00e9g) \u00e9s a height=&#8221;&#8221; (magass\u00e1g) param\u00e9terek v\u00e1ltoztat\u00e1s\u00e1val tudjuk a t\u00e9rk\u00e9p m\u00e9ret\u00e9t v\u00e1ltoztatni. \u00c9rdemes a sz\u00e9less\u00e9get \u00e1t\u00e1ll\u00edtani 100%-ra, \u00edgy a k\u00e9perny\u0151 m\u00e9ret\u00e9t\u0151l f\u00fcggetlen\u00fcl mindig a teljes sz\u00e9less\u00e9get el fogja foglalni a be\u00e1gyazott t\u00e9rk\u00e9p, m\u00edg a magass\u00e1got pixelben adjuk meg pl. 350px<\/p>\n<h6><span style=\"font-size: 12pt;\"><strong><span style=\"color: #ff6600;\">*<\/span><\/strong>A Google folyton v\u00e1ltozik, fejl\u0151dik, ez\u00e9rt, ha a fent le\u00edrt m\u00f3d nem azonos azzal, amit a T\u00e9rk\u00e9p oldalon tal\u00e1l, k\u00e9rj\u00fck jelezze a Kommunik\u00e1ci\u00f3s Igazgat\u00f3s\u00e1g szerkeszt\u0151je sz\u00e1m\u00e1ra, hogy jav\u00edthassuk ezt az \u00fatmutat\u00f3t.<\/span><\/h6>\n<p style=\"text-align: left;\">\u00a0<\/p>\n","protected":false},"excerpt":{"rendered":"<p><a class=\"btn btn-secondary\" href=\"https:\/\/kaltura.semmelweis.hu\/media\/\/1_c1q58kuu\" target=\"_blank\" rel=\"noopener\">Vide\u00f3s \u00fatmutat\u00f3 \u2192<\/a> \u00a0 Lehet\u0151s\u00e9g van a honlapunkba t\u00e9rk\u00e9pet elhelyezni a <a href=\"https:\/\/maps.google.hu\/?ie=UTF8&amp;hl=hu\" target=\"_blank\" rel=\"noopener\">Google Maps<\/a> seg\u00edts\u00e9g\u00e9vel. Ezt els\u0151sorban az El\u00e9rhet\u0151s\u00e9g men\u00fcpontba \u00e9rdemes kitenni, de b\u00e1rmely oldalunkba, bejegyz\u00e9s\u00fcnkbe betehetj\u00fck HTML szerkeszt\u00e9si n\u00e9zetben. A <a href=\"https:\/\/maps.google.hu\/?ie=UTF8&amp;amp;hl=hu\" target=\"_blank\" rel=\"noopener\">Google Maps<\/a> oldal\u00e1n ( <a href=\"https:\/\/maps.google.hu\/?ie=UTF8&amp;amp;hl=hu\" target=\"_blank\" rel=\"noopener\">https:\/\/maps.google.hu\/?ie=UTF8&amp;amp;hl=hu<\/a> )\u00a0a keres\u0151 mez\u0151be kell be\u00edrni az egys\u00e9g c\u00edm\u00e9t. \u00a0A tal\u00e1latot a t\u00e9rk\u00e9p kis jel\u00f6l\u0151 ikonnal\u00a0jelzi. A keres\u0151 mez\u0151\u00a0bal fels\u0151 sark\u00e1n\u00e1l l\u00e9v\u0151 h\u00e1rom vonal\u00a0ikonra kattintva v\u00e1lasszuk ki l\u00e1ncszem ikonnal &hellip;<\/p>\n","protected":false},"author":12,"featured_media":0,"parent":951,"menu_order":7,"comment_status":"closed","ping_status":"closed","template":"template-fullwidth.php","meta":{"_acf_changed":false,"footnotes":""},"categories":[106],"tags":[],"class_list":["post-270","page","type-page","status-publish","hentry","category-egyeb"],"acf":[],"publishpress_future_action":{"enabled":false,"date":"1970-01-01 01:00:00","action":"","terms":[],"taxonomy":"","browser_timezone_offset":0},"_links":{"self":[{"href":"https:\/\/semmelweis.hu\/wiki\/wp-json\/wp\/v2\/pages\/270","targetHints":{"allow":["GET"]}}],"collection":[{"href":"https:\/\/semmelweis.hu\/wiki\/wp-json\/wp\/v2\/pages"}],"about":[{"href":"https:\/\/semmelweis.hu\/wiki\/wp-json\/wp\/v2\/types\/page"}],"author":[{"embeddable":true,"href":"https:\/\/semmelweis.hu\/wiki\/wp-json\/wp\/v2\/users\/12"}],"replies":[{"embeddable":true,"href":"https:\/\/semmelweis.hu\/wiki\/wp-json\/wp\/v2\/comments?post=270"}],"version-history":[{"count":10,"href":"https:\/\/semmelweis.hu\/wiki\/wp-json\/wp\/v2\/pages\/270\/revisions"}],"predecessor-version":[{"id":3378,"href":"https:\/\/semmelweis.hu\/wiki\/wp-json\/wp\/v2\/pages\/270\/revisions\/3378"}],"up":[{"embeddable":true,"href":"https:\/\/semmelweis.hu\/wiki\/wp-json\/wp\/v2\/pages\/951"}],"wp:attachment":[{"href":"https:\/\/semmelweis.hu\/wiki\/wp-json\/wp\/v2\/media?parent=270"}],"wp:term":[{"taxonomy":"category","embeddable":true,"href":"https:\/\/semmelweis.hu\/wiki\/wp-json\/wp\/v2\/categories?post=270"},{"taxonomy":"post_tag","embeddable":true,"href":"https:\/\/semmelweis.hu\/wiki\/wp-json\/wp\/v2\/tags?post=270"}],"curies":[{"name":"wp","href":"https:\/\/api.w.org\/{rel}","templated":true}]}}