{"id":257,"date":"2013-04-08T10:25:56","date_gmt":"2013-04-08T08:25:56","guid":{"rendered":"http:\/\/wiki.sote.hu\/?p=257"},"modified":"2025-10-21T08:43:59","modified_gmt":"2025-10-21T06:43:59","slug":"munkatarsak-menupont-telefonkonyvi-adatokbol","status":"publish","type":"page","link":"https:\/\/semmelweis.hu\/wiki\/telefonkonyv-adminisztracio\/munkatarsak-menupont-telefonkonyvi-adatokbol\/","title":{"rendered":"Telefonk\u00f6nyvi adatok be\u00e1gyaz\u00e1sa honlapba pl. Munkat\u00e1rsak lista"},"content":{"rendered":"<div class=\"keretes w-100\">\n<p><strong><a href=\"https:\/\/semmelweis.hu\/wiki\/kiegeszito-eszkozok\/telefonkonyv-adminisztracio\/\" target=\"_blank\" rel=\"noopener noreferrer\">Amennyiben az egyetemi webes telefonk\u00f6nyvet az egys\u00e9g rendszeresen friss\u00edti<\/a><\/strong>, akkor egyes adatok be\u00e1gyazhat\u00f3k a weboldalba. Lehet k\u00e9sz\u00edteni <strong>munkat\u00e1rsi list\u00e1t<\/strong> (ak\u00e1r f\u00e9nyk\u00e9ppel, vagy CV-vel ha van ilyen felt\u00f6ltve a telefonk\u00f6nyvbe) vagy a szervezeti egys\u00e9g <strong>alegys\u00e9g<\/strong>ei (pl. r\u00e9szlegek, oszt\u00e1lyok), esetleg az SZMSZ szerint al\u00e1 tartoz\u00f3 <strong>szervezeti egys\u00e9g<\/strong>ek list\u00e1t (pl. kar vagy f\u0151igazgat\u00f3s\u00e1g al\u00e1 tartoz\u00f3 tansz\u00e9kek vagy igazgat\u00f3s\u00e1gok).\u00a0Ennek el\u0151nye, hogy az <strong>adatokat egyetlen helyen kell csup\u00e1n friss\u00edteni<\/strong>, az mindenhol aktu\u00e1lisan jelenik meg.\u00a0<\/p>\n<p><em>Az egys\u00e9g telefonk\u00f6nyvszerkeszt\u0151j\u00e9nek neve k\u00f6zvetlen\u00fcl az egys\u00e9g adatai alatt olvashat\u00f3 a <a href=\"https:\/\/semmelweis.hu\/telefonkonyv\/\" target=\"_blank\" rel=\"noopener\">telefonk\u00f6nyvben<\/a>. Ha az egys\u00e9gben jelenleg nincs felel\u0151se a telefonk\u00f6nyv friss\u00edt\u00e9s\u00e9nek (pl. elment a kor\u00e1bbi szerkeszt\u0151), akkor \u00faj hozz\u00e1f\u00e9r\u00e9st a kijel\u00f6lt szem\u00e9ly nev\u00e9nek \u00e9s e-mail c\u00edm\u00e9nek megjel\u00f6l\u00e9s\u00e9vel a <a href=\"mailto:honlap@semmelweis.hu\">honlap@semmelweis.hu<\/a> e-mail c\u00edmen lehet k\u00e9rni.<\/em><\/p>\n<\/div>\n<h4><strong>Munkat\u00e1rsak lista\u00a0<\/strong><\/h4>\n<p><strong>A telefonk\u00f6nyvb\u0151l vett adatokb\u00f3l <\/strong>egyszer\u0171en lehet <strong>Munkat\u00e1rsak<\/strong> <strong>men\u00fcpontot<\/strong> l\u00e9trehozni. \u00a0<a href=\"https:\/\/semmelweis.hu\/wiki\/tartalom-kezeles\/uj-oldal-letrehozasa\/\" target=\"_blank\" rel=\"noopener noreferrer\">Hozzunk l\u00e9tre egy \u00faj oldalt<\/a> \u00a0vagy a m\u00e1r megl\u00e9v\u0151 Munkat\u00e1rsak oldalt (men\u00fcpontot) kell szerkeszteni (esetleg t\u00f6r\u00f6lni az ott l\u00e9v\u0151 sz\u00f6veget) \u2013 \u00e9rdemes lehet az oldals\u00e1v n\u00e9lk\u00fcli sablont kiv\u00e1lasztani. Persze, ha akarunk, egy r\u00f6vid bevezet\u0151t \u00edrhatunk a munkat\u00e1rsi lista el\u00e9, fontos, hogy az al\u00e1bbi k\u00f3dot ebben az esetben a sz\u00f6veg\u00fcnk ut\u00e1n helyezz\u00fck majd el.<\/p>\n<p>Az al\u00e1bbi, sz\u00f6gletes z\u00e1r\u00f3jeles <strong>k\u00f3dot kell kim\u00e1solni<\/strong> \u00e9s \u00fagy kell beilleszteni a v\u00e1lasztott oldalba, hogy a form\u00e1z\u00e1st elvesz\u00edtse, azaz: VAGY &#8222;<strong>beilleszt\u00e9s egyszer\u0171 sz\u00f6vegk\u00e9nt&#8221;<\/strong> (Shift+Ctrl+V) VAGY a vizu\u00e1lis helyett a html f\u00fclre kattintva. A k\u00f3dban szerepl\u0151 <strong>id=sz\u00e1m<\/strong> r\u00e9szt <strong>a saj\u00e1t int\u00e9zetnek megfelel\u0151 sz\u00e1mra<\/strong><span style=\"color: #ff0000;\">*<\/span> kell aktualiz\u00e1lni a k\u00f3d alatt olvashat\u00f3 le\u00edr\u00e1snak megfelel\u0151en:<\/p>\n<pre>&#91;munkatarsak\u00a0inst_id=234&#93;<\/pre>\n<p><em><span style=\"color: #ff0000;\">*<\/span>A webc\u00edmben az <strong>id=<\/strong> ut\u00e1ni sz\u00e1m, az adott szervezeti egys\u00e9g telefonk\u00f6nyv azonos\u00edt\u00f3 sz\u00e1ma (ez megn\u00e9zhet\u0151 a telefonk\u00f6nyvben az adott szervezeti egys\u00e9g adatlapj\u00e1n &#8211; l\u00e1sd k\u00e9p).<\/em><\/p>\n<p><a href=\"https:\/\/semmelweis.hu\/wiki\/files\/2023\/07\/wiki-telefonkonyv-inst-id.jpg\"><img loading=\"lazy\" decoding=\"async\" class=\"aligncenter wp-image-2622 size-full\" src=\"https:\/\/semmelweis.hu\/wiki\/files\/2023\/07\/wiki-telefonkonyv-inst-id.jpg\" alt=\"\" width=\"757\" height=\"747\" srcset=\"https:\/\/semmelweis.hu\/wiki\/files\/2023\/07\/wiki-telefonkonyv-inst-id.jpg 757w, https:\/\/semmelweis.hu\/wiki\/files\/2023\/07\/wiki-telefonkonyv-inst-id-400x395.jpg 400w, https:\/\/semmelweis.hu\/wiki\/files\/2023\/07\/wiki-telefonkonyv-inst-id-150x148.jpg 150w, https:\/\/semmelweis.hu\/wiki\/files\/2023\/07\/wiki-telefonkonyv-inst-id-753x743.jpg 753w\" sizes=\"auto, (max-width: 757px) 100vw, 757px\" \/><\/a><\/p>\n<p>&nbsp;<\/p>\n<h5>Vezet\u0151k megjelen\u00edt\u00e9se<\/h5>\n<p>A t\u00e1bl\u00e1zatban <strong>a vezet\u0151(k)<\/strong> &#8211; ha a telefonk\u00f6nyvben a munkat\u00e1rsi adatlapon be\u00e1ll\u00edtott\u00e1k &#8211;\u00a0 ker\u00fcl(nek) a <strong>legels\u0151 sorba f\u00e9lk\u00f6v\u00e9r bet\u0171vel <\/strong>szedve, <strong>a t\u00f6bbi dolgoz\u00f3 abc- sorrendben<\/strong> k\u00f6vetkezik. Minden n\u00e9v egyben link is a telefonk\u00f6nyvi adatokhoz (ha az ki van t\u00f6ltve). Ha vannak <strong>alegys\u00e9gek<\/strong> a szervezeti egys\u00e9gben, akkor a munkat\u00e1rsi lista annak megfelel\u0151en csoportos\u00edtja a munkat\u00e1rsakat \u00e9s a csoportba sorolt vezet\u0151k, annak a list\u00e1nak az elej\u00e9re ker\u00fclnek. Aki nincs csoportba sorolva, az az alegys\u00e9gek el\u0151tt jelenik meg <em>(\u00edgy teh\u00e1t az eg\u00e9sz egys\u00e9g vezet\u0151j\u00e9t \u00e9s a titk\u00e1rs\u00e1got nem kell alegys\u00e9gbe tenni, mindenk\u00e9pp a lista legelej\u00e9n fognak megjelenni).<\/em><\/p>\n<p>Az oldal k\u00f6zz\u00e9t\u00e9tele ut\u00e1n<a href=\"https:\/\/semmelweis.hu\/wiki\/megjelenes\/menuk-letrehozasa-kezelese\/\" target=\"_blank\" rel=\"noopener noreferrer\"> a szok\u00e1sos m\u00f3don kell men\u00fcpontt\u00e1 alak\u00edtani<\/a> (ha m\u00e1r a men\u00fcpontot szerkesztett\u00fck, akkor csak a friss\u00edt\u00e9sre kell nyomni.) \u00a0<\/p>\n<h5>Milyen tov\u00e1bbi adatok jelen\u00edthet\u0151k meg? (param\u00e9terek)<\/h5>\n<p>A fenti k\u00f3d alap\u00e9rtelmezetten magyarul jelen\u00edti meg a munkat\u00e1rsakat n\u00e9vvel, beoszt\u00e1ssal \u00e9s az e-mail c\u00edm + nyilv\u00e1nos telefon mez\u0151vel. Ha enn\u00e9l t\u00f6bbet szeretn\u00e9nk, vagy m\u00e1s nyelvet, akkor a list\u00e1nkat az al\u00e1bbi kieg\u00e9sz\u00edt\u0151 k\u00f3dokkal (param\u00e9terekkel) m\u00f3dos\u00edthatjuk.\u00a0<\/p>\n<p>inst_id= szervezeti egys\u00e9g k\u00f3dja, <strong>ez mindenk\u00e9pp sz\u00fcks\u00e9ges<\/strong> <em>(ezt l\u00e1ttuk feljebb)<\/em><br \/>\nsubs_also=1 (alegys\u00e9gek megjelen\u00edt\u00e9se)<br \/>\nshow_images=1 (arck\u00e9pek megjelen\u00edt\u00e9se)<br \/>\nshow_cv= hu,en,de (CV link megjelen\u00edt\u00e9se, t\u00f6bb is lehet, vessz\u0151vel elv\u00e1lasztva)<br \/>\nonly_group= csoport(ok) ID sz\u00e1m\u00e1t kell megadni (t\u00f6bb is lehet, vessz\u0151vel elv\u00e1lasztva) &#8211; ezt a csoportok szerkeszt\u0151 fel\u00fclet\u00e9r\u0151l lehet leolvasni<br \/>\nlang=hu|en|de (megjelen\u00edt\u00e9s nyelve, v\u00e1lasszuk valamelyiket, a magyar az alap\u00e9rtelmezett)<\/p>\n<h5>P\u00e9ld\u00e1k:<\/h5>\n<p>Az al\u00e1bbi k\u00f3d a 234-es egys\u00e9g munkat\u00e1rsait mutatja meg angolul (a nevek megford\u00edt\u00e1s\u00e1val), az angol CV linkekkel \u00e9s a munkat\u00e1rsak fot\u00f3j\u00e1val. <em>(Ne felejts\u00fck el a beoszt\u00e1sok \u00e9s a tudom\u00e1nyos fokozatok\u00a0<\/em><em style=\"font-size: 1rem;\">ford\u00edt\u00e1s\u00e1t <\/em><em style=\"font-size: 1rem;\">is megadni a munkat\u00e1rsak adatlapj\u00e1n, illetve a telefonsz\u00e1mok form\u00e1tuma a nemzetk\u00f6zi h\u00edv\u00e1shoz igazodjon: +36 1 vagy +36 20 form\u00e1ban)<\/em><\/p>\n<pre style=\"padding-left: 40px;\">&#91;munkatarsak inst_id=234 show_images=1 show_cv=en lang=en&#93;<\/pre>\n<p>Ez a k\u00f3d pedig a 207-es egys\u00e9gb\u0151l csak a 110-es azonos\u00edt\u00f3j\u00fa csoport(os\u00edt\u00e1s) munkat\u00e1rsait fogja kilist\u00e1zni magyar nyelven <em>(mivel az az alap\u00e9rtelmezett, \u00edgy nem is kell nyelvet megadni)<\/em> k\u00e9ppel, \u00e9s a magyar, valamint az angol cv-vel.<\/p>\n<pre style=\"padding-left: 40px;\">&#91;munkatarsak inst_id=207 only_group=110 show_images=1 show_cv=hu,en&#93;<\/pre>\n<p>A 234-es egys\u00e9g egyszer\u0171, angol nyelv\u0171 list\u00e1ja.\u00a0<\/p>\n<pre style=\"padding-left: 40px;\">&#91;munkatarsak inst_id=234 lang=en&#93;<\/pre>\n<pre>\u00a0<\/pre>\n","protected":false},"excerpt":{"rendered":"<p><a href=\"https:\/\/semmelweis.hu\/wiki\/kiegeszito-eszkozok\/telefonkonyv-adminisztracio\/\" target=\"_blank\" rel=\"noopener noreferrer\">Amennyiben az egyetemi webes telefonk\u00f6nyvet az egys\u00e9g rendszeresen friss\u00edti<\/a> , akkor egyes adatok be\u00e1gyazhat\u00f3k a weboldalba. Lehet k\u00e9sz\u00edteni munkat\u00e1rsi list\u00e1t (ak\u00e1r f\u00e9nyk\u00e9ppel, vagy CV-vel ha van ilyen felt\u00f6ltve a telefonk\u00f6nyvbe) vagy a szervezeti egys\u00e9g alegys\u00e9gei (pl. r\u00e9szlegek, oszt\u00e1lyok), esetleg az SZMSZ szerint al\u00e1 tartoz\u00f3 szervezeti egys\u00e9gek list\u00e1t (pl. kar vagy f\u0151igazgat\u00f3s\u00e1g al\u00e1 tartoz\u00f3 tansz\u00e9kek vagy igazgat\u00f3s\u00e1gok).\u00a0Ennek el\u0151nye, hogy az adatokat egyetlen helyen kell csup\u00e1n &hellip;<\/p>\n","protected":false},"author":12,"featured_media":0,"parent":7,"menu_order":1,"comment_status":"closed","ping_status":"closed","template":"template-fullwidth.php","meta":{"_acf_changed":false,"footnotes":""},"categories":[106],"tags":[],"class_list":["post-257","page","type-page","status-publish","hentry","category-egyeb"],"acf":[],"publishpress_future_action":{"enabled":false,"date":"1970-01-01 01:00:00","action":"","terms":[],"taxonomy":"","browser_timezone_offset":0},"_links":{"self":[{"href":"https:\/\/semmelweis.hu\/wiki\/wp-json\/wp\/v2\/pages\/257","targetHints":{"allow":["GET"]}}],"collection":[{"href":"https:\/\/semmelweis.hu\/wiki\/wp-json\/wp\/v2\/pages"}],"about":[{"href":"https:\/\/semmelweis.hu\/wiki\/wp-json\/wp\/v2\/types\/page"}],"author":[{"embeddable":true,"href":"https:\/\/semmelweis.hu\/wiki\/wp-json\/wp\/v2\/users\/12"}],"replies":[{"embeddable":true,"href":"https:\/\/semmelweis.hu\/wiki\/wp-json\/wp\/v2\/comments?post=257"}],"version-history":[{"count":12,"href":"https:\/\/semmelweis.hu\/wiki\/wp-json\/wp\/v2\/pages\/257\/revisions"}],"predecessor-version":[{"id":3333,"href":"https:\/\/semmelweis.hu\/wiki\/wp-json\/wp\/v2\/pages\/257\/revisions\/3333"}],"up":[{"embeddable":true,"href":"https:\/\/semmelweis.hu\/wiki\/wp-json\/wp\/v2\/pages\/7"}],"wp:attachment":[{"href":"https:\/\/semmelweis.hu\/wiki\/wp-json\/wp\/v2\/media?parent=257"}],"wp:term":[{"taxonomy":"category","embeddable":true,"href":"https:\/\/semmelweis.hu\/wiki\/wp-json\/wp\/v2\/categories?post=257"},{"taxonomy":"post_tag","embeddable":true,"href":"https:\/\/semmelweis.hu\/wiki\/wp-json\/wp\/v2\/tags?post=257"}],"curies":[{"name":"wp","href":"https:\/\/api.w.org\/{rel}","templated":true}]}}