{"id":211,"date":"2013-03-20T13:39:51","date_gmt":"2013-03-20T12:39:51","guid":{"rendered":"http:\/\/wiki.sote.hu\/?p=211"},"modified":"2023-11-28T09:22:03","modified_gmt":"2023-11-28T08:22:03","slug":"alapveto-html-kodok","status":"publish","type":"page","link":"https:\/\/semmelweis.hu\/wiki\/megjelenes\/alapveto-html-kodok\/","title":{"rendered":"Alapvet\u0151 html k\u00f3dok"},"content":{"rendered":"<p><strong>Az al\u00e1bbiak ismerete hasznos, de nem n\u00e9lk\u00fcl\u00f6zhetetlen,<\/strong> hiszen ha egy \u00faj oldalt\/bejegyz\u00e9st kezd\u00fcnk el k\u00e9sz\u00edteni, abban megform\u00e1zzuk a sz\u00f6veg\u00fcnket, majd a HTML n\u00e9zetbe v\u00e1ltva a k\u00e9sz k\u00f3dot teljes eg\u00e9sz\u00e9ben kim\u00e1soljuk, akkor felhaszn\u00e1lhatjuk ak\u00e1r a Widgetek szerkeszt\u00e9sekor, ak\u00e1r az \u00faj sablon sz\u00f6veges mez\u0151ihez (ut\u00f3bbi korl\u00e1tozottan fogad be k\u00f3dokat).<\/p>\n<p>A <strong>HTML<\/strong> (angolul: HyperText Markup Language, azaz hipersz\u00f6veges le\u00edr\u00f3nyelv) egy le\u00edr\u00f3nyelv, amivel weboldalakat tudunk k\u00e9sz\u00edteni. Az al\u00e1bbiakban az egyszer\u0171 form\u00e1z\u00e1sokat le\u00edr\u00f3 k\u00f3dok tal\u00e1lhat\u00f3ak.<\/p>\n<p>A form\u00e1z\u00e1s \u00e1ltal\u00e1ban egy k\u00f3ddal kezd\u0151dik, k\u00f6veti az \u00e9rintett sz\u00f6vegr\u00e9sz, majd egy lez\u00e1r\u00f3 k\u00f3d. A <strong>k\u00f3dok (tagek) minden esetben &lt;&gt; z\u00e1r\u00f3jelben vannak, a lez\u00e1r\u00f3 k\u00f3dokban pedig egy \/ jel tal\u00e1lhat\u00f3<\/strong>.<\/p>\n<h1>Bet\u0171form\u00e1z\u00f3 utas\u00edt\u00e1sok<\/h1>\n<table width=\"100%\">\n<thead>\n<tr>\n<td style=\"width: 50%; text-align: center;\"><strong>K\u00f3d<\/strong><\/td>\n<td style=\"text-align: center;\"><strong>Eredm\u00e9ny<\/strong><\/td>\n<\/tr>\n<\/thead>\n<tbody>\n<tr style=\"height: 25px;\">\n<td>\n<pre>&lt;b&gt;bold&lt;\/b&gt;<\/pre>\n<\/td>\n<td>\u00a0 \u00a0<b>bold<\/b><\/td>\n<\/tr>\n<tr style=\"height: 25px;\">\n<td>\n<pre>&lt;i&gt;italic&lt;\/i&gt;<\/pre>\n<\/td>\n<td>\u00a0 \u00a0<i>italic<\/i><\/td>\n<\/tr>\n<tr style=\"height: 25px;\" valign=\"middle\">\n<td>\n<pre>&lt;u&gt;underline&lt;\/u&gt;<\/pre>\n<\/td>\n<td>\u00a0 <span style=\"text-decoration: underline;\">\u00a0underline<\/span><\/td>\n<\/tr>\n<tr style=\"height: 25px;\" valign=\"middle\">\n<td>\n<pre>&lt;b&gt;&lt;i&gt;&lt;u&gt;Sz\u00f6veg&lt;\/u&gt;&lt;\/i&gt;&lt;\/b&gt;<\/pre>\n<\/td>\n<td>\u00a0 <span style=\"text-decoration: underline;\"><em><strong>Sz\u00f6veg<\/strong><\/em><\/span> (Egyszerre t\u00f6bb k\u00f3d is haszn\u00e1lhat\u00f3)<\/td>\n<\/tr>\n<\/tbody>\n<\/table>\n<h2>Bekezd\u00e9s, c\u00edmsorok<\/h2>\n<table style=\"width: 100%;\">\n<thead>\n<tr align=\"center\">\n<td><strong>K\u00f3d<\/strong><\/td>\n<td><strong>Eredm\u00e9ny<\/strong><\/td>\n<\/tr>\n<\/thead>\n<tbody>\n<tr style=\"height: 25px;\" align=\"left\" valign=\"middle\">\n<td>\n<pre>\u00a0&lt;br \/&gt;<\/pre>\n<\/td>\n<td>\u00a0Ez ut\u00e1n \u00faj sor kezd\u0151dik, az adott paragrafuson bel\u00fcl (vizu\u00e1lisan a Shift+Enter gomb)<\/td>\n<\/tr>\n<tr style=\"height: 25px;\" align=\"left\" valign=\"middle\">\n<td>\n<pre>\u00a0&lt;p&gt;Sz\u00f6veg, sz\u00f6veg, sz\u00f6veg.&lt;\/p&gt;<\/pre>\n<\/td>\n<td>\u00a0Ez is \u00faj sor, de egyben \u00faj bekezd\u00e9s (el\u0151tte ut\u00e1na t\u00e9rk\u00f6z)<\/td>\n<\/tr>\n<tr style=\"height: 25px;\" align=\"left\" valign=\"middle\">\n<td>\n<pre>\u00a0&lt;p align=\"center\"&gt;K\u00f6z\u00e9pre z\u00e1rt bekezd\u00e9s.&lt;\/p&gt;<\/pre>\n<\/td>\n<td style=\"text-align: center;\">\u00a0Ez a k\u00f6z\u00e9pre igaz\u00edtott bekezd\u00e9s.<br \/>\n<span style=\"line-height: 19px;\">A &#8222;left&#8221; balra, a &#8222;right&#8221; jobbra igaz\u00edtott bekezd\u00e9st eredm\u00e9nyez.<\/span><\/td>\n<\/tr>\n<tr style=\"height: 25px;\" align=\"left\" valign=\"middle\">\n<td>\n<pre> &lt;h1&gt;Els\u0151 szint\u0171 c\u00edmsor (F\u0151c\u00edm)&lt;\/h1&gt;<\/pre>\n<\/td>\n<td>\n<h1>Els\u0151 szint\u0171 c\u00edmsor (F\u0151c\u00edm)<\/h1>\n<\/td>\n<\/tr>\n<tr style=\"height: 25px;\" align=\"left\" valign=\"middle\">\n<td>\n<pre>&lt;h2&gt;M\u00e1sodik szint\u0171 c\u00edmsor (Alc\u00edm)&lt;\/h2&gt;<\/pre>\n<\/td>\n<td>\n<h2>M\u00e1sodik szint\u0171 c\u00edmsor (Alc\u00edm)<\/h2>\n<\/td>\n<\/tr>\n<\/tbody>\n<\/table>\n<h2>Link k\u00e9sz\u00edt\u00e9se<\/h2>\n<pre>&lt;a href=\"http:\/\/weboldal.html\"&gt;<span style=\"text-decoration: underline;\"><span style=\"color: #0000ff;\">Sz\u00f6veg vagy k\u00e9p, amire kattintani lehet<\/span><\/span>&lt;\/a&gt;<\/pre>\n<p>Pl:<\/p>\n<pre>&lt;a href=\"https:\/\/semmelweis.hu\/valami\/\" \u00a0target=\"_blank\"&gt;Semmelweis Egyetem&lt;\/a&gt;<\/pre>\n<p>vizu\u00e1lis megjelen\u00e9se: <a href=\"https:\/\/semmelweis.hu\/\" target=\"_blank\" rel=\"noopener\">Semmelweis Egyetem<\/a>\u00a0amely linkre kattintva \u00faj ablakban fog a link megny\u00edlni (target). Ha a target k\u00f3dot nem \u00edrjuk bele, akkor ugyanabban a b\u00f6ng\u00e9sz\u0151 lapban (ablakban) ny\u00edlik meg a belinkelt weboldal, \u00edgy a saj\u00e1t oldalunkr\u00f3l elir\u00e1ny\u00edtjuk a l\u00e1togat\u00f3t.<\/p>\n<p>A href hivatkoz\u00e1s \u00e9s az egyenl\u0151s\u00e9gjel ut\u00e1n <strong>mindig id\u00e9z\u0151jelben<\/strong> a teljes URL\u00a0k\u00f6vetkezik. K\u00e9pnek \u00e9s f\u00e1jlnak is van URL-je, ha m\u00e1r a M\u00e9diat\u00e1rba felt\u00f6lt\u00f6tt\u00fck, illetve k\u00fcls\u0151 webc\u00edmeket is haszn\u00e1lhatunk. K\u00f6z\u00e9pre helyezett k\u00e9pre \u00edgy hivatkozunk:<\/p>\n<pre>&lt;img src=\"http:\/\/a_kep_url-je\" align=\"center\"&gt;<\/pre>\n<p>E-mail c\u00edmet hasonl\u00f3 m\u00f3don linkel\u00fcnk be, de haszn\u00e1lni kell a mailto: k\u00f3dot is, \u00edgy:<\/p>\n<p>valaki@valami.hu c\u00edmet ezen a m\u00f3don tudunk linkk\u00e9 alak\u00edtani<\/p>\n<pre>&lt;a href=\"mailto:valaki@valami.hu\"&gt;valaki@valami.hu&lt;\/a&gt;<\/pre>\n<p>HTML 5 -r\u0151l b\u0151vebben<a href=\"https:\/\/www.w3schools.com\/html\/html5_intro.asp\" target=\"_blank\" rel=\"noopener\"> ezen a linken<\/a> tal\u00e1lhat\u00f3 inform\u00e1ci\u00f3.<\/p>\n","protected":false},"excerpt":{"rendered":"<p>Az al\u00e1bbiak ismerete hasznos, de nem n\u00e9lk\u00fcl\u00f6zhetetlen, hiszen ha egy \u00faj oldalt\/bejegyz\u00e9st kezd\u00fcnk el k\u00e9sz\u00edteni, abban megform\u00e1zzuk a sz\u00f6veg\u00fcnket, majd a HTML n\u00e9zetbe v\u00e1ltva a k\u00e9sz k\u00f3dot teljes eg\u00e9sz\u00e9ben kim\u00e1soljuk, akkor felhaszn\u00e1lhatjuk ak\u00e1r a Widgetek szerkeszt\u00e9sekor, ak\u00e1r az \u00faj sablon sz\u00f6veges mez\u0151ihez (ut\u00f3bbi korl\u00e1tozottan fogad be k\u00f3dokat). A HTML (angolul: HyperText Markup Language, azaz hipersz\u00f6veges &hellip;<\/p>\n","protected":false},"author":12,"featured_media":0,"parent":947,"menu_order":6,"comment_status":"closed","ping_status":"closed","template":"template-fullwidth.php","meta":{"_acf_changed":false,"footnotes":""},"categories":[106],"tags":[],"class_list":["post-211","page","type-page","status-publish","hentry","category-egyeb"],"acf":[],"publishpress_future_action":{"enabled":false,"date":"1970-01-01 01:00:00","action":"","terms":[],"taxonomy":"","browser_timezone_offset":0},"_links":{"self":[{"href":"https:\/\/semmelweis.hu\/wiki\/wp-json\/wp\/v2\/pages\/211","targetHints":{"allow":["GET"]}}],"collection":[{"href":"https:\/\/semmelweis.hu\/wiki\/wp-json\/wp\/v2\/pages"}],"about":[{"href":"https:\/\/semmelweis.hu\/wiki\/wp-json\/wp\/v2\/types\/page"}],"author":[{"embeddable":true,"href":"https:\/\/semmelweis.hu\/wiki\/wp-json\/wp\/v2\/users\/12"}],"replies":[{"embeddable":true,"href":"https:\/\/semmelweis.hu\/wiki\/wp-json\/wp\/v2\/comments?post=211"}],"version-history":[{"count":10,"href":"https:\/\/semmelweis.hu\/wiki\/wp-json\/wp\/v2\/pages\/211\/revisions"}],"predecessor-version":[{"id":2747,"href":"https:\/\/semmelweis.hu\/wiki\/wp-json\/wp\/v2\/pages\/211\/revisions\/2747"}],"up":[{"embeddable":true,"href":"https:\/\/semmelweis.hu\/wiki\/wp-json\/wp\/v2\/pages\/947"}],"wp:attachment":[{"href":"https:\/\/semmelweis.hu\/wiki\/wp-json\/wp\/v2\/media?parent=211"}],"wp:term":[{"taxonomy":"category","embeddable":true,"href":"https:\/\/semmelweis.hu\/wiki\/wp-json\/wp\/v2\/categories?post=211"},{"taxonomy":"post_tag","embeddable":true,"href":"https:\/\/semmelweis.hu\/wiki\/wp-json\/wp\/v2\/tags?post=211"}],"curies":[{"name":"wp","href":"https:\/\/api.w.org\/{rel}","templated":true}]}}