{"id":1526,"date":"2018-10-12T15:36:22","date_gmt":"2018-10-12T13:36:22","guid":{"rendered":"http:\/\/semmelweis.hu\/wiki\/?page_id=1526"},"modified":"2024-11-10T09:38:27","modified_gmt":"2024-11-10T08:38:27","slug":"egyedi-logo-megadasa","status":"publish","type":"page","link":"https:\/\/semmelweis.hu\/wiki\/megjelenes\/egyedi-logo-megadasa\/","title":{"rendered":"Egyedi log\u00f3 megad\u00e1sa"},"content":{"rendered":"<p><a class=\"btn btn-secondary\" href=\"https:\/\/kaltura.semmelweis.hu\/media\/\/1_6wzqgy68\" target=\"_blank\" rel=\"noopener\">Vide\u00f3s \u00fatmutat\u00f3 \u2192<\/a><\/p>\n<p>A honlapunk fejl\u00e9c\u00e9ben saj\u00e1t log\u00f3t helyezhet\u00fcnk el. <strong>A log\u00f3 k\u00e9pm\u00e9rete: 100 x 100 pixel<\/strong>. Amennyiben a k\u00e9p h\u00e1ttere feh\u00e9r, akkor <strong>jpg<\/strong> form\u00e1tum\u00fa k\u00e9pre lesz sz\u00fcks\u00e9g\u00fcnk, azonban, ha a k\u00e9p h\u00e1ttere<span style=\"font-size: 1rem;\">\u00a0nem feh\u00e9r, akkor <\/span><span style=\"font-size: 1rem;\">\u00a0<\/span><span style=\"font-size: 1rem;\">\u00e1tl\u00e1tsz\u00f3 h\u00e1tter\u0171 <\/span><span style=\"font-size: 1rem;\"><strong>png<\/strong> form\u00e1tum\u00fa k\u00e9pre lesz sz\u00fcks\u00e9g\u00fcnk. A t\u00e9nyleges log\u00f3 a k\u00e9pen bel\u00fcl \u00e9rjen ki a k\u00e9p sz\u00e9l\u00e9ig, \u00e9s lehet\u0151leg ne tartalmazza az egys\u00e9g\/int\u00e9zm\u00e9ny nev\u00e9t (legfeljebb, ha az a grafika szoros r\u00e9sze), mert az egys\u00e9g megnevez\u00e9s\u00e9t a honlap fejl\u00e9ce mindenk\u00e9ppen sz\u00f6vegesen tartalmazza.<\/span><\/p>\n<p>A Log\u00f3t a <strong>Vez\u00e9rl\u0151pult &gt; Megjelen\u00e9s &gt; Testreszab\u00e1s<\/strong> men\u00fcpontban a <strong>Honlap azonos\u00edt\u00e1s<\/strong> opci\u00f3n\u00e1l t\u00f6lthetj\u00fck fel. Kattintsunk a log\u00f3 kiv\u00e1laszt\u00e1sa, majd a f\u00e1jl felt\u00f6lt\u00e9se opci\u00f3ra. A k\u00e9p kiv\u00e1g\u00e1sa opci\u00f3t, ha nincs r\u00e1 sz\u00fcks\u00e9g\u00fcnk, \u00e1tugorhatjuk, majd a v\u00e1laszt\u00e1s \u00e9s K\u00f6zz\u00e9t\u00e9tel (gomb megnyom\u00e1sa) ut\u00e1n a fejl\u00e9cben meg is l\u00e1thatjuk a log\u00f3nkat.\u00a0<\/p>\n<h2>Az ide\u00e1lis log\u00f3:<\/h2>\n<div class=\"fontos_div\">\n<p>A log\u00f3 egy c\u00e9g, szervezet vagy szolg\u00e1ltat\u00e1s egyedi, j\u00f3l felismerhet\u0151, azonos\u00edt\u00e1sra szolg\u00e1l\u00f3 jele. A log\u00f3 els\u0151dleges c\u00e9lja a megk\u00fcl\u00f6nb\u00f6ztet\u00e9s, az egy\u00e9rtelm\u0171 jel\u00f6l\u00e9s megk\u00f6nny\u00edtve a t\u00e1j\u00e9koz\u00f3d\u00e1st a piac szerepl\u0151i k\u00f6z\u00f6tt.<\/p>\n<\/div>\n<p>Nagyon fontos a <strong>stiliz\u00e1lt megjelen\u00edt\u00e9s<\/strong>. Az <strong>egyszer\u0171<\/strong>, kev\u00e9ss\u00e9 bonyolult forma jobban megjegyezhet\u0151 \u00e9s felismerhet\u0151. A log\u00f3 st\u00edlusa \u00e9s sz\u00ednvil\u00e1ga feleljen meg a term\u00e9k vagy int\u00e9zm\u00e9ny c\u00e9lk\u00f6z\u00f6ns\u00e9ge \u00e1ltal ig\u00e9nyeltnek. <strong>A bonyolult, apr\u00f3l\u00e9kos k\u00e9pek, t\u00fal sok sz\u00edn vagy f\u00e9nyk\u00e9p nem felel meg a log\u00f3 k\u00f6vetelm\u00e9nyeinek.<\/strong> Gondoljunk a terveztet\u00e9skor arra, hogy a log\u00f3nak sz\u00e1mos ter\u00fcleten meg kell \u00e1llnia a hely\u00e9t (pl. <strong>sz\u00ednesben, de fekete-feh\u00e9rben is felismerhet\u0151; weben is j\u00f3l mutat<\/strong>; megjelenhet lev\u00e9lpap\u00edron, bor\u00edt\u00e9kon, aj\u00e1nd\u00e9kt\u00e1rgyon, akkor is ha fel\u00fclet vagy anyag nem engedi a finom kidolgoz\u00e1st, stb.)<\/p>\n<h4><strong>A log\u00f3 h\u00e1rom t\u00edpusa:<\/strong><\/h4>\n<ul>\n<li>lehet puszt\u00e1n egy felirat (egyedi kalligr\u00e1fi\u00e1val, sz\u00ednnel pl. CocaCola), \u00edgy lehet az SE egys\u00e9g\u00e9nek neve, ak\u00e1r egy szlogennel (csak sz\u00f6veg, de ez a honlapon nem haszn\u00e1lhat\u00f3);<\/li>\n<li>tartozhat hozz\u00e1 valamilyen grafikai \u00e1bra, embl\u00e9ma is (ikon + sz\u00f6veg).<\/li>\n<li>Ut\u00f3bbi esetben mag\u00e1t az \u00e1br\u00e1t haszn\u00e1lhatj\u00e1k \u00f6nmag\u00e1ban is (csak ikon), a nevet elhagyva, hiszen egy kell\u0151en bej\u00e1ratott, ismertt\u00e9 tett m\u00e1rkajelz\u00e9s a \u201ec\u00e9g\u201d nev\u00e9nek felt\u00fcntet\u00e9se n\u00e9lk\u00fcl is egy\u00e9rtelm\u0171en jel\u00f6lhet, pl. Adidas (h\u00e1rom lev\u00e9l), Nike (pipa), aut\u00f3m\u00e1rka jelz\u00e9sek: Mercedes, Audi, stb.<\/li>\n<\/ul>\n","protected":false},"excerpt":{"rendered":"<p><a class=\"btn btn-secondary\" href=\"https:\/\/kaltura.semmelweis.hu\/media\/\/1_6wzqgy68\" target=\"_blank\" rel=\"noopener\">Vide\u00f3s \u00fatmutat\u00f3 \u2192<\/a> A honlapunk fejl\u00e9c\u00e9ben saj\u00e1t log\u00f3t helyezhet\u00fcnk el. A log\u00f3 k\u00e9pm\u00e9rete: 100 x 100 pixel. Amennyiben a k\u00e9p h\u00e1ttere feh\u00e9r, akkor jpg form\u00e1tum\u00fa k\u00e9pre lesz sz\u00fcks\u00e9g\u00fcnk, azonban, ha a k\u00e9p h\u00e1ttere\u00a0nem feh\u00e9r, akkor \u00a0\u00e1tl\u00e1tsz\u00f3 h\u00e1tter\u0171 png form\u00e1tum\u00fa k\u00e9pre lesz sz\u00fcks\u00e9g\u00fcnk. A t\u00e9nyleges log\u00f3 a k\u00e9pen bel\u00fcl \u00e9rjen ki a k\u00e9p sz\u00e9l\u00e9ig, \u00e9s lehet\u0151leg ne tartalmazza az &hellip;<\/p>\n","protected":false},"author":12,"featured_media":0,"parent":947,"menu_order":3,"comment_status":"closed","ping_status":"closed","template":"","meta":{"_acf_changed":false,"footnotes":""},"categories":[],"tags":[],"class_list":["post-1526","page","type-page","status-publish","hentry"],"acf":[],"publishpress_future_action":{"enabled":false,"date":"1970-01-01 01:00:00","action":"","terms":[],"taxonomy":"","browser_timezone_offset":0},"_links":{"self":[{"href":"https:\/\/semmelweis.hu\/wiki\/wp-json\/wp\/v2\/pages\/1526","targetHints":{"allow":["GET"]}}],"collection":[{"href":"https:\/\/semmelweis.hu\/wiki\/wp-json\/wp\/v2\/pages"}],"about":[{"href":"https:\/\/semmelweis.hu\/wiki\/wp-json\/wp\/v2\/types\/page"}],"author":[{"embeddable":true,"href":"https:\/\/semmelweis.hu\/wiki\/wp-json\/wp\/v2\/users\/12"}],"replies":[{"embeddable":true,"href":"https:\/\/semmelweis.hu\/wiki\/wp-json\/wp\/v2\/comments?post=1526"}],"version-history":[{"count":7,"href":"https:\/\/semmelweis.hu\/wiki\/wp-json\/wp\/v2\/pages\/1526\/revisions"}],"predecessor-version":[{"id":3107,"href":"https:\/\/semmelweis.hu\/wiki\/wp-json\/wp\/v2\/pages\/1526\/revisions\/3107"}],"up":[{"embeddable":true,"href":"https:\/\/semmelweis.hu\/wiki\/wp-json\/wp\/v2\/pages\/947"}],"wp:attachment":[{"href":"https:\/\/semmelweis.hu\/wiki\/wp-json\/wp\/v2\/media?parent=1526"}],"wp:term":[{"taxonomy":"category","embeddable":true,"href":"https:\/\/semmelweis.hu\/wiki\/wp-json\/wp\/v2\/categories?post=1526"},{"taxonomy":"post_tag","embeddable":true,"href":"https:\/\/semmelweis.hu\/wiki\/wp-json\/wp\/v2\/tags?post=1526"}],"curies":[{"name":"wp","href":"https:\/\/api.w.org\/{rel}","templated":true}]}}