{"id":1361,"date":"2017-05-05T10:57:35","date_gmt":"2017-05-05T08:57:35","guid":{"rendered":"http:\/\/semmelweis.hu\/wiki\/?page_id=1361"},"modified":"2023-01-24T14:55:25","modified_gmt":"2023-01-24T13:55:25","slug":"feliratkozo-felhasznalok-jelszocsereje","status":"publish","type":"page","link":"https:\/\/semmelweis.hu\/wiki\/kozponti-honlapok\/feliratkozo-felhasznalok-jelszocsereje\/","title":{"rendered":"Feliratkoz\u00f3 felhaszn\u00e1l\u00f3k tudnival\u00f3i"},"content":{"rendered":"<p>A Kari Tan\u00e1cs oldalakhoz a kor\u00e1bban (az e-mailben kapott meger\u0151s\u00edt\u0151 linkre kattint\u00e1ssal) kapott felhaszn\u00e1l\u00f3n\u00e9vvel \u00e9s jelsz\u00f3val lehet bel\u00e9pni. Ha\u00a0 egy felhaszn\u00e1l\u00f3nak <strong>t\u00f6bb Kari Tan\u00e1cs oldalhoz is jogosults\u00e1ga van, akkor el\u00e9g az egyik honlapon bel\u00e9pni<\/strong>, l\u00e1that\u00f3 lesz a t\u00f6bbi honlapon is a v\u00e9dett tartalom.<\/p>\n<h4><strong>Bel\u00e9p\u00e9si fel\u00fcletek<\/strong><\/h4>\n<p>A Kari Tan\u00e1cs v\u00e9dett oldalain is be lehet l\u00e9pni, vagy az al\u00e1bbi \u00e1ltal\u00e1nos bel\u00e9ptet\u0151 fel\u00fcleteken kereszt\u00fcl:<\/p>\n<p>FOK honlapra:\u00a0\u00a0<a href=\"https:\/\/semmelweis.hu\/fok\/wp-admin\/\" target=\"_blank\" rel=\"noopener noreferrer\">https:\/\/semmelweis.hu\/fok\/wp-admin\/<\/a><br \/>\n\u00c1OK honlapra: <a href=\"https:\/\/semmelweis.hu\/aok\/wp-admin\/\" target=\"_blank\" rel=\"noopener\">https:\/\/semmelweis.hu\/aok\/wp-admin\/<\/a><br \/>\nGYTK honlapra: <a href=\"https:\/\/semmelweis.hu\/gytk\/wp-admin\/\" target=\"_blank\" rel=\"noopener\">https:\/\/semmelweis.hu\/gytk\/wp-admin\/<\/a><\/p>\n<div class=\"keretes w-100\">\n<p><strong>Elfelejtett jelsz\u00f3 eset\u00e9n<\/strong> a fenti bel\u00e9ptet\u0151 fel\u00fcleten a feh\u00e9r doboz alatti sz\u00fcrke s\u00e1vban lehet kattintani az &#8222;<strong>Elfelejtett jelsz\u00f3?&#8221; link<\/strong>re.<\/p>\n<\/div>\n<h2>Jelsz\u00f3 csere 1. l\u00e9p\u00e9s: a saj\u00e1t adatlaphoz l\u00e9p\u00e9s<\/h2>\n<p><strong>Bel\u00e9p\u00e9s ut\u00e1n<\/strong> a honlap nyit\u00f3lapj\u00e1ra \u00e9rkez\u00fcnk.\u00a0 A jobb fels\u0151 sarokban el\u00e9rhet\u0151 a saj\u00e1t adatlapunk.<\/p>\n<h2>Jelsz\u00f3v\u00e1lt\u00e1s:<\/h2>\n<p>Az adatlap fel\u00fclet als\u00f3 r\u00e9sz\u00e9n a &#8222;<strong>Jelsz\u00f3 l\u00e9trehoz\u00e1sa<\/strong>&#8221; gombra kattintva a rendszer javasol egy \u00faj jelsz\u00f3t. Ezt <strong>\u00e1t lehet \u00edrni saj\u00e1t, k\u00f6nnyen megjegyezhet\u0151 karaktersorra<\/strong>. Ebben ne szerepeljen\u00a0\u00e9kezetes bet\u0171, legyen minimum 8 karakter, javasolt, hogy kis \u00e9s nagy bet\u0171t, sz\u00e1mot, esetleg egy\u00e9b karaktert (pl. ! _ &#8211; %) is tartalmazzon. Miut\u00e1n \u00e1t\u00edrtuk a jelsz\u00f3t, az als\u00f3 k\u00e9k &#8222;<strong>Adatlap m\u00f3dos\u00edt\u00e1sa<\/strong>&#8221; gombbal <em>(ez lehet bal alul vagy jobb fel\u00fcl)<\/em> ments\u00fcnk. A honlapot megtekinteni a bal fels\u0151 r\u00e9szen tal\u00e1lhat\u00f3, a h\u00e1zik\u00f3 ikonnal is jelzett, az adott kar nev\u00e9t jelz\u0151 linkre \u00e1llva lehet. <em>(A k\u00e9pre kattintva nagy\u00edthat\u00f3!)<\/em><\/p>\n<p><a href=\"https:\/\/semmelweis.hu\/wiki\/files\/2017\/05\/kari-tanacs-belepes.png\"><img loading=\"lazy\" decoding=\"async\" class=\"aligncenter size-full wp-image-1363\" src=\"https:\/\/semmelweis.hu\/wiki\/files\/2017\/05\/kari-tanacs-belepes.png\" alt=\"\" width=\"1002\" height=\"691\" srcset=\"https:\/\/semmelweis.hu\/wiki\/files\/2017\/05\/kari-tanacs-belepes.png 1002w, https:\/\/semmelweis.hu\/wiki\/files\/2017\/05\/kari-tanacs-belepes-150x103.png 150w, https:\/\/semmelweis.hu\/wiki\/files\/2017\/05\/kari-tanacs-belepes-300x207.png 300w, https:\/\/semmelweis.hu\/wiki\/files\/2017\/05\/kari-tanacs-belepes-768x530.png 768w, https:\/\/semmelweis.hu\/wiki\/files\/2017\/05\/kari-tanacs-belepes-175x120.png 175w\" sizes=\"auto, (max-width: 1002px) 100vw, 1002px\" \/><\/a><\/p>\n<p>&nbsp;<\/p>\n","protected":false},"excerpt":{"rendered":"<p>A Kari Tan\u00e1cs oldalakhoz a kor\u00e1bban (az e-mailben kapott meger\u0151s\u00edt\u0151 linkre kattint\u00e1ssal) kapott felhaszn\u00e1l\u00f3n\u00e9vvel \u00e9s jelsz\u00f3val lehet bel\u00e9pni. Ha\u00a0 egy felhaszn\u00e1l\u00f3nak t\u00f6bb Kari Tan\u00e1cs oldalhoz is jogosults\u00e1ga van, akkor el\u00e9g az egyik honlapon bel\u00e9pni, l\u00e1that\u00f3 lesz a t\u00f6bbi honlapon is a v\u00e9dett tartalom. Bel\u00e9p\u00e9si fel\u00fcletek A Kari Tan\u00e1cs v\u00e9dett oldalain is be lehet l\u00e9pni, vagy &hellip;<\/p>\n","protected":false},"author":12,"featured_media":0,"parent":953,"menu_order":5,"comment_status":"closed","ping_status":"closed","template":"","meta":{"_acf_changed":false,"footnotes":""},"categories":[],"tags":[],"class_list":["post-1361","page","type-page","status-publish","hentry"],"acf":[],"publishpress_future_action":{"enabled":false,"date":"1970-01-01 01:00:00","action":"","terms":[],"taxonomy":"","browser_timezone_offset":0},"_links":{"self":[{"href":"https:\/\/semmelweis.hu\/wiki\/wp-json\/wp\/v2\/pages\/1361","targetHints":{"allow":["GET"]}}],"collection":[{"href":"https:\/\/semmelweis.hu\/wiki\/wp-json\/wp\/v2\/pages"}],"about":[{"href":"https:\/\/semmelweis.hu\/wiki\/wp-json\/wp\/v2\/types\/page"}],"author":[{"embeddable":true,"href":"https:\/\/semmelweis.hu\/wiki\/wp-json\/wp\/v2\/users\/12"}],"replies":[{"embeddable":true,"href":"https:\/\/semmelweis.hu\/wiki\/wp-json\/wp\/v2\/comments?post=1361"}],"version-history":[{"count":9,"href":"https:\/\/semmelweis.hu\/wiki\/wp-json\/wp\/v2\/pages\/1361\/revisions"}],"predecessor-version":[{"id":2496,"href":"https:\/\/semmelweis.hu\/wiki\/wp-json\/wp\/v2\/pages\/1361\/revisions\/2496"}],"up":[{"embeddable":true,"href":"https:\/\/semmelweis.hu\/wiki\/wp-json\/wp\/v2\/pages\/953"}],"wp:attachment":[{"href":"https:\/\/semmelweis.hu\/wiki\/wp-json\/wp\/v2\/media?parent=1361"}],"wp:term":[{"taxonomy":"category","embeddable":true,"href":"https:\/\/semmelweis.hu\/wiki\/wp-json\/wp\/v2\/categories?post=1361"},{"taxonomy":"post_tag","embeddable":true,"href":"https:\/\/semmelweis.hu\/wiki\/wp-json\/wp\/v2\/tags?post=1361"}],"curies":[{"name":"wp","href":"https:\/\/api.w.org\/{rel}","templated":true}]}}