{"id":951,"date":"2024-10-30T13:13:16","date_gmt":"2024-10-30T12:13:16","guid":{"rendered":"https:\/\/semmelweis.hu\/vizsgakozpont\/?page_id=951"},"modified":"2025-02-27T14:38:11","modified_gmt":"2025-02-27T13:38:11","slug":"oklevelmasodlat-igenylese","status":"publish","type":"page","link":"https:\/\/semmelweis.hu\/vizsgakozpont\/vizsgazoknak\/oklevelmasodlat-igenylese\/","title":{"rendered":"Oklev\u00e9l, szakmai\/k\u00e9pes\u00edt\u0151 bizony\u00edtv\u00e1ny m\u00e1sodlat ig\u00e9nyl\u00e9se"},"content":{"rendered":"<p>Az oklev\u00e9l, vagy szakmai\/k\u00e9pes\u00edt\u0151 bizony\u00edtv\u00e1ny m\u00e1sodlat az eredeti bizony\u00edtv\u00e1ny p\u00f3tl\u00e1s\u00e1ra szolg\u00e1l\u00f3, a vizsgat\u00f6rzslap tartalm\u00e1val megegyez\u0151, a ki\u00e1ll\u00edt\u00e1s\u00e1nak id\u0151pontj\u00e1ban hiteles\u00edtett k\u00f6zokirat.<br \/>\nIlyen m\u00e1sodlat k\u00e9relemre az elveszett, megrong\u00e1l\u00f3dott vagy megsemmis\u00fclt szakmai oklev\u00e9lr\u0151l, szakmai vagy k\u00e9pes\u00edt\u0151 bizony\u00edtv\u00e1nyr\u00f3l, tov\u00e1bb\u00e1 n\u00e9vv\u00e1ltoz\u00e1s eset\u00e9n \u00e1ll\u00edthat\u00f3 ki.<br \/>\nA Semmelweis Orsz\u00e1gos Eg\u00e9szs\u00e9g\u00fcgyi \u00e9s Szoci\u00e1lis Vizsgak\u00f6zpont oklev\u00e9l, vagy szakmai\/k\u00e9pes\u00edt\u0151 bizony\u00edtv\u00e1ny m\u00e1sodlat kiad\u00e1s\u00e1ra kiz\u00e1r\u00f3lag az \u00e1ltala vizsg\u00e1ztatott szakmai \u00e9s k\u00e9pes\u00edt\u0151 vizsg\u00e1i tekintet\u00e9ben jogosult.<br \/>\nAz oklev\u00e9l, szakmai\/k\u00e9pes\u00edt\u0151 bizony\u00edtv\u00e1ny m\u00e1sodlat ki\u00e1ll\u00edt\u00e1s\u00e1\u00e9rt \u2013 a szakk\u00e9pz\u00e9sr\u0151l sz\u00f3l\u00f3 t\u00f6rv\u00e9ny v\u00e9grehajt\u00e1s\u00e1ra kiadott 12\/2020. (II. 7.) Korm. rendelet 6. mell\u00e9klet\u00e9ben meghat\u00e1rozottak alapj\u00e1n \u2013 10.000.- Ft t\u00e9r\u00edt\u00e9si d\u00edjat kell fizetni.<br \/>\nOklev\u00e9l, vagy szakmai\/k\u00e9pes\u00edt\u0151 bizony\u00edtv\u00e1ny m\u00e1sodlat ki\u00e1ll\u00edt\u00e1sa ir\u00e1nti k\u00e9relem eset\u00e9n az al\u00e1bbi elj\u00e1r\u00e1srendet k\u00e9rj\u00fck k\u00f6vetni:<\/p>\n<ol>\n<li>Az <a href=\"https:\/\/semmelweis.hu\/vizsgakozpont\/files\/2025\/02\/SE-VK-FN-07-24_V01-20250101-Kerelem-oklevel_szakmai-kepesito-bizonyitvany-masodlat-kiallitasahoz.docx\">itt<\/a> let\u00f6lthet\u0151 \u201eK\u00c9RELEM oklev\u00e9l, szakmai\/k\u00e9pes\u00edt\u0151 bizony\u00edtv\u00e1ny m\u00e1sodlat ki\u00e1ll\u00edt\u00e1s\u00e1hoz\u201d nyomtatv\u00e1nyt a szem\u00e9lyazonos\u00edt\u00f3 igazolv\u00e1nyban szerepl\u0151 adatokkal megegyez\u0151en, nyomtatott nagybet\u0171kkel, olvashat\u00f3an sz\u00edveskedjen kit\u00f6lteni, majd keltez\u00e9ssel \u00e9s saj\u00e1t kez\u0171 al\u00e1\u00edr\u00e1s\u00e1val ell\u00e1tni.<\/li>\n<li>Az oklev\u00e9l, vagy szakmai\/k\u00e9pes\u00edt\u0151 bizony\u00edtv\u00e1ny m\u00e1sodlat ki\u00e1ll\u00edt\u00e1s\u00e1\u00e9rt fizetend\u0151 10.000.-Ft t\u00e9r\u00edt\u00e9si d\u00edj megfizet\u00e9s\u00e9t utal\u00e1ssal teljes\u00edtse a Semmelweis Egyetem 11784009-022236665 sz\u00e1m\u00fa sz\u00e1ml\u00e1j\u00e1ra. A k\u00f6zlem\u00e9ny rovatban k\u00e9rj\u00fck felt\u00fcntetni: a vizsg\u00e1z\u00f3 csal\u00e1di \u00e9s ut\u00f3nev\u00e9t (vizsg\u00e1z\u00f3 neve), valamint a \u201eM\u00e1sodlat\u201d megjel\u00f6l\u00e9st.<\/li>\n<li>Az <a href=\"https:\/\/semmelweis.hu\/vizsgakozpont\/files\/2024\/10\/SAP-Vevo-adatrogzites-2024.01.10.xlsx\">itt<\/a> el\u00e9rhet\u0151 vev\u0151 adatr\u00f6gz\u00edt\u0151 lap kit\u00f6lt\u00e9se k\u00f6telez\u0151.<\/li>\n<li>A kit\u00f6lt\u00f6tt \u00e9s al\u00e1\u00edrt k\u00e9relmet, szkennelve vagy lef\u00e9nyk\u00e9pezve, valamint a kit\u00f6lt\u00f6tt vev\u0151 adatr\u00f6gz\u00edt\u0151 lapot elektronikusan k\u00fcldje meg a komar.pal.miklos@semmelweis.hu e-mail c\u00edmre.<\/li>\n<li>Az elektronikus \u00faton m\u00e1r tov\u00e1bb\u00edtott k\u00e9relem eredeti p\u00e9ld\u00e1ny\u00e1t az al\u00e1bbi c\u00edmen mutassa be \u00e9s ny\u00fajtsa be:<br \/>\nSemmelweis Orsz\u00e1gos Eg\u00e9szs\u00e9g\u00fcgyi \u00e9s Szoci\u00e1lis Vizsgak\u00f6zpont<br \/>\nBudapest<br \/>\nRippl-R\u00f3nai utca 22-26.<br \/>\n1068<\/li>\n<\/ol>\n<p>Figyelem! A k\u00e9relem eredeti p\u00e9ld\u00e1ny\u00e1nak vizsgak\u00f6zpontunkhoz t\u00f6rt\u00e9n\u0151 be\u00e9rkez\u00e9s\u00e9t k\u00f6vet\u0151en ker\u00fcl ki\u00e1ll\u00edt\u00e1sra a szakmai oklev\u00e9l, vagy szakmai\/k\u00e9pes\u00edt\u0151 bizony\u00edtv\u00e1ny m\u00e1sodlat. Az elektronikus \u00faton megk\u00fcld\u00f6tt dokumentum nem helyettes\u00edti az eredeti p\u00e9ld\u00e1nyt!<\/p>\n","protected":false},"excerpt":{"rendered":"<p>Az oklev\u00e9l, vagy szakmai\/k\u00e9pes\u00edt\u0151 bizony\u00edtv\u00e1ny m\u00e1sodlat az eredeti bizony\u00edtv\u00e1ny p\u00f3tl\u00e1s\u00e1ra szolg\u00e1l\u00f3, a vizsgat\u00f6rzslap tartalm\u00e1val megegyez\u0151, a ki\u00e1ll\u00edt\u00e1s\u00e1nak id\u0151pontj\u00e1ban hiteles\u00edtett k\u00f6zokirat. Ilyen m\u00e1sodlat k\u00e9relemre az elveszett, megrong\u00e1l\u00f3dott vagy megsemmis\u00fclt szakmai oklev\u00e9lr\u0151l, szakmai vagy k\u00e9pes\u00edt\u0151 bizony\u00edtv\u00e1nyr\u00f3l, tov\u00e1bb\u00e1 n\u00e9vv\u00e1ltoz\u00e1s eset\u00e9n \u00e1ll\u00edthat\u00f3 ki. A Semmelweis Orsz\u00e1gos Eg\u00e9szs\u00e9g\u00fcgyi \u00e9s Szoci\u00e1lis Vizsgak\u00f6zpont oklev\u00e9l, vagy szakmai\/k\u00e9pes\u00edt\u0151 bizony\u00edtv\u00e1ny m\u00e1sodlat kiad\u00e1s\u00e1ra kiz\u00e1r\u00f3lag az \u00e1ltala &hellip;<\/p>\n","protected":false},"author":102065,"featured_media":0,"parent":26,"menu_order":7,"comment_status":"closed","ping_status":"closed","template":"","meta":{"_acf_changed":false,"footnotes":""},"categories":[],"tags":[],"class_list":["post-951","page","type-page","status-publish","hentry"],"acf":[],"_links":{"self":[{"href":"https:\/\/semmelweis.hu\/vizsgakozpont\/wp-json\/wp\/v2\/pages\/951","targetHints":{"allow":["GET"]}}],"collection":[{"href":"https:\/\/semmelweis.hu\/vizsgakozpont\/wp-json\/wp\/v2\/pages"}],"about":[{"href":"https:\/\/semmelweis.hu\/vizsgakozpont\/wp-json\/wp\/v2\/types\/page"}],"author":[{"embeddable":true,"href":"https:\/\/semmelweis.hu\/vizsgakozpont\/wp-json\/wp\/v2\/users\/102065"}],"replies":[{"embeddable":true,"href":"https:\/\/semmelweis.hu\/vizsgakozpont\/wp-json\/wp\/v2\/comments?post=951"}],"version-history":[{"count":6,"href":"https:\/\/semmelweis.hu\/vizsgakozpont\/wp-json\/wp\/v2\/pages\/951\/revisions"}],"predecessor-version":[{"id":1081,"href":"https:\/\/semmelweis.hu\/vizsgakozpont\/wp-json\/wp\/v2\/pages\/951\/revisions\/1081"}],"up":[{"embeddable":true,"href":"https:\/\/semmelweis.hu\/vizsgakozpont\/wp-json\/wp\/v2\/pages\/26"}],"wp:attachment":[{"href":"https:\/\/semmelweis.hu\/vizsgakozpont\/wp-json\/wp\/v2\/media?parent=951"}],"wp:term":[{"taxonomy":"category","embeddable":true,"href":"https:\/\/semmelweis.hu\/vizsgakozpont\/wp-json\/wp\/v2\/categories?post=951"},{"taxonomy":"post_tag","embeddable":true,"href":"https:\/\/semmelweis.hu\/vizsgakozpont\/wp-json\/wp\/v2\/tags?post=951"}],"curies":[{"name":"wp","href":"https:\/\/api.w.org\/{rel}","templated":true}]}}