{"id":911,"date":"2024-09-05T12:36:32","date_gmt":"2024-09-05T10:36:32","guid":{"rendered":"https:\/\/semmelweis.hu\/vizsgakozpont\/?page_id=911"},"modified":"2025-11-06T08:53:46","modified_gmt":"2025-11-06T07:53:46","slug":"meghirdetett-vizsgaink-2024-oktober-novemberi-vizsgaidoszak-archiv","status":"publish","type":"page","link":"https:\/\/semmelweis.hu\/vizsgakozpont\/vizsgaidopont-vizsgahelyszin\/meghirdetett-vizsgaink-2024-oktober-novemberi-vizsgaidoszak-archiv\/","title":{"rendered":"Meghirdetett vizsg\u00e1ink \u2013 2024 okt\u00f3ber-novemberi vizsgaid\u0151szak \u2013 ARCH\u00cdV"},"content":{"rendered":"<table width=\"1378\">\n<tbody>\n<tr>\n<td style=\"text-align: center\" colspan=\"8\" width=\"1378\">Szakmai vizsg\u00e1k meghirdet\u00e9se \u2013 2024\/2025-\u00f6s tan\u00e9v okt\u00f3ber-novemberi vizsgaid\u0151szak<\/td>\n<\/tr>\n<tr>\n<td style=\"text-align: center\" width=\"96\">Vizsga t\u00edpusa<\/td>\n<td style=\"text-align: center\" width=\"44\">Vizsga ssz.<\/td>\n<td style=\"text-align: center\" width=\"92\">Vizsga helysz\u00edn<\/td>\n<td style=\"text-align: center\" width=\"650\">SZAKMA<\/td>\n<td style=\"text-align: center\" width=\"138\">Interakt\u00edv vizsga id\u0151pont<\/td>\n<td style=\"text-align: center\" width=\"138\">Projektvizsga id\u0151pont<\/td>\n<td style=\"text-align: center\" width=\"131\">Jelentkez\u00e9si hat\u00e1rid\u0151<\/td>\n<td style=\"text-align: center\">Vizsga d\u00edja<\/td>\n<\/tr>\n<tr>\n<td width=\"96\">Szakmai vizsga<\/td>\n<td width=\"44\">1<\/td>\n<td width=\"92\">Budapest<\/td>\n<td>5 0910 03 07 &#8211; Perioperat\u00edv szakasszisztens (Aneszteziol\u00f3giai szakasszisztens szakmair\u00e1ny) (2024.04.18.)<\/td>\n<td>2024. 10. 07.<\/td>\n<td>szervez\u00e9s alatt<\/td>\n<td>2024. 08. 30.<\/td>\n<td>55.000,- Ft\/f\u0151<\/td>\n<\/tr>\n<tr>\n<td width=\"96\">Szakmai vizsga<\/td>\n<td width=\"44\">2<\/td>\n<td width=\"92\">Budapest<\/td>\n<td>5 0914 03 08 &#8211; Radiogr\u00e1fiai szakasszisztens (CT\/MR szakasszisztens szakmair\u00e1ny) (2024.04.18.)<\/td>\n<td>2024. 10. 08.<\/td>\n<td>szervez\u00e9s alatt<\/td>\n<td>2024. 08. 30.<\/td>\n<td>55.000,- Ft\/f\u0151<\/td>\n<\/tr>\n<tr>\n<td width=\"96\">Szakmai vizsga<\/td>\n<td>3<\/td>\n<td width=\"92\">Budapest<\/td>\n<td>5 0913 03 02 &#8211; Eg\u00e9szs\u00e9g\u00fcgyi asszisztens (Fog\u00e1szati asszisztens szakmair\u00e1ny) (2024.01.16.)<\/td>\n<td>2024. 10. 09.<\/td>\n<td>szervez\u00e9s alatt<\/td>\n<td>2024. 08. 30.<\/td>\n<td>55.000,- Ft\/f\u0151<\/td>\n<\/tr>\n<tr>\n<td width=\"96\">Szakmai vizsga<\/td>\n<td width=\"44\">4<\/td>\n<td width=\"92\">Budapest<\/td>\n<td>5 0913 03 02 &#8211; Eg\u00e9szs\u00e9g\u00fcgyi asszisztens (Perioperat\u00edv asszisztens szakmair\u00e1ny) (2024.01.16.)<\/td>\n<td>2024. 10. 11.<\/td>\n<td>szervez\u00e9s alatt<\/td>\n<td>2024. 08. 30.<\/td>\n<td>55.000,- Ft\/f\u0151<\/td>\n<\/tr>\n<tr>\n<td width=\"96\">Szakmai vizsga<\/td>\n<td width=\"44\">5<\/td>\n<td width=\"92\">Budapest<\/td>\n<td>5 0913 03 11 &#8211; Ment\u0151\u00e1pol\u00f3 (2023.11.21.)<\/td>\n<td>2024. 10. 11.<\/td>\n<td>szervez\u00e9s alatt<\/td>\n<td>2024. 08. 30.<\/td>\n<td>55.000,- Ft\/f\u0151<\/td>\n<\/tr>\n<tr>\n<td width=\"96\">Szakmai vizsga<\/td>\n<td>6<\/td>\n<td width=\"92\">Budapest<\/td>\n<td>5 0923 03 09 &#8211; Rehabilit\u00e1ci\u00f3s terapeuta (Gy\u00f3gymassz\u0151r szakmair\u00e1ny) (2023.11.21.)<\/td>\n<td>2024. 11. 04.<\/td>\n<td>szervez\u00e9s alatt<\/td>\n<td>2024. 08. 30.<\/td>\n<td>55.000,- Ft\/f\u0151<\/td>\n<\/tr>\n<tr>\n<td width=\"96\">Szakmai vizsga<\/td>\n<td width=\"44\">7<\/td>\n<td width=\"92\">Budapest<\/td>\n<td>5 0913 03 01 &#8211; \u00c1ltal\u00e1nos \u00e1pol\u00f3 (2024.04.18.)<\/td>\n<td>2024. 11. 06.<\/td>\n<td>szervez\u00e9s alatt<\/td>\n<td>2024. 08. 30.<\/td>\n<td>55.000,- Ft\/f\u0151<\/td>\n<\/tr>\n<tr>\n<td width=\"96\">Szakmai vizsga<\/td>\n<td width=\"44\">8<\/td>\n<td width=\"92\">Budapest<\/td>\n<td>5 0913 03 13 &#8211; Csecsem\u0151- \u00e9s gyermek\u00e1pol\u00f3 (2024.07.01.)<\/td>\n<td>2024. 11. 06.<\/td>\n<td>szervez\u00e9s alatt<\/td>\n<td>2024. 08. 30.<\/td>\n<td>55.000,- Ft\/f\u0151<\/td>\n<\/tr>\n<tr>\n<td width=\"96\">Szakmai vizsga<\/td>\n<td>9<\/td>\n<td width=\"92\">Budapest<\/td>\n<td>5 0922 22 02 &#8211; Kisgyermekgondoz\u00f3, -nevel\u0151 (2024.01.16.)<\/td>\n<td>2024. 11. 08.<\/td>\n<td>szervez\u00e9s alatt<\/td>\n<td>2024. 08. 30.<\/td>\n<td>55.000,- Ft\/f\u0151<\/td>\n<\/tr>\n<\/tbody>\n<\/table>\n","protected":false},"excerpt":{"rendered":"<p>Szakmai vizsg\u00e1k meghirdet\u00e9se \u2013 2024\/2025-\u00f6s tan\u00e9v okt\u00f3ber-novemberi vizsgaid\u0151szak Vizsga t\u00edpusa Vizsga ssz. Vizsga helysz\u00edn SZAKMA Interakt\u00edv vizsga id\u0151pont Projektvizsga id\u0151pont Jelentkez\u00e9si hat\u00e1rid\u0151 Vizsga d\u00edja Szakmai vizsga 1 Budapest 5 0910 03 07 &#8211; Perioperat\u00edv szakasszisztens (Aneszteziol\u00f3giai szakasszisztens szakmair\u00e1ny) (2024.04.18.) 2024. 10. 07. szervez\u00e9s alatt 2024. 08. 30. 55.000,- Ft\/f\u0151 Szakmai vizsga 2 Budapest 5 0914 &hellip;<\/p>\n","protected":false},"author":102065,"featured_media":0,"parent":81,"menu_order":6,"comment_status":"closed","ping_status":"closed","template":"","meta":{"_acf_changed":false,"footnotes":""},"categories":[],"tags":[],"class_list":["post-911","page","type-page","status-publish","hentry"],"acf":[],"_links":{"self":[{"href":"https:\/\/semmelweis.hu\/vizsgakozpont\/wp-json\/wp\/v2\/pages\/911","targetHints":{"allow":["GET"]}}],"collection":[{"href":"https:\/\/semmelweis.hu\/vizsgakozpont\/wp-json\/wp\/v2\/pages"}],"about":[{"href":"https:\/\/semmelweis.hu\/vizsgakozpont\/wp-json\/wp\/v2\/types\/page"}],"author":[{"embeddable":true,"href":"https:\/\/semmelweis.hu\/vizsgakozpont\/wp-json\/wp\/v2\/users\/102065"}],"replies":[{"embeddable":true,"href":"https:\/\/semmelweis.hu\/vizsgakozpont\/wp-json\/wp\/v2\/comments?post=911"}],"version-history":[{"count":2,"href":"https:\/\/semmelweis.hu\/vizsgakozpont\/wp-json\/wp\/v2\/pages\/911\/revisions"}],"predecessor-version":[{"id":1049,"href":"https:\/\/semmelweis.hu\/vizsgakozpont\/wp-json\/wp\/v2\/pages\/911\/revisions\/1049"}],"up":[{"embeddable":true,"href":"https:\/\/semmelweis.hu\/vizsgakozpont\/wp-json\/wp\/v2\/pages\/81"}],"wp:attachment":[{"href":"https:\/\/semmelweis.hu\/vizsgakozpont\/wp-json\/wp\/v2\/media?parent=911"}],"wp:term":[{"taxonomy":"category","embeddable":true,"href":"https:\/\/semmelweis.hu\/vizsgakozpont\/wp-json\/wp\/v2\/categories?post=911"},{"taxonomy":"post_tag","embeddable":true,"href":"https:\/\/semmelweis.hu\/vizsgakozpont\/wp-json\/wp\/v2\/tags?post=911"}],"curies":[{"name":"wp","href":"https:\/\/api.w.org\/{rel}","templated":true}]}}