{"id":26,"date":"2022-05-03T11:03:46","date_gmt":"2022-05-03T09:03:46","guid":{"rendered":"https:\/\/semmelweis.hu\/vizsgakozpont\/?page_id=26"},"modified":"2026-03-09T09:02:44","modified_gmt":"2026-03-09T08:02:44","slug":"vizsgazoknak","status":"publish","type":"page","link":"https:\/\/semmelweis.hu\/vizsgakozpont\/vizsgazoknak\/","title":{"rendered":"Vizsg\u00e1z\u00f3knak"},"content":{"rendered":"<h4><strong>Vizsgajogosults\u00e1g &#8211; vizsgak\u00f6vetelm\u00e9nyek<\/strong><\/h4>\n<ol>\n<li><a href=\"https:\/\/semmelweis.hu\/vizsgakozpont\/files\/2025\/01\/SE-VK-FN-02-10_V01-20250101-A-vizsgakozpont-altal-szervezett-szakmai-vizsgak-azonosito-adatai.pdf\">Szakm\u00e1k<\/a><\/li>\n<li><a href=\"https:\/\/semmelweis.hu\/vizsgakozpont\/files\/2025\/09\/SE-VK-FN-02-11_V02-20250912-A-vizsgakozpont-altal-szervezett-kepesito-vizsgak-azonosito-adatai.pdf\">Szakk\u00e9pes\u00edt\u00e9sek<\/a><\/li>\n<\/ol>\n<h4><strong>Jelentkez\u00e9s vizsg\u00e1ra<\/strong><\/h4>\n<ul>\n<li><a href=\"https:\/\/semmelweis.hu\/vizsgakozpont\/vizsgazoknak\/jelentkezes-menete\/\">Jelentkez\u00e9s menete<\/a><\/li>\n<li><a href=\"https:\/\/semmelweis.hu\/vizsgakozpont\/vizsgazoknak\/fontos-hataridok\/\">Fontos hat\u00e1rid\u0151k<\/a><\/li>\n<\/ul>\n<h4><strong>Jelentkez\u00e9shez adatk\u00f6zl\u0151 lap<\/strong><\/h4>\n<ul>\n<li><a href=\"https:\/\/semmelweis.hu\/vizsgakozpont\/files\/2025\/01\/SE-VK-FN-07-05_V01-20250101-Vizsgazoi-adatkozlo-lap.docx\">Vizsg\u00e1z\u00f3i adatk\u00f6zl\u0151 lap<\/a><\/li>\n<\/ul>\n<h4><strong>\u00c1LTAL\u00c1BAN ALKALMAZOTT Vizsgad\u00edjak<\/strong><\/h4>\n<ul>\n<li><a href=\"https:\/\/semmelweis.hu\/vizsgakozpont\/files\/2026\/03\/SE-VK-FN-07-04_V03-20260309-Vizsgadij-tablazat.pdf\">Vizsgad\u00edj t\u00e1bl\u00e1zat &#8211; \u00e1ltal\u00e1ban alkalmazott vizsgad\u00edjak<\/a><\/li>\n<\/ul>\n<h4><strong>Oklev\u00e9l\/Bizony\u00edtv\u00e1ny \u00e9s vizsgat\u00f6rzslap \u00e1tv\u00e9tele<\/strong><\/h4>\n<ul>\n<li><a href=\"https:\/\/semmelweis.hu\/vizsgakozpont\/vizsgazoknak\/oklevel-szakmai-bizonyitvany-kepesito-bizonyitvany-es-vizsgatorzslap-atvetele\/\">T\u00e1j\u00e9koztat\u00f3 Oklev\u00e9l\/Szakmai Bizony\u00edtv\u00e1ny\/K\u00e9pes\u00edt\u0151 Bizony\u00edtv\u00e1ny \u00e9s vizsgat\u00f6rzslap \u00e1tv\u00e9tel\u00e9r\u0151l<\/a><\/li>\n<li class=\"page_item page-item-627\"><a href=\"https:\/\/semmelweis.hu\/vizsgakozpont\/vizsgazoknak\/aktualis-informaciok-oklevel-szakmai-bizonyitvany-kepesito-bizonyitvany-es-vizsgatorzslap-atvetelerol\/\">Aktu\u00e1lis inform\u00e1ci\u00f3k Oklev\u00e9l\/Szakmai Bizony\u00edtv\u00e1ny\/K\u00e9pes\u00edt\u0151 Bizony\u00edtv\u00e1ny \u00e9s vizsgat\u00f6rzslap \u00e1tv\u00e9tel\u00e9r\u0151l<\/a><\/li>\n<\/ul>\n<h4><strong>Europass Bizony\u00edtv\u00e1ny-kieg\u00e9sz\u00edt\u0151<\/strong><\/h4>\n<ul>\n<li><a href=\"https:\/\/semmelweis.hu\/vizsgakozpont\/vizsgazoknak\/az-europass-bizonyitvany-kiegeszito-es-annak-igenylese\/\">Az Europass bizony\u00edtv\u00e1ny-kieg\u00e9sz\u00edt\u0151 \u00e9s annak ig\u00e9nyl\u00e9se<\/a><\/li>\n<\/ul>\n<h4><strong>Oklev\u00e9l, Szakmai\/K\u00e9pes\u00edt\u0151 bizony\u00edtv\u00e1ny m\u00e1sodlatok ki\u00e1ll\u00edt\u00e1sa<\/strong><\/h4>\n<ul>\n<li><a href=\"https:\/\/semmelweis.hu\/vizsgakozpont\/vizsgazoknak\/oklevelmasodlat-igenylese\/\">T\u00e1j\u00e9koztat\u00f3 \u00e9s k\u00e9relem oklev\u00e9l, szakmai\/k\u00e9pes\u00edt\u0151 bizony\u00edtv\u00e1ny m\u00e1sodlat ki\u00e1ll\u00edt\u00e1s\u00e1hoz kapcsol\u00f3d\u00f3an<\/a><\/li>\n<\/ul>\n<h4><strong>T\u00e1j\u00e9koztat\u00f3 az Interakt\u00edv vizsgatev\u00e9kenys\u00e9gr\u0151l<\/strong><\/h4>\n<ul>\n<li>Az interakt\u00edv vizsgatev\u00e9kenys\u00e9gek lebonyol\u00edt\u00e1s\u00e1ra vonatkoz\u00f3, vizsg\u00e1z\u00f3knak \u00e9s felk\u00e9sz\u00edt\u0151 tan\u00e1raiknak kiadott t\u00e1j\u00e9koztat\u00f3 az <a href=\"https:\/\/www.nive.hu\/index.php?option=com_content&amp;view=article&amp;id=2382&amp;Itemid=0\">NSZFH oldal\u00e1n<\/a> \u00e9rhet\u0151 el.<\/li>\n<\/ul>\n<p><img decoding=\"async\" class=\"alignleft\" src=\"https:\/\/www.google.hu\/url?sa=i&amp;url=https%3A%2F%2Fujkor.hu%2Fcontent%2Fgamification-tanuloi-portfolio&amp;psig=AOvVaw0s0sX-c_rdheHzagZ41wFN&amp;ust=1651744465595000&amp;source=images&amp;cd=vfe&amp;ved=0CAwQjRxqFwoTCNj27-bJxfcCFQAAAAAdAAAAABAJ\" alt=\"\" \/><\/p>\n<figure id=\"attachment_142\" aria-describedby=\"caption-attachment-142\" style=\"width: 753px\" class=\"wp-caption aligncenter\"><a href=\"https:\/\/semmelweis.hu\/vizsgakozpont\/files\/2022\/07\/DSC03470-scaled.jpg\"><img loading=\"lazy\" decoding=\"async\" class=\"wp-image-142 size-large\" src=\"https:\/\/semmelweis.hu\/vizsgakozpont\/files\/2022\/07\/DSC03470-1024x576.jpg\" alt=\"\" width=\"753\" height=\"424\" srcset=\"https:\/\/semmelweis.hu\/vizsgakozpont\/files\/2022\/07\/DSC03470-1024x576.jpg 1024w, https:\/\/semmelweis.hu\/vizsgakozpont\/files\/2022\/07\/DSC03470-400x225.jpg 400w, https:\/\/semmelweis.hu\/vizsgakozpont\/files\/2022\/07\/DSC03470-768x432.jpg 768w, https:\/\/semmelweis.hu\/vizsgakozpont\/files\/2022\/07\/DSC03470-1536x864.jpg 1536w, https:\/\/semmelweis.hu\/vizsgakozpont\/files\/2022\/07\/DSC03470-2048x1152.jpg 2048w, https:\/\/semmelweis.hu\/vizsgakozpont\/files\/2022\/07\/DSC03470-753x424.jpg 753w\" sizes=\"auto, (max-width: 753px) 100vw, 753px\" \/><\/a><figcaption id=\"caption-attachment-142\" class=\"wp-caption-text\">A 2022.j\u00fanius 28-i konferencia k\u00e9pe.<\/figcaption><\/figure>\n<p>&nbsp;<\/p>\n","protected":false},"excerpt":{"rendered":"<p>Vizsgajogosults\u00e1g &#8211; vizsgak\u00f6vetelm\u00e9nyek<\/p>\n<p><a href=\"https:\/\/semmelweis.hu\/vizsgakozpont\/files\/2025\/01\/SE-VK-FN-02-10_V01-20250101-A-vizsgakozpont-altal-szervezett-szakmai-vizsgak-azonosito-adatai.pdf\">Szakm\u00e1k<\/a><br \/>\n<a href=\"https:\/\/semmelweis.hu\/vizsgakozpont\/files\/2025\/09\/SE-VK-FN-02-11_V02-20250912-A-vizsgakozpont-altal-szervezett-kepesito-vizsgak-azonosito-adatai.pdf\">Szakk\u00e9pes\u00edt\u00e9sek<\/a><\/p>\n<p>Jelentkez\u00e9s vizsg\u00e1ra<\/p>\n<p><a href=\"https:\/\/semmelweis.hu\/vizsgakozpont\/vizsgazoknak\/jelentkezes-menete\/\">Jelentkez\u00e9s menete<\/a><br \/>\n<a href=\"https:\/\/semmelweis.hu\/vizsgakozpont\/vizsgazoknak\/fontos-hataridok\/\">Fontos hat\u00e1rid\u0151k<\/a><\/p>\n<p>Jelentkez\u00e9shez adatk\u00f6zl\u0151 lap<\/p>\n<p><a href=\"https:\/\/semmelweis.hu\/vizsgakozpont\/files\/2025\/01\/SE-VK-FN-07-05_V01-20250101-Vizsgazoi-adatkozlo-lap.docx\">Vizsg\u00e1z\u00f3i adatk\u00f6zl\u0151 lap<\/a><\/p>\n<p>\u00c1LTAL\u00c1BAN ALKALMAZOTT Vizsgad\u00edjak<\/p>\n<p><a href=\"https:\/\/semmelweis.hu\/vizsgakozpont\/files\/2026\/03\/SE-VK-FN-07-04_V03-20260309-Vizsgadij-tablazat.pdf\">Vizsgad\u00edj t\u00e1bl\u00e1zat &#8211; \u00e1ltal\u00e1ban alkalmazott vizsgad\u00edjak<\/a><\/p>\n<p>Oklev\u00e9l\/Bizony\u00edtv\u00e1ny \u00e9s vizsgat\u00f6rzslap \u00e1tv\u00e9tele<\/p>\n<p><a href=\"https:\/\/semmelweis.hu\/vizsgakozpont\/vizsgazoknak\/oklevel-szakmai-bizonyitvany-kepesito-bizonyitvany-es-vizsgatorzslap-atvetele\/\">T\u00e1j\u00e9koztat\u00f3 Oklev\u00e9l\/Szakmai Bizony\u00edtv\u00e1ny\/K\u00e9pes\u00edt\u0151 Bizony\u00edtv\u00e1ny \u00e9s vizsgat\u00f6rzslap \u00e1tv\u00e9tel\u00e9r\u0151l<\/a><br \/>\n<a href=\"https:\/\/semmelweis.hu\/vizsgakozpont\/vizsgazoknak\/aktualis-informaciok-oklevel-szakmai-bizonyitvany-kepesito-bizonyitvany-es-vizsgatorzslap-atvetelerol\/\">Aktu\u00e1lis inform\u00e1ci\u00f3k Oklev\u00e9l\/Szakmai Bizony\u00edtv\u00e1ny\/K\u00e9pes\u00edt\u0151 Bizony\u00edtv\u00e1ny \u00e9s vizsgat\u00f6rzslap \u00e1tv\u00e9tel\u00e9r\u0151l<\/a><\/p>\n<p>Europass Bizony\u00edtv\u00e1ny-kieg\u00e9sz\u00edt\u0151<\/p>\n<p><a href=\"https:\/\/semmelweis.hu\/vizsgakozpont\/vizsgazoknak\/az-europass-bizonyitvany-kiegeszito-es-annak-igenylese\/\">Az Europass bizony\u00edtv\u00e1ny-kieg\u00e9sz\u00edt\u0151 \u00e9s annak ig\u00e9nyl\u00e9se<\/a><\/p>\n<p>Oklev\u00e9l, Szakmai\/K\u00e9pes\u00edt\u0151 bizony\u00edtv\u00e1ny m\u00e1sodlatok ki\u00e1ll\u00edt\u00e1sa<\/p>\n<p><a href=\"https:\/\/semmelweis.hu\/vizsgakozpont\/vizsgazoknak\/oklevelmasodlat-igenylese\/\">T\u00e1j\u00e9koztat\u00f3 \u00e9s k\u00e9relem oklev\u00e9l, szakmai\/k\u00e9pes\u00edt\u0151 bizony\u00edtv\u00e1ny m\u00e1sodlat ki\u00e1ll\u00edt\u00e1s\u00e1hoz kapcsol\u00f3d\u00f3an<\/a><\/p>\n<p>T\u00e1j\u00e9koztat\u00f3 az Interakt\u00edv vizsgatev\u00e9kenys\u00e9gr\u0151l<\/p>\n<p>Az interakt\u00edv vizsgatev\u00e9kenys\u00e9gek lebonyol\u00edt\u00e1s\u00e1ra vonatkoz\u00f3, vizsg\u00e1z\u00f3knak \u00e9s felk\u00e9sz\u00edt\u0151 tan\u00e1raiknak kiadott t\u00e1j\u00e9koztat\u00f3 az <a href=\"https:\/\/www.nive.hu\/index.php?option=com_content&amp;view=article&amp;id=2382&amp;Itemid=0\">NSZFH oldal\u00e1n<\/a> \u00e9rhet\u0151 el.<\/p>\n<p>&nbsp;<\/p>\n","protected":false},"author":102058,"featured_media":0,"parent":0,"menu_order":1,"comment_status":"closed","ping_status":"closed","template":"","meta":{"_acf_changed":false,"footnotes":""},"categories":[],"tags":[],"class_list":["post-26","page","type-page","status-publish","hentry"],"acf":[],"_links":{"self":[{"href":"https:\/\/semmelweis.hu\/vizsgakozpont\/wp-json\/wp\/v2\/pages\/26","targetHints":{"allow":["GET"]}}],"collection":[{"href":"https:\/\/semmelweis.hu\/vizsgakozpont\/wp-json\/wp\/v2\/pages"}],"about":[{"href":"https:\/\/semmelweis.hu\/vizsgakozpont\/wp-json\/wp\/v2\/types\/page"}],"author":[{"embeddable":true,"href":"https:\/\/semmelweis.hu\/vizsgakozpont\/wp-json\/wp\/v2\/users\/102058"}],"replies":[{"embeddable":true,"href":"https:\/\/semmelweis.hu\/vizsgakozpont\/wp-json\/wp\/v2\/comments?post=26"}],"version-history":[{"count":12,"href":"https:\/\/semmelweis.hu\/vizsgakozpont\/wp-json\/wp\/v2\/pages\/26\/revisions"}],"predecessor-version":[{"id":1283,"href":"https:\/\/semmelweis.hu\/vizsgakozpont\/wp-json\/wp\/v2\/pages\/26\/revisions\/1283"}],"wp:attachment":[{"href":"https:\/\/semmelweis.hu\/vizsgakozpont\/wp-json\/wp\/v2\/media?parent=26"}],"wp:term":[{"taxonomy":"category","embeddable":true,"href":"https:\/\/semmelweis.hu\/vizsgakozpont\/wp-json\/wp\/v2\/categories?post=26"},{"taxonomy":"post_tag","embeddable":true,"href":"https:\/\/semmelweis.hu\/vizsgakozpont\/wp-json\/wp\/v2\/tags?post=26"}],"curies":[{"name":"wp","href":"https:\/\/api.w.org\/{rel}","templated":true}]}}