{"id":85,"date":"2019-10-08T19:40:16","date_gmt":"2019-10-08T17:40:16","guid":{"rendered":"http:\/\/semmelweis.hu\/vizilabda\/?page_id=85"},"modified":"2025-06-26T15:07:45","modified_gmt":"2025-06-26T13:07:45","slug":"edzok","status":"publish","type":"page","link":"https:\/\/semmelweis.hu\/vizilabda\/edzok\/","title":{"rendered":"Edz\u0151k"},"content":{"rendered":"<h4><strong>A medikus kupa, <\/strong><strong>a mefob,<\/strong><strong> az obII-ben \u00e9s a budapest bajnoks\u00e1gban indul\u00f3 csapat edz\u0151je:<\/strong><\/h4>\n<p><strong>Kalanovics Bal\u00e1zs<\/strong><br \/>\n<a href=\"mailto:kalabalazs95@gmail.com\">kalabalazs95@gmail.com<\/a><\/p>\n","protected":false},"excerpt":{"rendered":"<p>A medikus kupa, a mefob, az obII-ben \u00e9s a budapest bajnoks\u00e1gban indul\u00f3 csapat edz\u0151je:<br \/>\nKalanovics Bal\u00e1zs<br \/>\n<a href=\"mailto:kalabalazs95@gmail.com\">kalabalazs95@gmail.com<\/a><\/p>\n","protected":false},"author":101637,"featured_media":0,"parent":0,"menu_order":5,"comment_status":"closed","ping_status":"closed","template":"","meta":{"_acf_changed":false,"footnotes":""},"categories":[],"tags":[],"class_list":["post-85","page","type-page","status-publish","hentry"],"acf":[],"_links":{"self":[{"href":"https:\/\/semmelweis.hu\/vizilabda\/wp-json\/wp\/v2\/pages\/85","targetHints":{"allow":["GET"]}}],"collection":[{"href":"https:\/\/semmelweis.hu\/vizilabda\/wp-json\/wp\/v2\/pages"}],"about":[{"href":"https:\/\/semmelweis.hu\/vizilabda\/wp-json\/wp\/v2\/types\/page"}],"author":[{"embeddable":true,"href":"https:\/\/semmelweis.hu\/vizilabda\/wp-json\/wp\/v2\/users\/101637"}],"replies":[{"embeddable":true,"href":"https:\/\/semmelweis.hu\/vizilabda\/wp-json\/wp\/v2\/comments?post=85"}],"version-history":[{"count":7,"href":"https:\/\/semmelweis.hu\/vizilabda\/wp-json\/wp\/v2\/pages\/85\/revisions"}],"predecessor-version":[{"id":520,"href":"https:\/\/semmelweis.hu\/vizilabda\/wp-json\/wp\/v2\/pages\/85\/revisions\/520"}],"wp:attachment":[{"href":"https:\/\/semmelweis.hu\/vizilabda\/wp-json\/wp\/v2\/media?parent=85"}],"wp:term":[{"taxonomy":"category","embeddable":true,"href":"https:\/\/semmelweis.hu\/vizilabda\/wp-json\/wp\/v2\/categories?post=85"},{"taxonomy":"post_tag","embeddable":true,"href":"https:\/\/semmelweis.hu\/vizilabda\/wp-json\/wp\/v2\/tags?post=85"}],"curies":[{"name":"wp","href":"https:\/\/api.w.org\/{rel}","templated":true}]}}