{"id":78,"date":"2019-10-08T19:40:16","date_gmt":"2019-10-08T17:40:16","guid":{"rendered":"http:\/\/semmelweis.hu\/vizilabda\/?page_id=78"},"modified":"2025-07-03T10:58:09","modified_gmt":"2025-07-03T08:58:09","slug":"mefob-vizilabda","status":"publish","type":"page","link":"https:\/\/semmelweis.hu\/vizilabda\/bajnoksagok\/mefob-vizilabda\/","title":{"rendered":"MEFOB V\u00edzilabda"},"content":{"rendered":"<div class=\"keretes w-100\">\n<p>A Magyar Egyetemi-F\u0151iskolai Sportsz\u00f6vets\u00e9g (MEFS) tan\u00e9venk\u00e9nt hirdeti meg a <strong>Magyar Egyetemi-F\u0151iskolai Orsz\u00e1gos Bajnoks\u00e1gokat (MEFOB). <\/strong>A MEFOB c\u00e9lja, hogy <span style=\"font-size: 1rem;\">a hallgat\u00f3k k\u00f6r\u00e9ben n\u00e9pszer\u0171s\u00edtse a meghirdetett sport\u00e1gakat \u00e9s egy\u00fattal <\/span><span style=\"font-size: 1rem;\">eld\u00f6nts\u00e9k az egyetemi sportversenyek bajnoki c\u00edmeit. Emellett a MEFOB seg\u00edts\u00e9g\u00e9vel v\u00e1lasztj\u00e1k ki a FISU (Nemzetk\u00f6zi Egyetemi Sportsz\u00f6vets\u00e9g) \u00e9s az EUSA (Eur\u00f3pai Egyetemi Sportsz\u00f6vets\u00e9g) versenyeken (Universiade, egyetemi vil\u00e1gbajnoks\u00e1gok \u00e9s Eur\u00f3pa-bajnoks\u00e1gok) indul\u00f3 sportol\u00f3kat.\u00a0<\/span><\/p>\n<\/div>\n<p style=\"text-align: center;\"><a class=\"btn btn-secondary\" href=\"https:\/\/mefobfeszt.hu\/vizilabda-mefob-2025\/\" target=\"_blank\" rel=\"noopener\">A MEFOB 2025-\u00f6s v\u00edzilabda eredm\u00e9nyei<\/a><\/p>\n","protected":false},"excerpt":{"rendered":"<p>A Magyar Egyetemi-F\u0151iskolai Sportsz\u00f6vets\u00e9g (MEFS) tan\u00e9venk\u00e9nt hirdeti meg a Magyar Egyetemi-F\u0151iskolai Orsz\u00e1gos Bajnoks\u00e1gokat (MEFOB). A MEFOB c\u00e9lja, hogy a hallgat\u00f3k k\u00f6r\u00e9ben n\u00e9pszer\u0171s\u00edtse a meghirdetett sport\u00e1gakat \u00e9s egy\u00fattal eld\u00f6nts\u00e9k az egyetemi sportversenyek bajnoki c\u00edmeit. Emellett a MEFOB seg\u00edts\u00e9g\u00e9vel v\u00e1lasztj\u00e1k ki a FISU (Nemzetk\u00f6zi Egyetemi Sportsz\u00f6vets\u00e9g) \u00e9s az EUSA (Eur\u00f3pai Egyetemi Sportsz\u00f6vets\u00e9g) versenyeken (Universiade, egyetemi vil\u00e1gbajnoks\u00e1gok \u00e9s &hellip;<\/p>\n","protected":false},"author":101637,"featured_media":0,"parent":15,"menu_order":2,"comment_status":"closed","ping_status":"closed","template":"","meta":{"_acf_changed":false,"footnotes":""},"categories":[],"tags":[],"class_list":["post-78","page","type-page","status-publish","hentry"],"acf":[],"_links":{"self":[{"href":"https:\/\/semmelweis.hu\/vizilabda\/wp-json\/wp\/v2\/pages\/78","targetHints":{"allow":["GET"]}}],"collection":[{"href":"https:\/\/semmelweis.hu\/vizilabda\/wp-json\/wp\/v2\/pages"}],"about":[{"href":"https:\/\/semmelweis.hu\/vizilabda\/wp-json\/wp\/v2\/types\/page"}],"author":[{"embeddable":true,"href":"https:\/\/semmelweis.hu\/vizilabda\/wp-json\/wp\/v2\/users\/101637"}],"replies":[{"embeddable":true,"href":"https:\/\/semmelweis.hu\/vizilabda\/wp-json\/wp\/v2\/comments?post=78"}],"version-history":[{"count":8,"href":"https:\/\/semmelweis.hu\/vizilabda\/wp-json\/wp\/v2\/pages\/78\/revisions"}],"predecessor-version":[{"id":740,"href":"https:\/\/semmelweis.hu\/vizilabda\/wp-json\/wp\/v2\/pages\/78\/revisions\/740"}],"up":[{"embeddable":true,"href":"https:\/\/semmelweis.hu\/vizilabda\/wp-json\/wp\/v2\/pages\/15"}],"wp:attachment":[{"href":"https:\/\/semmelweis.hu\/vizilabda\/wp-json\/wp\/v2\/media?parent=78"}],"wp:term":[{"taxonomy":"category","embeddable":true,"href":"https:\/\/semmelweis.hu\/vizilabda\/wp-json\/wp\/v2\/categories?post=78"},{"taxonomy":"post_tag","embeddable":true,"href":"https:\/\/semmelweis.hu\/vizilabda\/wp-json\/wp\/v2\/tags?post=78"}],"curies":[{"name":"wp","href":"https:\/\/api.w.org\/{rel}","templated":true}]}}