{"id":487,"date":"2025-06-26T09:30:58","date_gmt":"2025-06-26T07:30:58","guid":{"rendered":"https:\/\/semmelweis.hu\/vizilabda\/?page_id=487"},"modified":"2025-10-27T09:38:13","modified_gmt":"2025-10-27T08:38:13","slug":"toth-laszlo","status":"publish","type":"page","link":"https:\/\/semmelweis.hu\/vizilabda\/a-csapat\/ob1\/toth-laszlo\/","title":{"rendered":"T\u00f3th L\u00e1szl\u00f3"},"content":{"rendered":"<h5>Vezet\u0151edz\u0151<\/h5>\n<p>T\u00f3th L\u00e1szl\u00f3 j\u00e1t\u00e9kosk\u00e9nt csaknem 500 bajnokin \u00e9s majdnem 300 v\u00e1logatott m\u00e9rk\u0151z\u00e9sen j\u00e1tszott mint center. Visszavonul\u00e1sa el\u0151tt elkezdte m\u00e1r az edz\u0151i p\u00e1lyafut\u00e1s\u00e1t az UVSE ut\u00e1np\u00f3tl\u00e1s\u00e1ban, majd a feln\u0151tt Szentest ir\u00e1ny\u00edtotta. 2013-16 k\u00f6z\u00f6tt a n\u0151i csapat vezet\u0151edz\u0151je volt, mindamellett a n\u0151i v\u00e1logatott seg\u00e9dedz\u0151je. A l\u00e1nyok felk\u00e9sz\u00fcl\u00e9s\u00e9ben a mai napig r\u00e9szt vesz. Az OSC ut\u00e1np\u00f3tl\u00e1s\u00e1ban 2016 \u00f3ta dolgozik, k\u00e9tszer pedig m\u00e1r a feln\u0151tt csapatot is ir\u00e1ny\u00edtotta, mint &#8222;beugr\u00f3s&#8221;.\u00a0<\/p>\n","protected":false},"excerpt":{"rendered":"<p>Vezet\u0151edz\u0151 T\u00f3th L\u00e1szl\u00f3 j\u00e1t\u00e9kosk\u00e9nt csaknem 500 bajnokin \u00e9s majdnem 300 v\u00e1logatott m\u00e9rk\u0151z\u00e9sen j\u00e1tszott mint center. Visszavonul\u00e1sa el\u0151tt elkezdte m\u00e1r az edz\u0151i p\u00e1lyafut\u00e1s\u00e1t az UVSE ut\u00e1np\u00f3tl\u00e1s\u00e1ban, majd a feln\u0151tt Szentest ir\u00e1ny\u00edtotta. 2013-16 k\u00f6z\u00f6tt a n\u0151i csapat vezet\u0151edz\u0151je volt, mindamellett a n\u0151i v\u00e1logatott seg\u00e9dedz\u0151je. A l\u00e1nyok felk\u00e9sz\u00fcl\u00e9s\u00e9ben a mai napig r\u00e9szt vesz. Az OSC ut\u00e1np\u00f3tl\u00e1s\u00e1ban 2016 \u00f3ta &hellip;<\/p>\n","protected":false},"author":102504,"featured_media":1191,"parent":231,"menu_order":0,"comment_status":"closed","ping_status":"closed","template":"","meta":{"_acf_changed":false,"footnotes":""},"categories":[12],"tags":[],"class_list":["post-487","page","type-page","status-publish","has-post-thumbnail","hentry","category-stab"],"acf":[],"_links":{"self":[{"href":"https:\/\/semmelweis.hu\/vizilabda\/wp-json\/wp\/v2\/pages\/487","targetHints":{"allow":["GET"]}}],"collection":[{"href":"https:\/\/semmelweis.hu\/vizilabda\/wp-json\/wp\/v2\/pages"}],"about":[{"href":"https:\/\/semmelweis.hu\/vizilabda\/wp-json\/wp\/v2\/types\/page"}],"author":[{"embeddable":true,"href":"https:\/\/semmelweis.hu\/vizilabda\/wp-json\/wp\/v2\/users\/102504"}],"replies":[{"embeddable":true,"href":"https:\/\/semmelweis.hu\/vizilabda\/wp-json\/wp\/v2\/comments?post=487"}],"version-history":[{"count":3,"href":"https:\/\/semmelweis.hu\/vizilabda\/wp-json\/wp\/v2\/pages\/487\/revisions"}],"predecessor-version":[{"id":803,"href":"https:\/\/semmelweis.hu\/vizilabda\/wp-json\/wp\/v2\/pages\/487\/revisions\/803"}],"up":[{"embeddable":true,"href":"https:\/\/semmelweis.hu\/vizilabda\/wp-json\/wp\/v2\/pages\/231"}],"wp:featuredmedia":[{"embeddable":true,"href":"https:\/\/semmelweis.hu\/vizilabda\/wp-json\/wp\/v2\/media\/1191"}],"wp:attachment":[{"href":"https:\/\/semmelweis.hu\/vizilabda\/wp-json\/wp\/v2\/media?parent=487"}],"wp:term":[{"taxonomy":"category","embeddable":true,"href":"https:\/\/semmelweis.hu\/vizilabda\/wp-json\/wp\/v2\/categories?post=487"},{"taxonomy":"post_tag","embeddable":true,"href":"https:\/\/semmelweis.hu\/vizilabda\/wp-json\/wp\/v2\/tags?post=487"}],"curies":[{"name":"wp","href":"https:\/\/api.w.org\/{rel}","templated":true}]}}