{"id":341,"date":"2025-06-18T18:39:07","date_gmt":"2025-06-18T16:39:07","guid":{"rendered":"https:\/\/semmelweis.hu\/vizilabda\/?page_id=341"},"modified":"2025-10-27T09:40:41","modified_gmt":"2025-10-27T08:40:41","slug":"varga-bence-bendeguz","status":"publish","type":"page","link":"https:\/\/semmelweis.hu\/vizilabda\/a-csapat\/ob1\/varga-bence-bendeguz\/","title":{"rendered":"Varga Bence Bendeg\u00faz"},"content":{"rendered":"<p><strong>Sapkasz\u00e1m:<\/strong> 12<br \/>\n<strong>Poz\u00edci\u00f3:<\/strong> Bekk<br \/>\n<strong>Kor:<\/strong> 23 \u00e9v<br \/>\n<strong>Becen\u00e9v:<\/strong> Bence<br \/>\n<strong>Magass\u00e1g:<\/strong> 200 cm<br \/>\n<strong>S\u00faly:<\/strong> 100 kg<br \/>\n<strong>Hobbi:<\/strong> tanul\u00e1s&#8230; \ud83d\ude0a<br \/>\n<strong>Tr\u00f3fea gy\u0171jtem\u00e9ny:<\/strong><\/p>\n<ul>\n<li>Ifj\u00fas\u00e1gi Magyar bajnok<\/li>\n<li>2x Magyar Kupa gy\u0151ztes<\/li>\n<li>2x Magyar bajnok<\/li>\n<\/ul>\n","protected":false},"excerpt":{"rendered":"<p>Sapkasz\u00e1m: 12<br \/>\nPoz\u00edci\u00f3: Bekk<br \/>\nKor: 23 \u00e9v<br \/>\nBecen\u00e9v: Bence<br \/>\nMagass\u00e1g: 200 cm<br \/>\nS\u00faly: 100 kg<br \/>\nHobbi: tanul\u00e1s&#8230; \ud83d\ude0a<br \/>\nTr\u00f3fea gy\u0171jtem\u00e9ny:<\/p>\n<p>Ifj\u00fas\u00e1gi Magyar bajnok<br \/>\n2x Magyar Kupa gy\u0151ztes<br \/>\n2x Magyar bajnok<\/p>\n","protected":false},"author":102504,"featured_media":1194,"parent":231,"menu_order":3,"comment_status":"closed","ping_status":"closed","template":"template-fullwidth.php","meta":{"_acf_changed":false,"footnotes":""},"categories":[7],"tags":[],"class_list":["post-341","page","type-page","status-publish","has-post-thumbnail","hentry","category-jatekosok"],"acf":[],"_links":{"self":[{"href":"https:\/\/semmelweis.hu\/vizilabda\/wp-json\/wp\/v2\/pages\/341","targetHints":{"allow":["GET"]}}],"collection":[{"href":"https:\/\/semmelweis.hu\/vizilabda\/wp-json\/wp\/v2\/pages"}],"about":[{"href":"https:\/\/semmelweis.hu\/vizilabda\/wp-json\/wp\/v2\/types\/page"}],"author":[{"embeddable":true,"href":"https:\/\/semmelweis.hu\/vizilabda\/wp-json\/wp\/v2\/users\/102504"}],"replies":[{"embeddable":true,"href":"https:\/\/semmelweis.hu\/vizilabda\/wp-json\/wp\/v2\/comments?post=341"}],"version-history":[{"count":7,"href":"https:\/\/semmelweis.hu\/vizilabda\/wp-json\/wp\/v2\/pages\/341\/revisions"}],"predecessor-version":[{"id":1224,"href":"https:\/\/semmelweis.hu\/vizilabda\/wp-json\/wp\/v2\/pages\/341\/revisions\/1224"}],"up":[{"embeddable":true,"href":"https:\/\/semmelweis.hu\/vizilabda\/wp-json\/wp\/v2\/pages\/231"}],"wp:featuredmedia":[{"embeddable":true,"href":"https:\/\/semmelweis.hu\/vizilabda\/wp-json\/wp\/v2\/media\/1194"}],"wp:attachment":[{"href":"https:\/\/semmelweis.hu\/vizilabda\/wp-json\/wp\/v2\/media?parent=341"}],"wp:term":[{"taxonomy":"category","embeddable":true,"href":"https:\/\/semmelweis.hu\/vizilabda\/wp-json\/wp\/v2\/categories?post=341"},{"taxonomy":"post_tag","embeddable":true,"href":"https:\/\/semmelweis.hu\/vizilabda\/wp-json\/wp\/v2\/tags?post=341"}],"curies":[{"name":"wp","href":"https:\/\/api.w.org\/{rel}","templated":true}]}}