{"id":1815,"date":"2026-01-07T12:07:13","date_gmt":"2026-01-07T11:07:13","guid":{"rendered":"https:\/\/semmelweis.hu\/vizilabda\/?page_id=1815"},"modified":"2026-01-07T14:05:45","modified_gmt":"2026-01-07T13:05:45","slug":"szucs-gabriella","status":"publish","type":"page","link":"https:\/\/semmelweis.hu\/vizilabda\/a-csapat\/orszagos-noi-ob1-b\/szucs-gabriella\/","title":{"rendered":"Sz\u00fccs Gabriella"},"content":{"rendered":"<p><strong>Sapkasz\u00e1m:<\/strong> 6<br \/>\n<strong>Poz\u00edci\u00f3:<\/strong> Bekk<br \/>\n<strong>Kor:<\/strong> 37<br \/>\n<strong>Foglalkoz\u00e1s:<\/strong> \u00c1llatorvos<br \/>\n<strong>Hobbi:<\/strong> Olvas\u00e1s, keresztrejtv\u00e9nyek, s\u00fct\u00e9s<\/p>\n","protected":false},"excerpt":{"rendered":"<p>Sapkasz\u00e1m: 6<br \/>\nPoz\u00edci\u00f3: Bekk<br \/>\nKor: 37<br \/>\nFoglalkoz\u00e1s: \u00c1llatorvos<br \/>\nHobbi: Olvas\u00e1s, keresztrejtv\u00e9nyek, s\u00fct\u00e9s<\/p>\n","protected":false},"author":102504,"featured_media":1816,"parent":237,"menu_order":0,"comment_status":"closed","ping_status":"closed","template":"","meta":{"_acf_changed":false,"footnotes":""},"categories":[46],"tags":[],"class_list":["post-1815","page","type-page","status-publish","has-post-thumbnail","hentry","category-noi-felnott-jatekosok"],"acf":[],"_links":{"self":[{"href":"https:\/\/semmelweis.hu\/vizilabda\/wp-json\/wp\/v2\/pages\/1815","targetHints":{"allow":["GET"]}}],"collection":[{"href":"https:\/\/semmelweis.hu\/vizilabda\/wp-json\/wp\/v2\/pages"}],"about":[{"href":"https:\/\/semmelweis.hu\/vizilabda\/wp-json\/wp\/v2\/types\/page"}],"author":[{"embeddable":true,"href":"https:\/\/semmelweis.hu\/vizilabda\/wp-json\/wp\/v2\/users\/102504"}],"replies":[{"embeddable":true,"href":"https:\/\/semmelweis.hu\/vizilabda\/wp-json\/wp\/v2\/comments?post=1815"}],"version-history":[{"count":4,"href":"https:\/\/semmelweis.hu\/vizilabda\/wp-json\/wp\/v2\/pages\/1815\/revisions"}],"predecessor-version":[{"id":1837,"href":"https:\/\/semmelweis.hu\/vizilabda\/wp-json\/wp\/v2\/pages\/1815\/revisions\/1837"}],"up":[{"embeddable":true,"href":"https:\/\/semmelweis.hu\/vizilabda\/wp-json\/wp\/v2\/pages\/237"}],"wp:featuredmedia":[{"embeddable":true,"href":"https:\/\/semmelweis.hu\/vizilabda\/wp-json\/wp\/v2\/media\/1816"}],"wp:attachment":[{"href":"https:\/\/semmelweis.hu\/vizilabda\/wp-json\/wp\/v2\/media?parent=1815"}],"wp:term":[{"taxonomy":"category","embeddable":true,"href":"https:\/\/semmelweis.hu\/vizilabda\/wp-json\/wp\/v2\/categories?post=1815"},{"taxonomy":"post_tag","embeddable":true,"href":"https:\/\/semmelweis.hu\/vizilabda\/wp-json\/wp\/v2\/tags?post=1815"}],"curies":[{"name":"wp","href":"https:\/\/api.w.org\/{rel}","templated":true}]}}