{"id":1803,"date":"2026-01-07T11:52:06","date_gmt":"2026-01-07T10:52:06","guid":{"rendered":"https:\/\/semmelweis.hu\/vizilabda\/?page_id=1803"},"modified":"2026-01-07T11:52:06","modified_gmt":"2026-01-07T10:52:06","slug":"nagy-janka","status":"publish","type":"page","link":"https:\/\/semmelweis.hu\/vizilabda\/a-csapat\/orszagos-noi-ob1-b\/nagy-janka\/","title":{"rendered":"Nagy Janka"},"content":{"rendered":"<p><strong>Sapkasz\u00e1m:<\/strong> 10<br \/>\n<strong>Poz\u00edci\u00f3:<\/strong> Kap\u00e1s sz\u00e9ls\u0151\/h\u00e1ts\u00f3<br \/>\n<strong>Kor:<\/strong> 19<br \/>\n<strong>Tanulm\u00e1nyok:<\/strong> K\u0151b\u00e1nyai Szent L\u00e1szl\u00f3 Gimn\u00e1zium<br \/>\n<strong>Hobbi:<\/strong> Olvas\u00e1s, s\u00fct\u00e9s<\/p>\n","protected":false},"excerpt":{"rendered":"<p>Sapkasz\u00e1m: 10<br \/>\nPoz\u00edci\u00f3: Kap\u00e1s sz\u00e9ls\u0151\/h\u00e1ts\u00f3<br \/>\nKor: 19<br \/>\nTanulm\u00e1nyok: K\u0151b\u00e1nyai Szent L\u00e1szl\u00f3 Gimn\u00e1zium<br \/>\nHobbi: Olvas\u00e1s, s\u00fct\u00e9s<\/p>\n","protected":false},"author":102504,"featured_media":1804,"parent":237,"menu_order":0,"comment_status":"closed","ping_status":"closed","template":"","meta":{"_acf_changed":false,"footnotes":""},"categories":[46],"tags":[],"class_list":["post-1803","page","type-page","status-publish","has-post-thumbnail","hentry","category-noi-felnott-jatekosok"],"acf":[],"_links":{"self":[{"href":"https:\/\/semmelweis.hu\/vizilabda\/wp-json\/wp\/v2\/pages\/1803","targetHints":{"allow":["GET"]}}],"collection":[{"href":"https:\/\/semmelweis.hu\/vizilabda\/wp-json\/wp\/v2\/pages"}],"about":[{"href":"https:\/\/semmelweis.hu\/vizilabda\/wp-json\/wp\/v2\/types\/page"}],"author":[{"embeddable":true,"href":"https:\/\/semmelweis.hu\/vizilabda\/wp-json\/wp\/v2\/users\/102504"}],"replies":[{"embeddable":true,"href":"https:\/\/semmelweis.hu\/vizilabda\/wp-json\/wp\/v2\/comments?post=1803"}],"version-history":[{"count":1,"href":"https:\/\/semmelweis.hu\/vizilabda\/wp-json\/wp\/v2\/pages\/1803\/revisions"}],"predecessor-version":[{"id":1805,"href":"https:\/\/semmelweis.hu\/vizilabda\/wp-json\/wp\/v2\/pages\/1803\/revisions\/1805"}],"up":[{"embeddable":true,"href":"https:\/\/semmelweis.hu\/vizilabda\/wp-json\/wp\/v2\/pages\/237"}],"wp:featuredmedia":[{"embeddable":true,"href":"https:\/\/semmelweis.hu\/vizilabda\/wp-json\/wp\/v2\/media\/1804"}],"wp:attachment":[{"href":"https:\/\/semmelweis.hu\/vizilabda\/wp-json\/wp\/v2\/media?parent=1803"}],"wp:term":[{"taxonomy":"category","embeddable":true,"href":"https:\/\/semmelweis.hu\/vizilabda\/wp-json\/wp\/v2\/categories?post=1803"},{"taxonomy":"post_tag","embeddable":true,"href":"https:\/\/semmelweis.hu\/vizilabda\/wp-json\/wp\/v2\/tags?post=1803"}],"curies":[{"name":"wp","href":"https:\/\/api.w.org\/{rel}","templated":true}]}}