{"id":1767,"date":"2026-01-06T19:34:38","date_gmt":"2026-01-06T18:34:38","guid":{"rendered":"https:\/\/semmelweis.hu\/vizilabda\/?page_id=1767"},"modified":"2026-01-06T19:51:37","modified_gmt":"2026-01-06T18:51:37","slug":"beszedes-reka-dorka","status":"publish","type":"page","link":"https:\/\/semmelweis.hu\/vizilabda\/a-csapat\/orszagos-noi-ob1-b\/beszedes-reka-dorka\/","title":{"rendered":"Besz\u00e9des R\u00e9ka Dorka\u00a0"},"content":{"rendered":"<p><strong>Sapkasz\u00e1m:<\/strong> 7<br \/>\n<strong>Poz\u00edci\u00f3:<\/strong> Kap\u00e1s sz\u00e9ls\u0151<br \/>\n<strong>Kor:<\/strong> 23<br \/>\n<strong>Kar:<\/strong> ETK &#8211; dietetikus (III. \u00c9vfolyam)<br \/>\n<strong>Hobbi:<\/strong> F\u0151z\u00e9s, utaz\u00e1s<\/p>\n","protected":false},"excerpt":{"rendered":"<p>Sapkasz\u00e1m: 7<br \/>\nPoz\u00edci\u00f3: Kap\u00e1s sz\u00e9ls\u0151<br \/>\nKor: 23<br \/>\nKar: ETK &#8211; dietetikus (III. \u00c9vfolyam)<br \/>\nHobbi: F\u0151z\u00e9s, utaz\u00e1s<\/p>\n","protected":false},"author":102504,"featured_media":1768,"parent":237,"menu_order":0,"comment_status":"closed","ping_status":"closed","template":"","meta":{"_acf_changed":false,"footnotes":""},"categories":[46],"tags":[],"class_list":["post-1767","page","type-page","status-publish","has-post-thumbnail","hentry","category-noi-felnott-jatekosok"],"acf":[],"_links":{"self":[{"href":"https:\/\/semmelweis.hu\/vizilabda\/wp-json\/wp\/v2\/pages\/1767","targetHints":{"allow":["GET"]}}],"collection":[{"href":"https:\/\/semmelweis.hu\/vizilabda\/wp-json\/wp\/v2\/pages"}],"about":[{"href":"https:\/\/semmelweis.hu\/vizilabda\/wp-json\/wp\/v2\/types\/page"}],"author":[{"embeddable":true,"href":"https:\/\/semmelweis.hu\/vizilabda\/wp-json\/wp\/v2\/users\/102504"}],"replies":[{"embeddable":true,"href":"https:\/\/semmelweis.hu\/vizilabda\/wp-json\/wp\/v2\/comments?post=1767"}],"version-history":[{"count":1,"href":"https:\/\/semmelweis.hu\/vizilabda\/wp-json\/wp\/v2\/pages\/1767\/revisions"}],"predecessor-version":[{"id":1769,"href":"https:\/\/semmelweis.hu\/vizilabda\/wp-json\/wp\/v2\/pages\/1767\/revisions\/1769"}],"up":[{"embeddable":true,"href":"https:\/\/semmelweis.hu\/vizilabda\/wp-json\/wp\/v2\/pages\/237"}],"wp:featuredmedia":[{"embeddable":true,"href":"https:\/\/semmelweis.hu\/vizilabda\/wp-json\/wp\/v2\/media\/1768"}],"wp:attachment":[{"href":"https:\/\/semmelweis.hu\/vizilabda\/wp-json\/wp\/v2\/media?parent=1767"}],"wp:term":[{"taxonomy":"category","embeddable":true,"href":"https:\/\/semmelweis.hu\/vizilabda\/wp-json\/wp\/v2\/categories?post=1767"},{"taxonomy":"post_tag","embeddable":true,"href":"https:\/\/semmelweis.hu\/vizilabda\/wp-json\/wp\/v2\/tags?post=1767"}],"curies":[{"name":"wp","href":"https:\/\/api.w.org\/{rel}","templated":true}]}}