{"id":1038,"date":"2025-09-17T08:46:16","date_gmt":"2025-09-17T06:46:16","guid":{"rendered":"https:\/\/semmelweis.hu\/vizilabda\/?page_id=1038"},"modified":"2026-03-25T11:21:20","modified_gmt":"2026-03-25T10:21:20","slug":"tamogatoink","status":"publish","type":"page","link":"https:\/\/semmelweis.hu\/vizilabda\/tamogatoink\/","title":{"rendered":"T\u00e1mogat\u00f3ink"},"content":{"rendered":"<h1 style=\"text-align: center\">A Semmelweis OSC hivatalos t\u00e1mogat\u00f3i, szakmai partnerei:<\/h1>\n<p>&nbsp;<\/p>\n<p><a href=\"https:\/\/www.genesys.com\/\"><img loading=\"lazy\" decoding=\"async\" class=\"aligncenter wp-image-1039 \" src=\"https:\/\/semmelweis.hu\/vizilabda\/files\/2025\/09\/Genesys-Logo_Digital-Full-Color-1-1024x189.png\" alt=\"\" width=\"672\" height=\"124\" srcset=\"https:\/\/semmelweis.hu\/vizilabda\/files\/2025\/09\/Genesys-Logo_Digital-Full-Color-1-1024x189.png 1024w, https:\/\/semmelweis.hu\/vizilabda\/files\/2025\/09\/Genesys-Logo_Digital-Full-Color-1-300x55.png 300w, https:\/\/semmelweis.hu\/vizilabda\/files\/2025\/09\/Genesys-Logo_Digital-Full-Color-1-768x142.png 768w, https:\/\/semmelweis.hu\/vizilabda\/files\/2025\/09\/Genesys-Logo_Digital-Full-Color-1-1536x284.png 1536w, https:\/\/semmelweis.hu\/vizilabda\/files\/2025\/09\/Genesys-Logo_Digital-Full-Color-1-753x139.png 753w, https:\/\/semmelweis.hu\/vizilabda\/files\/2025\/09\/Genesys-Logo_Digital-Full-Color-1.png 1965w\" sizes=\"auto, (max-width: 672px) 100vw, 672px\" \/><\/a><\/p>\n<p style=\"text-align: justify\">A <strong data-start=\"165\" data-end=\"176\">GENESYS<\/strong> egy vezet\u0151 glob\u00e1lis v\u00e1llalat, amely a mesters\u00e9ges intelligencia alap\u00fa \u00fcgyf\u00e9lszolg\u00e1lati \u00e9s kommunik\u00e1ci\u00f3s megold\u00e1sok ter\u00e9n k\u00edn\u00e1l innovat\u00edv szolg\u00e1ltat\u00e1sokat. A c\u00e9g c\u00e9lja, hogy seg\u00edtse a szervezeteket a hat\u00e9konyabb \u00fcgyf\u00e9l\u00e9lm\u00e9ny biztos\u00edt\u00e1s\u00e1ban, legyen sz\u00f3 b\u00e1rmilyen ipar\u00e1gr\u00f3l. A <strong data-start=\"451\" data-end=\"462\">GENESYS<\/strong> \u00e9vtizedes tapasztalat\u00e1val \u00e9s fejlett technol\u00f3giai h\u00e1tter\u00e9vel biztos\u00edtja, hogy a legmodernebb megold\u00e1sok a felhaszn\u00e1l\u00f3k sz\u00e1m\u00e1ra el\u00e9rhet\u0151ek legyenek. A sport \u00e9s k\u00f6z\u00f6ss\u00e9gi felel\u0151ss\u00e9gv\u00e1llal\u00e1s ter\u00e9n is elk\u00f6telezett, ez\u00e9rt b\u00fcszk\u00e9n t\u00e1mogatja a v\u00edzilabda sport\u00e1gat \u00e9s hozz\u00e1j\u00e1rul a fiatal tehets\u00e9gek fejl\u0151d\u00e9s\u00e9hez, valamint a sport\u00e1g n\u00e9pszer\u0171s\u00edt\u00e9s\u00e9hez.<\/p>\n<hr \/>\n<p style=\"text-align: center\"><a href=\"https:\/\/semmelweis.hu\/vizilabda\/files\/2026\/02\/INDOTEK_group_logo_hatter_nelkul_RGB-1.png\"><img loading=\"lazy\" decoding=\"async\" class=\"wp-image-1891 aligncenter\" src=\"https:\/\/semmelweis.hu\/vizilabda\/files\/2026\/02\/INDOTEK_group_logo_hatter_nelkul_RGB-1.png\" alt=\"\" width=\"559\" height=\"409\" srcset=\"https:\/\/semmelweis.hu\/vizilabda\/files\/2026\/02\/INDOTEK_group_logo_hatter_nelkul_RGB-1.png 820w, https:\/\/semmelweis.hu\/vizilabda\/files\/2026\/02\/INDOTEK_group_logo_hatter_nelkul_RGB-1-300x220.png 300w, https:\/\/semmelweis.hu\/vizilabda\/files\/2026\/02\/INDOTEK_group_logo_hatter_nelkul_RGB-1-768x562.png 768w, https:\/\/semmelweis.hu\/vizilabda\/files\/2026\/02\/INDOTEK_group_logo_hatter_nelkul_RGB-1-753x551.png 753w\" sizes=\"auto, (max-width: 559px) 100vw, 559px\" \/><\/a><\/p>\n<p>A budapesti k\u00f6zpontb\u00f3l ir\u00e1ny\u00edtott Indotek Group Magyarorsz\u00e1g egyik vezet\u0151 befektet\u0151, ingatlanhasznos\u00edt\u00f3, -fejleszt\u0151 \u00e9s vagyonkezel\u0151 v\u00e1llalatcsoportja, amelyik 12 eur\u00f3pai orsz\u00e1gban mintegy 10 000 munkav\u00e1llal\u00f3t foglalkoztat \u00e9rdekelts\u00e9gein kereszt\u00fcl. M\u0171k\u00f6d\u00e9s\u00e9t nemzetk\u00f6zi menedzsment ir\u00e1ny\u00edtja egys\u00e9ges strat\u00e9gia ment\u00e9n. Csaknem 2,5 milli\u00e1rd eur\u00f3 \u00e9rt\u00e9k\u0171 vagyont kezel Eur\u00f3pa-szerte, t\u00f6bb mint 350 ingatlanb\u00f3l \u00e1ll\u00f3 portf\u00f3li\u00f3ja 2,5 milli\u00f3 n\u00e9gyzetm\u00e9ternyi kiskereskedelmi egys\u00e9get, irod\u00e1t, ipari, logisztikai ingatlant \u00e9s sz\u00e1llod\u00e1t foglal mag\u00e1ban. Saj\u00e1t fejleszt\u00e9s\u0171 lak\u00f3park projektjei r\u00e9v\u00e9n a magyarorsz\u00e1gi lakoss\u00e1gi ingatlanpiac meghat\u00e1roz\u00f3 szerepl\u0151je.<\/p>\n<p>A v\u00e1llalatcsoport a nemteljes\u00edt\u0151 hitelportf\u00f3li\u00f3k megv\u00e1s\u00e1rl\u00e1s\u00e1ban \u00e9s kezel\u00e9s\u00e9ben, illetve a mag\u00e1nt\u0151ke-befektet\u00e9sek ter\u00fclet\u00e9n is akt\u00edv. Ut\u00f3bbi fontos m\u00e9rf\u00f6ldk\u00f6ve volt a k\u00f6zelm\u00faltban \u2013t\u00f6bbek k\u00f6z\u00f6tt \u2013 a magyarorsz\u00e1gi Auchan-l\u00e1nc tulajdonr\u00e9sz\u00e9nek megv\u00e1s\u00e1rl\u00e1sa \u00e9s operat\u00edv ir\u00e1ny\u00edt\u00e1s\u00e1nak megszerz\u00e9se. Hossz\u00fa t\u00e1v\u00fa turnaround strat\u00e9gi\u00e1j\u00e1t t\u00f6bb \u00e9vtizedes hazai \u00e9s nemzetk\u00f6zi tapasztalatai alapj\u00e1n alak\u00edtotta ki. K\u00f6z\u00e9ppontj\u00e1ban az el\u00f6regedett vagy alulteljes\u00edt\u0151 ingatlanok fel\u00faj\u00edt\u00e1sa, v\u00e1llalatok \u00fajrapozicion\u00e1l\u00e1sa \u00e9s fenntarthat\u00f3 \u00e9rt\u00e9kn\u00f6vel\u00e9se \u00e1ll, mely a korszer\u0171 k\u00f6rnyezetv\u00e9delmi \u00e9s fenntarthat\u00f3s\u00e1gi elv\u00e1r\u00e1sokkal is \u00f6sszhangban van. Eredm\u00e9nyess\u00e9g\u00e9nek alappill\u00e9re a transzparens v\u00e1llalatir\u00e1ny\u00edt\u00e1s, tudatos kock\u00e1zatv\u00e1llal\u00e1s \u00e9s -kezel\u00e9s, illetve a hossz\u00fa t\u00e1v\u00fa tervez\u00e9s. M\u0171k\u00f6d\u00e9se sor\u00e1n kiemelt figyelmet ford\u00edt t\u00e1rsadalmi felel\u0151ss\u00e9gv\u00e1llal\u00e1s\u00e1ra, valamint az \u00e1ltala kezelt ingatlanok k\u00f6rnyezet\u00e9ben \u00e9l\u0151 k\u00f6z\u00f6ss\u00e9gek t\u00e1mogat\u00e1s\u00e1ra.<\/p>\n<p>&nbsp;<\/p>\n<hr \/>\n<p><a href=\"https:\/\/semmelweis.hu\/\"><img loading=\"lazy\" decoding=\"async\" class=\"aligncenter wp-image-1040 \" src=\"https:\/\/semmelweis.hu\/vizilabda\/files\/2025\/09\/semmelweis-768x429.png\" alt=\"\" width=\"687\" height=\"384\" srcset=\"https:\/\/semmelweis.hu\/vizilabda\/files\/2025\/09\/semmelweis-768x429.png 768w, https:\/\/semmelweis.hu\/vizilabda\/files\/2025\/09\/semmelweis-300x168.png 300w, https:\/\/semmelweis.hu\/vizilabda\/files\/2025\/09\/semmelweis-753x421.png 753w, https:\/\/semmelweis.hu\/vizilabda\/files\/2025\/09\/semmelweis.png 1016w\" sizes=\"auto, (max-width: 687px) 100vw, 687px\" \/><\/a>A <strong>Semmelweis Egyetem<\/strong> Magyarorsz\u00e1g \u00e9s a r\u00e9gi\u00f3 egyik legrangosabb \u00e9s legnagyobb m\u00falt\u00fa fels\u0151oktat\u00e1si int\u00e9zm\u00e9nye, amely a tudom\u00e1nyos kiv\u00e1l\u00f3s\u00e1got, az eg\u00e9szs\u00e9g\u00fcgyi \u00e9s orvosi oktat\u00e1st \u00e9s kutat\u00e1st a vil\u00e1g \u00e9lvonal\u00e1ba helyezi. Az egyetem t\u00f6bb mint 250 \u00e9ves t\u00f6rt\u00e9nete alatt folyamatosan hozz\u00e1j\u00e1rult a nemzetk\u00f6zi orvosi tudom\u00e1ny fejl\u0151d\u00e9s\u00e9hez, \u00e9s a legkiv\u00e1l\u00f3bb szakemberek k\u00e9pz\u00e9s\u00e9re helyezi a hangs\u00falyt. A <strong>Semmelweis Egyetem<\/strong> nemcsak oktat\u00e1si \u00e9s kutat\u00e1si ter\u00fcleteken, hanem az eg\u00e9szs\u00e9g\u00fcgyi ell\u00e1t\u00e1s fejleszt\u00e9s\u00e9ben is vezet\u0151 szerepet j\u00e1tszik, vil\u00e1gsz\u00ednvonal\u00fa klinik\u00e1ival \u00e9s orvosi k\u00f6zpontjaival. Az egyetem elk\u00f6telezett a tudom\u00e1nyos innov\u00e1ci\u00f3 \u00e9s a k\u00f6z\u00f6ss\u00e9gi felel\u0151ss\u00e9gv\u00e1llal\u00e1s ir\u00e1nt, \u00e9s partners\u00e9gekkel seg\u00edti a t\u00e1rsadalmi \u00e9s sport\u00e9leti c\u00e9lok el\u00e9r\u00e9s\u00e9t, p\u00e9ld\u00e1ul a v\u00edzilabda sport\u00e1g t\u00e1mogat\u00e1s\u00e1val.<\/p>\n<hr \/>\n<p><a href=\"https:\/\/shop.biotechusa.hu\/\"><img loading=\"lazy\" decoding=\"async\" class=\"aligncenter wp-image-1042 size-large\" src=\"https:\/\/semmelweis.hu\/vizilabda\/files\/2025\/09\/1-768x226.png\" alt=\"\" width=\"753\" height=\"631\" \/><\/a>A <strong data-start=\"209\" data-end=\"223\">BioTechUSA<\/strong> Eur\u00f3pa egyik vezet\u0151 t\u00e1pl\u00e1l\u00e9kkieg\u00e9sz\u00edt\u0151-gy\u00e1rt\u00f3 v\u00e1llalata, amely 1999 \u00f3ta k\u00edn\u00e1l kiv\u00e1l\u00f3 min\u0151s\u00e9g\u0171, tudom\u00e1nyosan megalapozott term\u00e9keket sportol\u00f3k, akt\u00edv \u00e9letm\u00f3dot folytat\u00f3k \u00e9s eg\u00e9szs\u00e9gtudatos fogyaszt\u00f3k sz\u00e1m\u00e1ra. A c\u00e9g portf\u00f3li\u00f3j\u00e1ban t\u00f6bb, mint 2 000 term\u00e9k tal\u00e1lhat\u00f3, bele\u00e9rtve feh\u00e9rj\u00e9ket, vitaminokat, aminosavakat, funkcion\u00e1lis \u00e9lelmiszereket \u00e9s sportitalokat. A BioTechUSA sz\u00e1m\u00e1ra kiemelten fontos a megb\u00edzhat\u00f3s\u00e1g, a folyamatos innov\u00e1ci\u00f3 \u00e9s a szakmai hiteless\u00e9g, ez\u00e9rt term\u00e9keiket szigor\u00fa ellen\u0151rz\u00e9s mellett fejlesztik \u00e9s gy\u00e1rtj\u00e1k, megfelelve a legmagasabb min\u0151s\u00e9gi k\u00f6vetelm\u00e9nyeknek.<\/p>\n<p>A v\u00e1llalat nemcsak a lakoss\u00e1g eg\u00e9szs\u00e9gtudatoss\u00e1g\u00e1t t\u00e1mogatja, hanem akt\u00edvan jelen van a <strong data-start=\"895\" data-end=\"916\">sportszakm\u00e1ban is<\/strong>, k\u00fcl\u00f6nf\u00e9le egyes\u00fcletekkel, sportol\u00f3kkal \u00e9s sz\u00f6vets\u00e9gekkel kialak\u00edtott egy\u00fcttm\u0171k\u00f6d\u00e9seken kereszt\u00fcl. A <strong data-start=\"1018\" data-end=\"1062\">BioTechUSA \u00e9s klubunk k\u00f6z\u00f6tti partners\u00e9g<\/strong> c\u00e9lja, hogy a sportol\u00f3k megfelel\u0151 \u00e9s biztons\u00e1gos t\u00e1pl\u00e1l\u00e9kkieg\u00e9sz\u00edt\u00e9st kapjanak a teljes\u00edtm\u00e9ny\u00fck n\u00f6vel\u00e9se \u00e9s eg\u00e9szs\u00e9g\u00fck meg\u0151rz\u00e9se \u00e9rdek\u00e9ben. B\u00fcszk\u00e9k vagyunk arra, hogy egy ilyen elismert \u00e9s szakmailag elk\u00f6telezett v\u00e1llalat t\u00e1mogatja a v\u00edzilabdasportot \u00e9s seg\u00edti sportol\u00f3ink fejl\u0151d\u00e9s\u00e9t.<\/p>\n<hr \/>\n<p><a href=\"https:\/\/itgen.hu\/\"><img loading=\"lazy\" decoding=\"async\" class=\"aligncenter wp-image-1055 size-large\" src=\"https:\/\/semmelweis.hu\/vizilabda\/files\/2025\/09\/itgen_logo_2-1-1024x246.jpg\" alt=\"\" width=\"753\" height=\"181\" srcset=\"https:\/\/semmelweis.hu\/vizilabda\/files\/2025\/09\/itgen_logo_2-1-1024x246.jpg 1024w, https:\/\/semmelweis.hu\/vizilabda\/files\/2025\/09\/itgen_logo_2-1-300x72.jpg 300w, https:\/\/semmelweis.hu\/vizilabda\/files\/2025\/09\/itgen_logo_2-1-768x184.jpg 768w, https:\/\/semmelweis.hu\/vizilabda\/files\/2025\/09\/itgen_logo_2-1-1536x369.jpg 1536w, https:\/\/semmelweis.hu\/vizilabda\/files\/2025\/09\/itgen_logo_2-1-2048x492.jpg 2048w, https:\/\/semmelweis.hu\/vizilabda\/files\/2025\/09\/itgen_logo_2-1-753x181.jpg 753w\" sizes=\"auto, (max-width: 753px) 100vw, 753px\" \/><\/a><\/p>\n<p style=\"text-align: justify\" data-start=\"807\" data-end=\"1347\">Az <strong data-start=\"143\" data-end=\"157\">ITgen Kft.<\/strong> egy hazai tulajdon\u00fa, dinamikusan fejl\u0151d\u0151 informatikai tan\u00e1csad\u00f3 c\u00e9g, amely els\u0151sorban SAP rendszerek bevezet\u00e9s\u00e9vel, fejleszt\u00e9s\u00e9vel \u00e9s \u00fczleti folyamatok optimaliz\u00e1l\u00e1s\u00e1val foglalkozik. A v\u00e1llalat t\u00f6bb mint m\u00e1sf\u00e9l \u00e9vtizede ny\u00fajt magas sz\u00ednvonal\u00fa szolg\u00e1ltat\u00e1sokat hazai \u00e9s nemzetk\u00f6zi partnereknek egyar\u00e1nt. Az ITgen elk\u00f6telezett a szakmai min\u0151s\u00e9g \u00e9s innov\u00e1ci\u00f3 ir\u00e1nt, \u00e9s b\u00fcszk\u00e9k vagyunk r\u00e1, hogy t\u00e1mogat\u00f3k\u00e9nt a sport \u00e9s a k\u00f6z\u00f6ss\u00e9gi \u00e9rt\u00e9kek mell\u00e9 is oda\u00e1ll.<\/p>\n<hr \/>\n<p>&nbsp;<\/p>\n<p style=\"text-align: justify\"><a href=\"https:\/\/realmanagement.hu\/\"><img loading=\"lazy\" decoding=\"async\" class=\"aligncenter wp-image-1912 size-large\" src=\"https:\/\/semmelweis.hu\/vizilabda\/files\/2026\/02\/RM_Logo_25-1024x207.png\" alt=\"\" width=\"753\" height=\"152\" srcset=\"https:\/\/semmelweis.hu\/vizilabda\/files\/2026\/02\/RM_Logo_25-1024x207.png 1024w, https:\/\/semmelweis.hu\/vizilabda\/files\/2026\/02\/RM_Logo_25-300x61.png 300w, https:\/\/semmelweis.hu\/vizilabda\/files\/2026\/02\/RM_Logo_25-768x155.png 768w, https:\/\/semmelweis.hu\/vizilabda\/files\/2026\/02\/RM_Logo_25-753x152.png 753w, https:\/\/semmelweis.hu\/vizilabda\/files\/2026\/02\/RM_Logo_25.png 1200w\" sizes=\"auto, (max-width: 753px) 100vw, 753px\" \/><\/a><\/p>\n<p style=\"text-align: justify\">A <strong data-start=\"88\" data-end=\"107\">Real Management<\/strong> magyar tulajdon\u00fa, komplex ingatlanpiaci szolg\u00e1ltat\u00f3 v\u00e1llalat, amely \u00e1tfog\u00f3 megold\u00e1sokat k\u00edn\u00e1l az ingatlanfejleszt\u00e9s, -hasznos\u00edt\u00e1s \u00e9s -\u00fczemeltet\u00e9s teljes \u00e9letciklus\u00e1ban. A c\u00e9g tev\u00e9kenys\u00e9ge kiterjed az ingatlanpiaci \u00e9s strat\u00e9giai tan\u00e1csad\u00e1sra, \u00e9rt\u00e9kbecsl\u00e9sre, portf\u00f3li\u00f3- \u00e9s vagyonkezel\u00e9sre, valamint az ingatlanok \u00e9rt\u00e9kes\u00edt\u00e9s\u00e9nek \u00e9s b\u00e9rbead\u00e1s\u00e1nak professzion\u00e1lis t\u00e1mogat\u00e1s\u00e1ra. A Real Management elk\u00f6telezett a sport \u00e9s az ut\u00e1np\u00f3tl\u00e1s-nevel\u00e9s ir\u00e1nt: lelkes k\u00f6vet\u0151je \u00e9s t\u00e1mogat\u00f3ja klubunk ut\u00e1np\u00f3tl\u00e1s-koroszt\u00e1lyainak, valamint a feln\u0151tt csapat munk\u00e1j\u00e1nak is.<\/p>\n<hr \/>\n<p style=\"text-align: justify\"><a href=\"https:\/\/semmelweis.hu\/vizilabda\/files\/2026\/03\/OTP-Bank-Logo.png\"><img loading=\"lazy\" decoding=\"async\" class=\"size-large wp-image-2106 aligncenter\" src=\"https:\/\/semmelweis.hu\/vizilabda\/files\/2026\/03\/OTP-Bank-Logo-1024x576.png\" alt=\"\" width=\"753\" height=\"424\" srcset=\"https:\/\/semmelweis.hu\/vizilabda\/files\/2026\/03\/OTP-Bank-Logo-1024x576.png 1024w, https:\/\/semmelweis.hu\/vizilabda\/files\/2026\/03\/OTP-Bank-Logo-300x169.png 300w, https:\/\/semmelweis.hu\/vizilabda\/files\/2026\/03\/OTP-Bank-Logo-768x432.png 768w, https:\/\/semmelweis.hu\/vizilabda\/files\/2026\/03\/OTP-Bank-Logo-1536x864.png 1536w, https:\/\/semmelweis.hu\/vizilabda\/files\/2026\/03\/OTP-Bank-Logo-2048x1152.png 2048w, https:\/\/semmelweis.hu\/vizilabda\/files\/2026\/03\/OTP-Bank-Logo-753x424.png 753w\" sizes=\"auto, (max-width: 753px) 100vw, 753px\" \/><\/a>Az <strong>OTP Bank<\/strong> Magyarorsz\u00e1g egyik meghat\u00e1roz\u00f3 p\u00e9nz\u00fcgyi int\u00e9zm\u00e9nye, amely stabil szakmai h\u00e1tt\u00e9rrel \u00e9s innovat\u00edv szeml\u00e9lettel j\u00e1rul hozz\u00e1 a hazai gazdas\u00e1g fejl\u0151d\u00e9s\u00e9hez. A Semmelweis OSC b\u00fcszke arra, hogy az OTP Bankkal hossz\u00fa t\u00e1v\u00fa partners\u00e9get \u00e9p\u00edthet ki, amely hozz\u00e1j\u00e1rul klubunk fejl\u0151d\u00e9s\u00e9hez \u00e9s c\u00e9ljaink megval\u00f3s\u00edt\u00e1s\u00e1hoz. Az egy\u00fcttm\u0171k\u00f6d\u00e9s hozz\u00e1j\u00e1rul ahhoz, hogy egyes\u00fclet\u00fcnk stabil alapokon m\u0171k\u00f6dj\u00f6n, \u00e9s tov\u00e1bbra is magas sz\u00ednvonalon k\u00e9pviselje a Semmelweis k\u00f6z\u00f6ss\u00e9g\u00e9t a sport\u00e9letben.<\/p>\n<hr \/>\n<p style=\"text-align: justify\"><a href=\"https:\/\/semmelweis.hu\/vizilabda\/files\/2026\/03\/epkar_logo_color.png\"><img loading=\"lazy\" decoding=\"async\" class=\"wp-image-2107 aligncenter\" src=\"https:\/\/semmelweis.hu\/vizilabda\/files\/2026\/03\/epkar_logo_color.png\" alt=\"\" width=\"373\" height=\"351\" srcset=\"https:\/\/semmelweis.hu\/vizilabda\/files\/2026\/03\/epkar_logo_color.png 1000w, https:\/\/semmelweis.hu\/vizilabda\/files\/2026\/03\/epkar_logo_color-300x283.png 300w, https:\/\/semmelweis.hu\/vizilabda\/files\/2026\/03\/epkar_logo_color-768x723.png 768w, https:\/\/semmelweis.hu\/vizilabda\/files\/2026\/03\/epkar_logo_color-753x709.png 753w\" sizes=\"auto, (max-width: 373px) 100vw, 373px\" \/><\/a><br \/>\nAz \u00c9pkar Zrt. Magyarorsz\u00e1g egyik meghat\u00e1roz\u00f3 \u00e9p\u00edt\u0151ipari v\u00e1llalata, amely kiemelked\u0151 szakmai tapasztalattal \u00e9s stabil h\u00e1tt\u00e9rrel vesz r\u00e9szt sz\u00e1mos jelent\u0151s hazai beruh\u00e1z\u00e1s megval\u00f3s\u00edt\u00e1s\u00e1ban. A Semmelweis OSC sz\u00e1m\u00e1ra k\u00fcl\u00f6n\u00f6sen nagy megtiszteltet\u00e9s, hogy az \u00c9pkar Zrt. kiemelt partnerk\u00e9nt t\u00e1mogatja klubunkat. A hossz\u00fa t\u00e1v\u00fa egy\u00fcttm\u0171k\u00f6d\u00e9s jelent\u0151s szerepet j\u00e1tszik abban, hogy egyes\u00fclet\u00fcnk stabil alapokon m\u0171k\u00f6dhessen, \u00e9s a j\u00f6v\u0151ben is versenyk\u00e9pes csapattal k\u00e9pviselje mag\u00e1t a hazai v\u00edzilabda \u00e9lvonal\u00e1ban. B\u00fcszk\u00e9k vagyunk arra, hogy egy ilyen meghat\u00e1roz\u00f3 v\u00e1llalat \u00e1ll klubunk mellett.<\/p>\n<hr \/>\n<p style=\"text-align: justify\"><a href=\"https:\/\/magyarepito.hu\/\"><img loading=\"lazy\" decoding=\"async\" class=\"aligncenter wp-image-1915\" src=\"https:\/\/semmelweis.hu\/vizilabda\/files\/2026\/02\/logo-color-sm.png\" alt=\"\" width=\"396\" height=\"224\" \/><\/a>A <strong data-start=\"141\" data-end=\"162\">Magyar \u00c9p\u00edt\u0151 Zrt.<\/strong> Magyarorsz\u00e1g egyik meghat\u00e1roz\u00f3, nagy m\u00falt\u00fa \u00e9p\u00edt\u0151ipari v\u00e1llalata, amely komplex kivitelez\u00e9si feladatok megval\u00f3s\u00edt\u00e1s\u00e1ban rendelkezik kiemelked\u0151 tapasztalattal. Tev\u00e9kenys\u00e9ge kiterjed magas\u00e9p\u00edt\u00e9si \u00e9s m\u00e9ly\u00e9p\u00edt\u00e9si projektek teljes k\u00f6r\u0171 kivitelez\u00e9s\u00e9re, az ipari, infrastruktur\u00e1lis \u00e9s k\u00f6z\u00e9p\u00fcleti beruh\u00e1z\u00e1sokt\u00f3l a speci\u00e1lis m\u0171szaki megold\u00e1sokat ig\u00e9nyl\u0151 fejleszt\u00e9sekig.<br data-start=\"522\" data-end=\"525\" \/><br \/>\nA Magyar \u00c9p\u00edt\u0151 elk\u00f6telezett a sport \u00e9s a tehets\u00e9ggondoz\u00e1s ir\u00e1nt: akt\u00edv t\u00e1mogat\u00f3ja \u00e9s figyelemmel k\u00eds\u00e9r\u0151je a Semmelweis OSC ut\u00e1np\u00f3tl\u00e1s-nevel\u00e9s\u00e9nek, valamint a feln\u0151tt csapat szakmai munk\u00e1j\u00e1nak is.<\/p>\n<hr \/>\n<p><a href=\"https:\/\/www.tippmix.hu\/\"><img loading=\"lazy\" decoding=\"async\" class=\"aligncenter wp-image-1047 \" style=\"padding-top: 15px;padding-bottom: 15px\" src=\"https:\/\/semmelweis.hu\/vizilabda\/files\/2025\/09\/tippmix_CMYK_outline-1-1024x233.png\" alt=\"\" width=\"560\" height=\"155\" \/><\/a>A <strong data-start=\"148\" data-end=\"171\">Szerencsej\u00e1t\u00e9k Zrt.<\/strong> Magyarorsz\u00e1g legnagyobb \u00e1llami tulajdon\u00fa j\u00e1t\u00e9k- \u00e9s sportfogad\u00e1si szolg\u00e1ltat\u00f3ja, amely kiemelt szerepet j\u00e1tszik a hazai sport\u00e9let t\u00e1mogat\u00e1s\u00e1ban. A v\u00e1llalat bev\u00e9teleinek egy r\u00e9sz\u00e9t sportegyes\u00fcletek, sz\u00f6vets\u00e9gek \u00e9s ut\u00e1np\u00f3tl\u00e1sprogramok finansz\u00edroz\u00e1s\u00e1ra ford\u00edtja, ezzel is hozz\u00e1j\u00e1rulva a magyar sport folyamatos fejl\u0151d\u00e9s\u00e9hez \u2013 \u00edgy a v\u00edzilabda sport\u00e1g er\u0151s\u00edt\u00e9s\u00e9hez is.<\/p>\n","protected":false},"excerpt":{"rendered":"<p>A Semmelweis OSC hivatalos t\u00e1mogat\u00f3i, szakmai partnerei: &nbsp; <a href=\"https:\/\/www.genesys.com\/\"><\/a> A GENESYS egy vezet\u0151 glob\u00e1lis v\u00e1llalat, amely a mesters\u00e9ges intelligencia alap\u00fa \u00fcgyf\u00e9lszolg\u00e1lati \u00e9s kommunik\u00e1ci\u00f3s megold\u00e1sok ter\u00e9n k\u00edn\u00e1l innovat\u00edv szolg\u00e1ltat\u00e1sokat. A c\u00e9g c\u00e9lja, hogy seg\u00edtse a szervezeteket a hat\u00e9konyabb \u00fcgyf\u00e9l\u00e9lm\u00e9ny biztos\u00edt\u00e1s\u00e1ban, legyen sz\u00f3 b\u00e1rmilyen ipar\u00e1gr\u00f3l. A GENESYS \u00e9vtizedes tapasztalat\u00e1val \u00e9s fejlett technol\u00f3giai h\u00e1tter\u00e9vel biztos\u00edtja, hogy a legmodernebb megold\u00e1sok &hellip;<\/p>\n","protected":false},"author":102504,"featured_media":0,"parent":0,"menu_order":0,"comment_status":"closed","ping_status":"closed","template":"","meta":{"_acf_changed":false,"footnotes":""},"categories":[1,9],"tags":[],"class_list":["post-1038","page","type-page","status-publish","hentry","category-hirek","category-ob1"],"acf":[],"_links":{"self":[{"href":"https:\/\/semmelweis.hu\/vizilabda\/wp-json\/wp\/v2\/pages\/1038","targetHints":{"allow":["GET"]}}],"collection":[{"href":"https:\/\/semmelweis.hu\/vizilabda\/wp-json\/wp\/v2\/pages"}],"about":[{"href":"https:\/\/semmelweis.hu\/vizilabda\/wp-json\/wp\/v2\/types\/page"}],"author":[{"embeddable":true,"href":"https:\/\/semmelweis.hu\/vizilabda\/wp-json\/wp\/v2\/users\/102504"}],"replies":[{"embeddable":true,"href":"https:\/\/semmelweis.hu\/vizilabda\/wp-json\/wp\/v2\/comments?post=1038"}],"version-history":[{"count":11,"href":"https:\/\/semmelweis.hu\/vizilabda\/wp-json\/wp\/v2\/pages\/1038\/revisions"}],"predecessor-version":[{"id":2108,"href":"https:\/\/semmelweis.hu\/vizilabda\/wp-json\/wp\/v2\/pages\/1038\/revisions\/2108"}],"wp:attachment":[{"href":"https:\/\/semmelweis.hu\/vizilabda\/wp-json\/wp\/v2\/media?parent=1038"}],"wp:term":[{"taxonomy":"category","embeddable":true,"href":"https:\/\/semmelweis.hu\/vizilabda\/wp-json\/wp\/v2\/categories?post=1038"},{"taxonomy":"post_tag","embeddable":true,"href":"https:\/\/semmelweis.hu\/vizilabda\/wp-json\/wp\/v2\/tags?post=1038"}],"curies":[{"name":"wp","href":"https:\/\/api.w.org\/{rel}","templated":true}]}}