{"id":787,"date":"2020-12-03T15:40:52","date_gmt":"2020-12-03T14:40:52","guid":{"rendered":"https:\/\/semmelweis.hu\/varosmajor\/?page_id=787"},"modified":"2021-12-09T10:37:19","modified_gmt":"2021-12-09T09:37:19","slug":"projektek","status":"publish","type":"page","link":"https:\/\/semmelweis.hu\/varosmajor\/kutatas\/kardiologia\/projektek\/","title":{"rendered":"P\u00e1ly\u00e1zatok"},"content":{"rendered":"<div class=\"responsive-tabs\">\n<h2 class=\"tabtitle\">Nemzeti Sz\u00edvprogram<\/h2>\n<div class=\"tabcontent\">\n\n<h2>Nemzeti Sz\u00edvprogram: Kutat\u00e1s \u00e9s innov\u00e1ci\u00f3 az iszk\u00e9mi\u00e1s sz\u00edvbetegs\u00e9g \u00e9s sz\u00edvel\u00e9gtelens\u00e9g diagnosztik\u00e1j\u00e1ban \u00e9s ter\u00e1pi\u00e1j\u00e1ban<\/h2>\n<ul>\n<li><strong>Kedvezm\u00e9nyezett neve: <\/strong>Semmelweis Egyetem, Pharmahungay 2000 Kft, Mediso Imaging Kft, Twinmed Kft, Neumann Medical Kft.<\/li>\n<li>\n<p><strong>Projekt c\u00edme:<\/strong>\u00a0Nemzeti Sz\u00edvprogram: Kutat\u00e1s \u00e9s innov\u00e1ci\u00f3 az iszk\u00e9mi\u00e1s sz\u00edvbetegs\u00e9g \u00e9s sz\u00edvel\u00e9gtelens\u00e9g diagnosztik\u00e1j\u00e1ban \u00e9s ter\u00e1pi\u00e1j\u00e1ban<\/p>\n<\/li>\n<li>\n<p><strong>Szerz\u0151d\u00e9s t\u00e1mogat\u00e1si \u00f6sszege:<\/strong>\u00a03.299.426.997 Ft<\/p>\n<\/li>\n<li><strong>T\u00e1mogat\u00e1s m\u00e9rt\u00e9ke %-ban:<\/strong>\u00a0 90,50%<\/li>\n<\/ul>\n<h2>Projekt tartalmi \u00f6sszefoglal\u00f3ja<\/h2>\n<p>A sz\u00e9les k\u00f6rben el\u00e9rhet\u0151 gy\u00f3gyszeres \u00e9s eszk\u00f6z\u00f6s ter\u00e1pi\u00e1s lehet\u0151s\u00e9gek ellen\u00e9re az iszk\u00e9mi\u00e1s sz\u00edvbetegs\u00e9g \u00e9s sz\u00edvel\u00e9gtelens\u00e9g haz\u00e1nkban \u00e9s az Eur\u00f3pai Uni\u00f3ban is az egyik leggyakoribb hal\u00e1lok. Ezen eg\u00e9szs\u00e9g\u00fcgyi mutat\u00f3k jav\u00edt\u00e1sa els\u0151sorban a megel\u0151z\u00e9s hat\u00e9konys\u00e1g\u00e1nak jav\u00edt\u00e1s\u00e1n kereszt\u00fcl \u00e9rhet\u0151 el.<\/p>\n<p>A Nemzeti Sz\u00edvprogram c\u00e9lja a sz\u00edv- \u00e9s \u00e9rrendszeri megbeteged\u00e9sek \u00e1ltal okozott hal\u00e1loz\u00e1s cs\u00f6kkent\u00e9se innovat\u00edv, j\u00f6v\u0151be mutat\u00f3 diagnosztikai \u00e9s ter\u00e1pi\u00e1s m\u00f3dszereken, szolg\u00e1ltat\u00e1sokon, fejleszt\u00e9seken kereszt\u00fcl. Ennek sor\u00e1n interdiszciplin\u00e1ris (orvostudom\u00e1ny, informatika, fizika), szorosan integr\u00e1lt transzl\u00e1ci\u00f3s (az alapkutat\u00e1st\u00f3l az epidemiol\u00f3gia kutat\u00e1sig terjed\u0151) kutat\u00e1s-fejleszt\u00e9si platformot hozunk l\u00e9tre a Semmelweis Egyetem \u00e9s n\u00e9gy kiv\u00e1l\u00f3 magyar v\u00e1llalkoz\u00e1s (Mediso Kft, TwinMed Kft, Neumann Projekt Kft, Pharmahungary 2000 Kft) r\u00e9szv\u00e9tel\u00e9vel. A kutat\u00e1saink v\u00e9gpontja a klinikai gyakorlatban is hasznos\u00edthat\u00f3, \u00faj szem\u00e9lyre szabott megel\u0151z\u00e9st \u00e9s gy\u00f3gy\u00edt\u00e1st seg\u00edt\u0151 technol\u00f3gia megalkot\u00e1sa.<\/p>\n<p>A Nemzeti Sz\u00edvprogram h\u00e1rom pill\u00e9r\u00e9t az \u00fajonnan l\u00e9trej\u00f6v\u0151 kutat\u00e1si infrastrukt\u00fara, kutat\u00e1si projektek \u00e9s a piacon hasznos\u00edthat\u00f3 term\u00e9kek \u00e9s szolg\u00e1ltat\u00e1sok k\u00e9pezik. A Semmelweis Egyetemen m\u0171k\u00f6d\u0151 vezet\u0151 kardiovaszkul\u00e1ris kutat\u00f3csoportok egy\u00fcttm\u0171k\u00f6d\u00e9s\u00e9vel \u0151ssejtes diagnosztikai \u00e9s ter\u00e1pi\u00e1s elj\u00e1r\u00e1sok, \u201emultiomikus\u201d szem\u00e9lyre szabott kardiovaszkul\u00e1ris rizik\u00f3becsl\u00e9s \u00e9s diagnosztika, \u00faj t\u00edpus\u00fa eszk\u00f6z\u00f6s sz\u00edvel\u00e9gtelens\u00e9g-ter\u00e1pi\u00e1k kidolgoz\u00e1sa \u00e9s \u00faj gy\u00f3gyszer-targetek azonos\u00edt\u00e1sa val\u00f3sul meg. Az \u00faj ter\u00e1pi\u00e1s (sz\u00edvkat\u00e9ter), diagnosztikus (\u00faj PET\/CT technol\u00f3gia), szolg\u00e1ltat\u00e1s (mesters\u00e9ges intelligenci\u00e1n alapul\u00f3 \u00faj kardiol\u00f3giai \u00e9s radiol\u00f3giai leletez\u0151 platform) protot\u00edpust fejleszt\u00fcnk.<\/p>\n<p><strong>Projekt befejez\u00e9si d\u00e1tuma:<\/strong> 2020. november 30<br \/>\n<strong>Projekt azonos\u00edt\u00f3 sz\u00e1ma:<\/strong>\u00a0NVKP_16-1-2016-0017<\/p>\n<h2>\u00a0<\/h2>\n<h2>Menedzsment\/R\u00e9sztvev\u0151k<\/h2>\n<ul>\n<li><strong>Projektvezet\u0151:<\/strong>\u00a0Prof Merkely B\u00e9la<\/li>\n<li><strong>Projektvezet\u0151 helyettes:<\/strong>\u00a0Dr. Maurovich-Horvat P\u00e1l, Dr. Radovits Tam\u00e1s<\/li>\n<li><strong>Vezet\u0151 kutat\u00f3k:<\/strong>\u00a0Prof Merkely B\u00e9la, Dr. F\u00f6ldes G\u00e1bor, Dr. K\u00e9kesi Violetta, Dr. Kosztin Annam\u00e1ria, Dr. Kov\u00e1cs Attila, Dr. Maurovich-Horvat P\u00e1l, Dr. Radovits Tam\u00e1s,\u00a0 Dr. Sax Bal\u00e1zs,\u00a0 Dr. V\u00e1g\u00f3 Hajnalka<\/li>\n<li><strong>Projektmenedzser:<\/strong>\u00a0Ocsovszky Zs\u00f3fia<\/li>\n<li><strong>Projektmenedzser asszisztens:<\/strong>\u00a0Mur\u00e1r Ildik\u00f3<\/li>\n<\/ul>\n<h2>\u00a0<\/h2>\n<h2>Kiemelt sajt\u00f3megjelen\u00e9sek<\/h2>\n<table border=\"0\">\n<tbody>\n<tr>\n<td><em>M\u00e9dium<\/em><\/td>\n<td><em>D\u00e1tum<\/em><\/td>\n<\/tr>\n<tr>\n<td><a href=\"http:\/\/www.mediaklikk.hu\/video\/ma-reggel-2017-03-23-i-adas-2\/\" target=\"_blank\" rel=\"noopener noreferrer\">MTVA MA REGGEL- Interj\u00fa Prof Merkelyvel<\/a>\u00a0\u00a0\u00a0 \u00a0\u00a0\u00a0 \u00a0\u00a0<\/td>\n<td>23\/03\/17<\/td>\n<\/tr>\n<tr>\n<td><a href=\"http:\/\/www.hegyvidektv.hu\/musoraink\/budai_hirado_2017_marcius_23\" target=\"_blank\" rel=\"noopener noreferrer\">Hegyvid\u00e9k Telev\u00edzi\u00f3 &#8211; Interj\u00fa Prof Merkelyvel<\/a><\/td>\n<td>25\/03\/17<\/td>\n<\/tr>\n<tr>\n<td><a href=\"http:\/\/magyarhirlap.hu\/cikk\/83421\/Nemzeti_Szivprogram_az_egeszsegert\" target=\"_blank\" rel=\"noopener noreferrer\">Magyar H\u00edrlap: &#8220;Nemzeti Sz\u00edvprogram az eg\u00e9szs\u00e9g\u00e9rt Gy\u00f6keresen \u00faj ter\u00e1pi\u00e1kat fejleszthetnek ki az \u00faj magyar kutat\u00e1s r\u00e9sztvev\u0151i&#8221;<\/a><\/td>\n<td>24\/03\/17<\/td>\n<\/tr>\n<tr>\n<td><a href=\"http:\/\/www.echotv.hu\/video\/119597\/20170325_Hirado_2200\" target=\"_blank\" rel=\"noopener noreferrer\">ECHO TV H\u00edrad\u00f3<\/a><\/td>\n<td>25\/03\/17<\/td>\n<\/tr>\n<tr>\n<td><a href=\"http:\/\/www.mediaklikk.hu\/radio-lejatszo-kossuth\/?date=2017-04-06_09:00:00&amp;ch=mr1\" target=\"_blank\" rel=\"noopener noreferrer\">Kossuth r\u00e1di\u00f3- Napk\u00f6zben. Vend\u00e9g: Prof. Ferdinandy P\u00e9ter<\/a><\/td>\n<td>06\/04\/17<\/td>\n<\/tr>\n<\/tbody>\n<\/table>\n<p><a class=\"button\" href=\"https:\/\/semmelweis.hu\/varosmajor\/files\/2021\/04\/NEMZETKO\u0308ZI-KO\u0308ZLEME\u0301NYEK-AZ-NVKP.pdf\">TELJES PUBLIK\u00c1CI\u00d3 LISTA MEGTEKINT\u00c9SE<\/a><\/p>\n<p><a href=\"https:\/\/semmelweis.hu\/varosmajor\/files\/2020\/12\/nkfia_infoblokk_kerettel_program_fekvo_hu-400x181-1.png\"><img loading=\"lazy\" decoding=\"async\" class=\"size-full wp-image-717 alignleft\" src=\"https:\/\/semmelweis.hu\/varosmajor\/files\/2020\/12\/nkfia_infoblokk_kerettel_program_fekvo_hu-400x181-1.png\" alt=\"\" width=\"400\" height=\"181\" \/><\/a><\/p>\n<p>&nbsp;<\/p>\n<p>&nbsp;<\/p>\n<p>&nbsp;<\/p>\n<p>&nbsp;<\/p>\n\n<\/div><h2 class=\"tabtitle\">Piramis Projekt<\/h2>\n<div class=\"tabcontent\">\n\n<h2><a href=\"https:\/\/semmelweis.hu\/varosmajor\/files\/2020\/12\/piramis_projekt-264x300-1.jpg\"><img loading=\"lazy\" decoding=\"async\" class=\"size-full wp-image-732 alignright\" src=\"https:\/\/semmelweis.hu\/varosmajor\/files\/2020\/12\/piramis_projekt-264x300-1.jpg\" alt=\"\" width=\"264\" height=\"300\" \/><\/a>Semmelweis Egyetem Piramis Projekt<\/h2>\n<p>Klinik\u00e1nk is r\u00e9szt vesz a Semmelweis Egyetem Piramis Projektj\u00e9ben, melynek c\u00e9lja a &#8220;Tudom\u00e1nyos ismeretterjeszt\u00e9s \u00e9s tehets\u00e9ggondoz\u00e1s a tud\u00e1salap\u00fa t\u00e1rsadalom\u00e9rt&#8221;.<\/p>\n<p>&nbsp;<\/p>\n\n<\/div><h2 class=\"tabtitle\">H\u00edd Projekt<\/h2>\n<div class=\"tabcontent\">\n\n<h2>Semmelweis H\u00edd Projekt<\/h2>\n<p>A Semmelweis H\u00edd Projekt megval\u00f3s\u00edt\u00e1sa sor\u00e1n olyan elismert hazai \u00e9s k\u00fclf\u00f6ldi szakembereket, fiatal kutat\u00f3kat, kollabor\u00e1ci\u00f3s partnereket, v\u00e1llalkoz\u00e1sokat mag\u00e1ba t\u00f6m\u00f6r\u00edt\u0151 nemzetk\u00f6zi innovat\u00edv kutat\u00f3i team j\u00f6n l\u00e9tre, amely hossz\u00fat\u00e1von fenntarthat\u00f3 interdiszciplin\u00e1ris egy\u00fcttm\u0171k\u00f6d\u00e9sek kialak\u00edt\u00e1s\u00e1val lehet\u0151v\u00e9 teszi egy \u00fajszer\u0171 alapkutat\u00e1si projekt v\u00e9grehajt\u00e1s\u00e1t, nemzetk\u00f6zi kutat\u00e1s-m\u00f3dszertani tapasztalatok adapt\u00e1ci\u00f3j\u00e1t a cardiovascularis betegs\u00e9gek ter\u00fclet\u00e9n.<\/p>\n<\/div><\/div>\n","protected":false},"excerpt":{"rendered":"<p>Nemzeti Sz\u00edvprogram: Kutat\u00e1s \u00e9s innov\u00e1ci\u00f3 az iszk\u00e9mi\u00e1s sz\u00edvbetegs\u00e9g \u00e9s sz\u00edvel\u00e9gtelens\u00e9g diagnosztik\u00e1j\u00e1ban \u00e9s ter\u00e1pi\u00e1j\u00e1ban Kedvezm\u00e9nyezett neve: Semmelweis Egyetem, Pharmahungay 2000 Kft, Mediso Imaging Kft, Twinmed Kft, Neumann Medical Kft. Projekt c\u00edme:\u00a0Nemzeti Sz\u00edvprogram: Kutat\u00e1s \u00e9s innov\u00e1ci\u00f3 az iszk\u00e9mi\u00e1s sz\u00edvbetegs\u00e9g \u00e9s sz\u00edvel\u00e9gtelens\u00e9g diagnosztik\u00e1j\u00e1ban \u00e9s ter\u00e1pi\u00e1j\u00e1ban Szerz\u0151d\u00e9s t\u00e1mogat\u00e1si \u00f6sszege:\u00a03.299.426.997 Ft T\u00e1mogat\u00e1s m\u00e9rt\u00e9ke %-ban:\u00a0 90,50% Projekt tartalmi \u00f6sszefoglal\u00f3ja A sz\u00e9les &hellip;<\/p>\n","protected":false},"author":101975,"featured_media":0,"parent":784,"menu_order":1,"comment_status":"closed","ping_status":"closed","template":"","meta":{"_acf_changed":false,"footnotes":""},"categories":[],"tags":[],"class_list":["post-787","page","type-page","status-publish","hentry"],"acf":[],"_links":{"self":[{"href":"https:\/\/semmelweis.hu\/varosmajor\/wp-json\/wp\/v2\/pages\/787","targetHints":{"allow":["GET"]}}],"collection":[{"href":"https:\/\/semmelweis.hu\/varosmajor\/wp-json\/wp\/v2\/pages"}],"about":[{"href":"https:\/\/semmelweis.hu\/varosmajor\/wp-json\/wp\/v2\/types\/page"}],"author":[{"embeddable":true,"href":"https:\/\/semmelweis.hu\/varosmajor\/wp-json\/wp\/v2\/users\/101975"}],"replies":[{"embeddable":true,"href":"https:\/\/semmelweis.hu\/varosmajor\/wp-json\/wp\/v2\/comments?post=787"}],"version-history":[{"count":10,"href":"https:\/\/semmelweis.hu\/varosmajor\/wp-json\/wp\/v2\/pages\/787\/revisions"}],"predecessor-version":[{"id":3194,"href":"https:\/\/semmelweis.hu\/varosmajor\/wp-json\/wp\/v2\/pages\/787\/revisions\/3194"}],"up":[{"embeddable":true,"href":"https:\/\/semmelweis.hu\/varosmajor\/wp-json\/wp\/v2\/pages\/784"}],"wp:attachment":[{"href":"https:\/\/semmelweis.hu\/varosmajor\/wp-json\/wp\/v2\/media?parent=787"}],"wp:term":[{"taxonomy":"category","embeddable":true,"href":"https:\/\/semmelweis.hu\/varosmajor\/wp-json\/wp\/v2\/categories?post=787"},{"taxonomy":"post_tag","embeddable":true,"href":"https:\/\/semmelweis.hu\/varosmajor\/wp-json\/wp\/v2\/tags?post=787"}],"curies":[{"name":"wp","href":"https:\/\/api.w.org\/{rel}","templated":true}]}}