{"id":684,"date":"2020-12-03T11:02:42","date_gmt":"2020-12-03T10:02:42","guid":{"rendered":"https:\/\/semmelweis.hu\/varosmajor\/?page_id=684"},"modified":"2021-03-11T11:20:21","modified_gmt":"2021-03-11T10:20:21","slug":"a-szivtranszplantaciorol","status":"publish","type":"page","link":"https:\/\/semmelweis.hu\/varosmajor\/gyogyitas\/szivtranszplantacio\/a-szivtranszplantaciorol\/","title":{"rendered":"A sz\u00edvtranszplant\u00e1ci\u00f3r\u00f3l"},"content":{"rendered":"<h2>Sz\u00edvtranszplant\u00e1ci\u00f3r\u00f3l<\/h2>\n<p>A sz\u00edv\u00e1t\u00fcltet\u00e9s (sz\u00edvtranszplant\u00e1ci\u00f3), a tudom\u00e1ny jelen \u00e1ll\u00e1spontja szerint, a v\u00e9gst\u00e1dium\u00fa sz\u00edvel\u00e9gtelens\u00e9g kezel\u00e9s\u00e9nek leghat\u00e9konyabb \u00e9s legjobb t\u00fal\u00e9l\u00e9st biztos\u00edt\u00f3 kezel\u00e9si strat\u00e9gi\u00e1ja. A sz\u00edvtranszplant\u00e1ci\u00f3 egy olyan oper\u00e1ci\u00f3, melynek sor\u00e1n a s\u00falyosan beteg sz\u00edvet, \u00faj eg\u00e9szs\u00e9ges donor sz\u00edvre cser\u00e9lik. A donor sz\u00edvet egy olyan \u2013 szak\u00e9rt\u0151i bizotts\u00e1g \u00e1ltal \u2013 agyhalottnak nyilv\u00e1n\u00edtott egy\u00e9nb\u0151l veszik ki, akit el\u0151zetesen transzplant\u00e1ci\u00f3ra alkalmasnak \u00edt\u00e9ltek. A sz\u00edvtranszplant\u00e1ci\u00f3 c\u00e9lja, hogy egy olyan sz\u00edvet biztos\u00edtson a jel\u00f6ltnek, amely a m\u0171t\u00e9t ut\u00e1n jobb min\u0151s\u00e9g\u0171 \u00e9letre ad lehet\u0151s\u00e9get az egy\u00e9n sz\u00e1m\u00e1ra.<\/p>\n<p>A sz\u00edvtranszplant\u00e1ci\u00f3t abban az esetben alkalmazz\u00e1k, amikor a sz\u00edvbetegs\u00e9g kezel\u00e9s\u00e9ben egy\u00e9b kezel\u00e9si form\u00e1k m\u00e1r nem hat\u00e9konyak, \u00e9s az \u00e1llapot v\u00e9gst\u00e1dium\u00fa sz\u00edvel\u00e9gtelens\u00e9ghez vezet. V\u00e9gst\u00e1dium\u00fa sz\u00edvel\u00e9gtelens\u00e9gr\u0151l akkor besz\u00e9lhet\u00fcnk, amikor a sz\u00edv teljes\u00edt\u0151k\u00e9pess\u00e9ge olyan m\u00e9rt\u00e9kben lecs\u00f6kken, hogy minim\u00e1lis terhel\u00e9s vagy nyugalmi \u00e1llapot mellett k\u00e9pes csak a kering\u00e9st fenntartani. Ehhez az esetek egy r\u00e9sz\u00e9ben folyamatos kering\u00e9st\u00e1mogat\u00f3 gy\u00f3gyszereket kell alkalmazni. A sz\u00edvbetegs\u00e9g el\u0151rehaladt\u00e1val a beteg egyre gyakrabban ker\u00fcl k\u00f3rh\u00e1zba kardi\u00e1lis dekompenz\u00e1ci\u00f3, rosszull\u00e9tek miatt. Amennyiben a sz\u00edvel\u00e9gtelens\u00e9g &#8211; maxim\u00e1lis gy\u00f3gyszeres kezel\u00e9s mellett sem stabiliz\u00e1lhat\u00f3, mechanikus kering\u00e9st\u00e1mogat\u00f3 eszk\u00f6z (m\u0171sz\u00edv) be\u00fcltet\u00e9s\u00e9re lehet sz\u00fcks\u00e9g.<\/p>\n<h3>Feln\u0151ttekn\u00e9l a k\u00f6vetkez\u0151 \u00e1llapotok okozhatnak sz\u00edvel\u00e9gtelens\u00e9get:<\/h3>\n<ul>\n<li>cardiomyopathia, mely a sz\u00edvizom k\u00f3ros elv\u00e9konyod\u00e1sa (dilatat\u00edv) vagy k\u00f3ros megvastagod\u00e1sa (hipertr\u00f3fi\u00e1s) k\u00f6vetkezt\u00e9ben alakul ki.<\/li>\n<li>sz\u00edvbillenty\u0171 betegs\u00e9g<\/li>\n<li>congenitalis(velesz\u00fcletett) sz\u00edvbetegs\u00e9g<\/li>\n<li>sz\u00edvkoszor\u00fa\u00e9r betegs\u00e9g<\/li>\n<li>kor\u00e1bbi sz\u00edvtranszplant\u00e1ci\u00f3 kapcs\u00e1n kialakult kr\u00f3nikus kil\u00f6k\u0151d\u00e9s (rejekci\u00f3) miatt vagy egy\u00e9b m\u00e1s okb\u00f3l<\/li>\n<\/ul>\n<p>A sz\u00edvtranszplant\u00e1ci\u00f3 azonban nem mindenki sz\u00e1m\u00e1ra megold\u00e1s, bizonyos t\u00e9nyez\u0151k jelenl\u00e9t\u00e9ben el\u0151fordul, hogy egy beteg nem alkalmas erre a m\u0171t\u00e9tre. Azok sz\u00e1m\u00e1ra, akik nem kaphatnak \u00faj sz\u00edvet, megold\u00e1st jelenhet a m\u0171sz\u00edv, az \u00fagynevezett VAD (ventricular assist device), amely egy be\u00fcltethet\u0151, mechanikus kering\u00e9st\u00e1mogat\u00f3 rendszer.<\/p>\n<h3>A SZ\u00cdVTRANSZPLANT\u00c1CI\u00d3 3 ALAPIGAZS\u00c1GA<\/h3>\n<ol>\n<li>A sz\u00edvtranszplant\u00e1ci\u00f3 nem \u201ecsak egy oper\u00e1ci\u00f3\u201d, amely ut\u00e1n minden megy a r\u00e9gi ker\u00e9kv\u00e1g\u00e1sban. A m\u0171t\u00e9tet megel\u0151z\u0151en \u00e9s ut\u00e1na kezel\u00e9sek \u00e9s vizsg\u00e1latok sor\u00e1t jelenti, egyfajta \u00faj \u00e9letm\u00f3dot.<\/li>\n<li>Nagyon sok m\u00falik a sz\u00edv\u00e1t\u00fcltetett szem\u00e9lyen \u00e9s csal\u00e1dj\u00e1n, a transzplant\u00e1ci\u00f3 ugyanis sz\u00e1mukra nem ott fejez\u0151dik be, amikor a mellkast bez\u00e1rj\u00e1k, hanem ott kezd\u0151dik! Szoros egy\u00fcttm\u0171k\u00f6d\u00e9sre van sz\u00fcks\u00e9g a beteg r\u00e9sz\u00e9r\u0151l az orvosi teammel \u00e9s a kezel\u0151szem\u00e9lyzettel, hogy \u00faj sz\u00edv\u00e9t eg\u00e9szs\u00e9gben meg\u0151rizze. Az, hogy mennyi ideig m\u0171k\u00f6dik a be\u00fcltetett sz\u00edv, sok mindent\u0151l f\u00fcgg \u2013 n\u00e9h\u00e1ny t\u00e9nyez\u0151re van r\u00e1hat\u00e1sunk, n\u00e9h\u00e1nyra nincs, viszont a felesleges kock\u00e1zatv\u00e1llal\u00e1st a minim\u00e1lisra kell cs\u00f6kkenteni, s ezt a szab\u00e1lyok betart\u00e1s\u00e1val lehet megval\u00f3s\u00edtani.<\/li>\n<li>A sz\u00edvtranszplant\u00e1ci\u00f3 egy partneri kapcsolat a transzplant\u00e1lt \u00e9s a gondoz\u00f3 centrum k\u00f6z\u00f6tt, annak \u00e9rdek\u00e9ben, hogy az \u00faj sz\u00edvvel \u00e9l\u0151 szem\u00e9ly eg\u00e9szs\u00e9g\u00e9t hossz\u00fa t\u00e1von meg\u0151rizz\u00e9k.\u00a0<\/li>\n<\/ol>\n<h3>KIK PROFIT\u00c1LHATNAK LEGT\u00d6BBET A SZ\u00cdVTRANSZPLANT\u00c1CI\u00d3B\u00d3L?<\/h3>\n<ul>\n<li>Azok a betegek, akiknek sz\u00edve olyan \u00e1llapotban van, amelyen m\u00e1s kezel\u00e9s m\u00e1r nem jav\u00edthat.<\/li>\n<li>Azok, akik \u00f6sszess\u00e9g\u00e9ben el\u00e9g \u00e9lettani \u00e9s ment\u00e1lis tartal\u00e9kkal rendelkeznek az igen megterhel\u0151 m\u0171t\u00e9thez, a m\u0171t\u00e9t ut\u00e1ni korai id\u0151szakhoz, valamint az \u00faj \u00e9letm\u00f3ddal j\u00e1r\u00f3 v\u00e1ltoztat\u00e1sokhoz.<\/li>\n<li>Azok a szem\u00e9lyek,akik nem doh\u00e1nyoznak, \u00e9s nem fogyasztanak alkoholt vagy drogokat.<\/li>\n<li>Azok, akik k\u00e9pesek egy\u00fcttm\u0171k\u00f6dni azzal a ter\u00e1pi\u00e1val, amelyet a transzplant\u00e1ci\u00f3s team hat\u00e1roz meg.<\/li>\n<li>Akik k\u00e9pesek \u00e9rzelmileg j\u00f3l kezelni a donorsz\u00edvre val\u00f3 v\u00e1rakoz\u00e1st.<\/li>\n<li>Akik t\u00e1mogat\u00f3 csal\u00e1di \u00e9s bar\u00e1ti h\u00e1l\u00f3val rendelkeznek, mert \u0151k seg\u00edtenek t\u00faljutni ezen a sokszor stresszel teli id\u0151szakon.<\/li>\n<\/ul>\n<h2>A SZ\u00cdVTRANSZPLANT\u00c1CI\u00d3 T\u00d6RT\u00c9NETE<\/h2>\n<p>\u00a0Az els\u0151 sz\u00edvtranszplant\u00e1ci\u00f3t a vil\u00e1gon Christan Barnard v\u00e9gezte 1967. december 3-\u00e1n Fokv\u00e1rosban, a Groote Schuur k\u00f3rh\u00e1zban. A m\u0171t\u00e9t alanya, Louis Washkansky volt, a m\u0171t\u00e9t ut\u00e1n \u00f6sszesen 18 napot \u00e9lt, ekkor t\u00fcd\u0151gyullad\u00e1sban elhunyt. A donor Denise Darvallvolt, aki nem sokkal el\u0151tte s\u00e9r\u00fclt meg s\u00falyosan egy aut\u00f3balesetben. Eur\u00f3p\u00e1ban els\u0151k\u00e9nt Christian Cabrol v\u00e9gzett sz\u00edv\u00e1t\u00fcltet\u00e9st, P\u00e1rizsban 1968. \u00e1prilis 24-\u00e9n.<\/p>\n<p>Magyarorsz\u00e1gon a Sz\u00edvtranszplant\u00e1ci\u00f3s program 1992. janu\u00e1r 3-\u00e1n indult, amikor Prof. Dr. Szab\u00f3 Zolt\u00e1n elv\u00e9gezte az els\u0151 magyarorsz\u00e1gi sz\u00edv\u00e1t\u00fcltet\u00e9st a V\u00e1rosmajorban.\u201e A 29 \u00e9ves Schwartz S\u00e1ndorn\u00e1l elv\u00e9gzett sikeres sz\u00edv\u00e1t\u00fcltet\u00e9s egy szigor\u00fa alaposs\u00e1ggal fel\u00e9p\u00edtett felk\u00e9sz\u00fcl\u00e9si munka megkoron\u00e1z\u00e1sa volt, mely egyben megalapozta a hazai sz\u00edvtranszplant\u00e1ci\u00f3s program rendszerszint\u0171 ki\u00e9p\u00fcl\u00e9s\u00e9nek lehet\u0151s\u00e9g\u00e9t\u201d (id\u00e9zet a V\u00e1rosmajori Klinika Els\u0151 100 \u00e9ve c\u00edm\u0171 kiadv\u00e1nyb\u00f3l).<\/p>\n<p>Klinik\u00e1nk sz\u00edvtranszplant\u00e1ci\u00f3s programja nagy m\u00e9dia\u00e9rdekl\u0151d\u00e9ssel \u00f6vezett t\u00e1j\u00e9koztat\u00f3val\u00a0\u00fcnnepelte 25. \u00e9vfordul\u00f3j\u00e1t\u00a02017. janu\u00e1r 3-\u00e1n . Az esem\u00e9ny egyik sz\u00f3noka Schwartz S\u00e1ndor volt.<\/p>\n<p>Az \u00e9vfordul\u00f3ig \u00f6sszesen 412 sz\u00edv\u00e1t\u00fcltet\u00e9s t\u00f6rt\u00e9nt a V\u00e1rosmajori Sz\u00edv- \u00e9s \u00c9rgy\u00f3gy\u00e1szati Klinika falai k\u00f6z\u00f6tt. Az elm\u00falt \u00e9vekben transzplant\u00e1ci\u00f3s beavatkoz\u00e1saink sz\u00e1ma \u00e9vi 50 k\u00f6r\u00fcl mozog &#8211; ezzel Eur\u00f3p\u00e1ban a 2-3. legnagyobb sz\u00edv\u00e1t\u00fcltet\u00e9si k\u00f6zpontnak sz\u00e1m\u00edtunk, vil\u00e1gviszonylatban pedig az els\u0151 10 centrum k\u00f6z\u00f6tt vagyunk.<\/p>\n","protected":false},"excerpt":{"rendered":"<p>Sz\u00edvtranszplant\u00e1ci\u00f3r\u00f3l A sz\u00edv\u00e1t\u00fcltet\u00e9s (sz\u00edvtranszplant\u00e1ci\u00f3), a tudom\u00e1ny jelen \u00e1ll\u00e1spontja szerint, a v\u00e9gst\u00e1dium\u00fa sz\u00edvel\u00e9gtelens\u00e9g kezel\u00e9s\u00e9nek leghat\u00e9konyabb \u00e9s legjobb t\u00fal\u00e9l\u00e9st biztos\u00edt\u00f3 kezel\u00e9si strat\u00e9gi\u00e1ja. A sz\u00edvtranszplant\u00e1ci\u00f3 egy olyan oper\u00e1ci\u00f3, melynek sor\u00e1n a s\u00falyosan beteg sz\u00edvet, \u00faj eg\u00e9szs\u00e9ges donor sz\u00edvre cser\u00e9lik. A donor sz\u00edvet egy olyan \u2013 szak\u00e9rt\u0151i bizotts\u00e1g \u00e1ltal \u2013 agyhalottnak nyilv\u00e1n\u00edtott egy\u00e9nb\u0151l veszik ki, akit el\u0151zetesen transzplant\u00e1ci\u00f3ra alkalmasnak &hellip;<\/p>\n","protected":false},"author":101737,"featured_media":0,"parent":673,"menu_order":2,"comment_status":"closed","ping_status":"closed","template":"","meta":{"_acf_changed":false,"footnotes":""},"categories":[],"tags":[],"class_list":["post-684","page","type-page","status-publish","hentry"],"acf":[],"_links":{"self":[{"href":"https:\/\/semmelweis.hu\/varosmajor\/wp-json\/wp\/v2\/pages\/684","targetHints":{"allow":["GET"]}}],"collection":[{"href":"https:\/\/semmelweis.hu\/varosmajor\/wp-json\/wp\/v2\/pages"}],"about":[{"href":"https:\/\/semmelweis.hu\/varosmajor\/wp-json\/wp\/v2\/types\/page"}],"author":[{"embeddable":true,"href":"https:\/\/semmelweis.hu\/varosmajor\/wp-json\/wp\/v2\/users\/101737"}],"replies":[{"embeddable":true,"href":"https:\/\/semmelweis.hu\/varosmajor\/wp-json\/wp\/v2\/comments?post=684"}],"version-history":[{"count":2,"href":"https:\/\/semmelweis.hu\/varosmajor\/wp-json\/wp\/v2\/pages\/684\/revisions"}],"predecessor-version":[{"id":2871,"href":"https:\/\/semmelweis.hu\/varosmajor\/wp-json\/wp\/v2\/pages\/684\/revisions\/2871"}],"up":[{"embeddable":true,"href":"https:\/\/semmelweis.hu\/varosmajor\/wp-json\/wp\/v2\/pages\/673"}],"wp:attachment":[{"href":"https:\/\/semmelweis.hu\/varosmajor\/wp-json\/wp\/v2\/media?parent=684"}],"wp:term":[{"taxonomy":"category","embeddable":true,"href":"https:\/\/semmelweis.hu\/varosmajor\/wp-json\/wp\/v2\/categories?post=684"},{"taxonomy":"post_tag","embeddable":true,"href":"https:\/\/semmelweis.hu\/varosmajor\/wp-json\/wp\/v2\/tags?post=684"}],"curies":[{"name":"wp","href":"https:\/\/api.w.org\/{rel}","templated":true}]}}