{"id":673,"date":"2020-12-03T10:57:31","date_gmt":"2020-12-03T09:57:31","guid":{"rendered":"https:\/\/semmelweis.hu\/varosmajor\/?page_id=673"},"modified":"2024-09-06T11:15:30","modified_gmt":"2024-09-06T09:15:30","slug":"szivtranszplantacio","status":"publish","type":"page","link":"https:\/\/semmelweis.hu\/varosmajor\/gyogyitas\/szivtranszplantacio\/","title":{"rendered":"Sz\u00edvtranszplant\u00e1ci\u00f3"},"content":{"rendered":"<p style=\"text-align: justify\">Klinik\u00e1nkon t\u00f6bb mint k\u00e9t \u00e9vtizede magasszint\u0171 szakmai felk\u00e9sz\u00fclts\u00e9ggel v\u00e9gz\u00fcnk sz\u00edv\u00e1t\u00fcltet\u00e9seket, folyamatosan igazodva, \u00e9s fejl\u0151dve a kor k\u00f6vetelm\u00e9nyeihez \u00e9s lehet\u0151s\u00e9geihez. A sz\u00edvtranszplant\u00e1ci\u00f3 c\u00e9lja, hogy betegeink az eddigin\u00e9l jobb \u00e9letmin\u0151s\u00e9ggel folytathass\u00e1k \u00e9let\u00fcket. A sz\u00edvtranszplant\u00e1ci\u00f3 egy nagy v\u00e1ltoz\u00e1st hoz\u00f3 esem\u00e9ny mind a beteg, mind a csal\u00e1dja sz\u00e1m\u00e1ra, amely folyamatban val\u00f3 helyt\u00e1ll\u00e1s sokszor megterhel\u0151 feladat.<\/p>\n<p style=\"text-align: justify\">Mivel c\u00e9lunk p\u00e1cienseink minden szempontb\u00f3l t\u00f6k\u00e9letes fel\u00e9p\u00fcl\u00e9se, rendk\u00edv\u00fcl fontosnak tartjuk betegeink e neh\u00e9z id\u0151szakban val\u00f3 t\u00e1mogat\u00e1s\u00e1t. Ennek egyik alappill\u00e9re a megfelel\u0151 t\u00e1j\u00e9koztat\u00e1s melynek- r\u00e9szben- eleget t\u00e9ve hoztuk l\u00e9tre ezt az internetes fel\u00fcletet, ahol szakmailag hiteles inform\u00e1ci\u00f3khoz juthatnak a sz\u00edvtranszplant\u00e1ci\u00f3t k\u00f6zvetlen\u00fcl megel\u0151z\u0151 id\u0151szakr\u00f3l, a m\u0171t\u00e9tr\u0151l \u00e9s a m\u0171t\u00e9t ut\u00e1ni \u00e9letm\u00f3dr\u00f3l.<\/p>\n<p style=\"text-align: justify\">A szervadom\u00e1nyoz\u00e1sr\u00f3l, s a szerv\u00e1t\u00fcltet\u00e9sekr\u0151l \u00e1ltal\u00e1ban a Szervkoordin\u00e1ci\u00f3s Iroda\u00a0<a href=\"https:\/\/www.youtube.com\/channel\/UCaM3VDuKcI2ipXJZDLLWw1w\" target=\"_blank\" rel=\"noopener noreferrer\">YouTube csatorn\u00e1j\u00e1n<\/a>\u00a0t\u00e1j\u00e9koz\u00f3dhat.<\/p>\n<h4><a href=\"https:\/\/semmelweis.hu\/varosmajor\/files\/2020\/12\/Sz\u00edvtranszplant\u00e1ci\u00f3_betegtajekoztato_vszek_2015.pdf\"><strong>Teljes k\u00f6r\u0171 betegt\u00e1j\u00e9koztat\u00f3\u00e9rt kattintson<\/strong><\/a><\/h4>\n<h4><strong><a href=\"https:\/\/semmelweis.hu\/varosmajor\/betegellatas\/szivtranszplantacio\/kiemelt-informaciok\/\">Kiemelt inform\u00e1ci\u00f3k\u00e9rt kattintson<\/a><\/strong><\/h4>\n<p>&nbsp;<\/p>\n","protected":false},"excerpt":{"rendered":"<p>Klinik\u00e1nkon t\u00f6bb mint k\u00e9t \u00e9vtizede magasszint\u0171 szakmai felk\u00e9sz\u00fclts\u00e9ggel v\u00e9gz\u00fcnk sz\u00edv\u00e1t\u00fcltet\u00e9seket, folyamatosan igazodva, \u00e9s fejl\u0151dve a kor k\u00f6vetelm\u00e9nyeihez \u00e9s lehet\u0151s\u00e9geihez. A sz\u00edvtranszplant\u00e1ci\u00f3 c\u00e9lja, hogy betegeink az eddigin\u00e9l jobb \u00e9letmin\u0151s\u00e9ggel folytathass\u00e1k \u00e9let\u00fcket. A sz\u00edvtranszplant\u00e1ci\u00f3 egy nagy v\u00e1ltoz\u00e1st hoz\u00f3 esem\u00e9ny mind a beteg, mind a csal\u00e1dja sz\u00e1m\u00e1ra, amely folyamatban val\u00f3 helyt\u00e1ll\u00e1s sokszor megterhel\u0151 feladat. Mivel c\u00e9lunk p\u00e1cienseink minden &hellip;<\/p>\n","protected":false},"author":101737,"featured_media":0,"parent":23,"menu_order":5,"comment_status":"closed","ping_status":"closed","template":"","meta":{"_acf_changed":false,"footnotes":""},"categories":[],"tags":[],"class_list":["post-673","page","type-page","status-publish","hentry"],"acf":[],"_links":{"self":[{"href":"https:\/\/semmelweis.hu\/varosmajor\/wp-json\/wp\/v2\/pages\/673","targetHints":{"allow":["GET"]}}],"collection":[{"href":"https:\/\/semmelweis.hu\/varosmajor\/wp-json\/wp\/v2\/pages"}],"about":[{"href":"https:\/\/semmelweis.hu\/varosmajor\/wp-json\/wp\/v2\/types\/page"}],"author":[{"embeddable":true,"href":"https:\/\/semmelweis.hu\/varosmajor\/wp-json\/wp\/v2\/users\/101737"}],"replies":[{"embeddable":true,"href":"https:\/\/semmelweis.hu\/varosmajor\/wp-json\/wp\/v2\/comments?post=673"}],"version-history":[{"count":10,"href":"https:\/\/semmelweis.hu\/varosmajor\/wp-json\/wp\/v2\/pages\/673\/revisions"}],"predecessor-version":[{"id":5756,"href":"https:\/\/semmelweis.hu\/varosmajor\/wp-json\/wp\/v2\/pages\/673\/revisions\/5756"}],"up":[{"embeddable":true,"href":"https:\/\/semmelweis.hu\/varosmajor\/wp-json\/wp\/v2\/pages\/23"}],"wp:attachment":[{"href":"https:\/\/semmelweis.hu\/varosmajor\/wp-json\/wp\/v2\/media?parent=673"}],"wp:term":[{"taxonomy":"category","embeddable":true,"href":"https:\/\/semmelweis.hu\/varosmajor\/wp-json\/wp\/v2\/categories?post=673"},{"taxonomy":"post_tag","embeddable":true,"href":"https:\/\/semmelweis.hu\/varosmajor\/wp-json\/wp\/v2\/tags?post=673"}],"curies":[{"name":"wp","href":"https:\/\/api.w.org\/{rel}","templated":true}]}}

Szívtranszplantáció

<p style="text-align: justify">Klinikánkon több mint két évtizede magasszintű szakmai felkészültséggel végzünk szívátültetéseket, folyamatosan igazodva, és fejlődve a kor követelményeihez és lehetőségeihez. A szívtranszplantáció célja, hogy betegeink az eddiginél jobb életminőséggel folytathassák életüket. A szívtranszplantáció egy nagy változást hozó esemény mind a beteg, mind a családja számára, amely folyamatban való helytállás sokszor megterhelő feladat.</p>
<p style="text-align: justify">Mivel célunk pácienseink minden szempontból tökéletes felépülése, rendkívül fontosnak tartjuk betegeink e nehéz időszakban való támogatását. Ennek egyik alappillére a megfelelő tájékoztatás melynek- részben- eleget téve hoztuk létre ezt az internetes felületet, ahol szakmailag hiteles információkhoz juthatnak a szívtranszplantációt közvetlenül megelőző időszakról, a műtétről és a műtét utáni életmódról.</p>
<p style="text-align: justify">A szervadományozásról, s a szervátültetésekről általában a Szervkoordinációs Iroda <a href="https://www.youtube.com/channel/UCaM3VDuKcI2ipXJZDLLWw1w" target="_blank" rel="noopener noreferrer">YouTube csatornáján</a> tájékozódhat.</p>
<h4><a href="https://semmelweis.hu/varosmajor/files/2020/12/Szívtranszplantáció_betegtajekoztato_vszek_2015.pdf"><strong>Teljes körű betegtájékoztatóért kattintson</strong></a></h4>
<h4><strong><a href="https://semmelweis.hu/varosmajor/betegellatas/szivtranszplantacio/kiemelt-informaciok/">Kiemelt információkért kattintson</a></strong></h4>
<p>&nbsp;</p>

<p>Klinikánkon több mint két évtizede magasszintű szakmai felkészültséggel végzünk szívátültetéseket, folyamatosan igazodva, és fejlődve a kor követelményeihez és lehetőségeihez. A szívtranszplantáció célja, hogy betegeink az eddiginél jobb életminőséggel folytathassák életüket. A szívtranszplantáció egy nagy változást hozó esemény mind a beteg, mind a családja számára, amely folyamatban való helytállás sokszor megterhelő feladat. Mivel célunk pácienseink minden &hellip;</p>
