{"id":501,"date":"2020-12-01T13:20:14","date_gmt":"2020-12-01T12:20:14","guid":{"rendered":"https:\/\/semmelweis.hu\/varosmajor\/?page_id=501"},"modified":"2024-09-10T10:59:04","modified_gmt":"2024-09-10T08:59:04","slug":"vascularis-radiologia-kutatocsoportok","status":"publish","type":"page","link":"https:\/\/semmelweis.hu\/varosmajor\/kutatas\/radiologia\/vascularis-radiologia-kutatocsoportok\/","title":{"rendered":"Vascularis Radiol\u00f3gia Kutat\u00f3csoportok"},"content":{"rendered":"<h4 style=\"text-align: center\">Magyar Vascularis Radiol\u00f3giai Kutat\u00f3csoport<\/h4>\n<p style=\"text-align: left\">Alap\u00edt\u00f3\/vezet\u0151: Dr. D\u00f3sa Edit egyetemi docens<\/p>\n<p>Tagjai<\/p>\n<ul>\n<li style=\"text-align: justify\"><span style=\"font-size: 1rem\">Dr. V\u00e9rtes Mikl\u00f3s radiol\u00f3gus rezidens<\/span><\/li>\n<li style=\"text-align: justify\">Dr. P\u00e9ter Csongor radiol\u00f3gus rezidens<\/li>\n<li style=\"text-align: justify\">Dr. B\u00e9rczi \u00c1kos radiol\u00f3gus rezidens, Ph.D. hallgat\u00f3<\/li>\n<li style=\"text-align: justify\">Dr. Nguyen Tin Dat Ph.D. hallgat\u00f3<\/li>\n<\/ul>\n<h5 style=\"text-align: justify\">TDK hallgat\u00f3k<\/h5>\n<p style=\"text-align: justify\">C\u00e9lkit\u0171z\u00e9s: az alapkutat\u00e1s \u00f6tv\u00f6z\u00e9se a klinikai kutat\u00e1ssal (d\u00f6nt\u0151en interventi\u00f3s radiol\u00f3giai \u00e9s vascularis ultrahang t\u00e9mak\u00f6rben).<\/p>\n<p style=\"text-align: justify\">Inform\u00e1ci\u00f3k\u00e9r\u00e9s:\u00a0 \u00a0 \u00a0 \u00a0 <a href=\"mailto:dosa.edit@med.semmelweis-univ.hu\">Dr D\u00f3sa Edit<\/a><\/p>\n<p>&nbsp;<\/p>\n<h4 style=\"text-align: center\">Hungarian Vascular Radiology Research Group<\/h4>\n<p style=\"text-align: justify\">Founder\/director:\u00a0\u00a0\u00a0\u00a0\u00a0\u00a0 Edit D\u00f3sa M.D., Ph.D., Associate Professor of Interventional Radiology<\/p>\n<p style=\"text-align: justify\">Members:\u00a0\u00a0\u00a0\u00a0\u00a0\u00a0\u00a0\u00a0\u00a0\u00a0\u00a0\u00a0\u00a0\u00a0\u00a0\u00a0\u00a0\u00a0<\/p>\n<ul>\n<li style=\"text-align: justify\">Mikl\u00f3s V\u00e9rtes M.D., Radiology Resident<\/li>\n<li style=\"text-align: justify\">Csongor P\u00e9ter M.D., Radiology Resident<\/li>\n<li style=\"text-align: justify\">\u00c1kos B\u00e9rczi M.D., Radiology Resident and Ph.D. Student<\/li>\n<li style=\"text-align: justify\">Dat Tin Nguyen M.D., Ph.D. Student<\/li>\n<\/ul>\n<h5 style=\"text-align: justify\">Medical Research Students<\/h5>\n<p style=\"text-align: justify\">Scope: combining basic research with clinical research (mainly in the field of interventional radiology and vascular ultrasound).<\/p>\n<p style=\"text-align: justify\">For further information please contact <a href=\"mailto:dosa.edit@med.semmelweis-univ.hu\">Edit D\u00f3sa MD<\/a><\/p>\n","protected":false},"excerpt":{"rendered":"<p>Magyar Vascularis Radiol\u00f3giai Kutat\u00f3csoport Alap\u00edt\u00f3\/vezet\u0151: Dr. D\u00f3sa Edit egyetemi docens Tagjai Dr. V\u00e9rtes Mikl\u00f3s radiol\u00f3gus rezidens Dr. P\u00e9ter Csongor radiol\u00f3gus rezidens Dr. B\u00e9rczi \u00c1kos radiol\u00f3gus rezidens, Ph.D. hallgat\u00f3 Dr. Nguyen Tin Dat Ph.D. hallgat\u00f3 TDK hallgat\u00f3k C\u00e9lkit\u0171z\u00e9s: az alapkutat\u00e1s \u00f6tv\u00f6z\u00e9se a klinikai kutat\u00e1ssal (d\u00f6nt\u0151en interventi\u00f3s radiol\u00f3giai \u00e9s vascularis ultrahang t\u00e9mak\u00f6rben). Inform\u00e1ci\u00f3k\u00e9r\u00e9s:\u00a0 \u00a0 \u00a0 \u00a0 <a href=\"mailto:dosa.edit@med.semmelweis-univ.hu\">Dr D\u00f3sa Edit<\/a> &nbsp; &hellip;<\/p>\n","protected":false},"author":101737,"featured_media":0,"parent":490,"menu_order":0,"comment_status":"closed","ping_status":"closed","template":"","meta":{"_acf_changed":false,"footnotes":""},"categories":[],"tags":[],"class_list":["post-501","page","type-page","status-publish","hentry"],"acf":[],"_links":{"self":[{"href":"https:\/\/semmelweis.hu\/varosmajor\/wp-json\/wp\/v2\/pages\/501","targetHints":{"allow":["GET"]}}],"collection":[{"href":"https:\/\/semmelweis.hu\/varosmajor\/wp-json\/wp\/v2\/pages"}],"about":[{"href":"https:\/\/semmelweis.hu\/varosmajor\/wp-json\/wp\/v2\/types\/page"}],"author":[{"embeddable":true,"href":"https:\/\/semmelweis.hu\/varosmajor\/wp-json\/wp\/v2\/users\/101737"}],"replies":[{"embeddable":true,"href":"https:\/\/semmelweis.hu\/varosmajor\/wp-json\/wp\/v2\/comments?post=501"}],"version-history":[{"count":6,"href":"https:\/\/semmelweis.hu\/varosmajor\/wp-json\/wp\/v2\/pages\/501\/revisions"}],"predecessor-version":[{"id":5838,"href":"https:\/\/semmelweis.hu\/varosmajor\/wp-json\/wp\/v2\/pages\/501\/revisions\/5838"}],"up":[{"embeddable":true,"href":"https:\/\/semmelweis.hu\/varosmajor\/wp-json\/wp\/v2\/pages\/490"}],"wp:attachment":[{"href":"https:\/\/semmelweis.hu\/varosmajor\/wp-json\/wp\/v2\/media?parent=501"}],"wp:term":[{"taxonomy":"category","embeddable":true,"href":"https:\/\/semmelweis.hu\/varosmajor\/wp-json\/wp\/v2\/categories?post=501"},{"taxonomy":"post_tag","embeddable":true,"href":"https:\/\/semmelweis.hu\/varosmajor\/wp-json\/wp\/v2\/tags?post=501"}],"curies":[{"name":"wp","href":"https:\/\/api.w.org\/{rel}","templated":true}]}}