{"id":495,"date":"2020-12-01T13:16:30","date_gmt":"2020-12-01T12:16:30","guid":{"rendered":"https:\/\/semmelweis.hu\/varosmajor\/?page_id=495"},"modified":"2024-09-13T14:13:26","modified_gmt":"2024-09-13T12:13:26","slug":"sziv-ct-kutatocsoport","status":"publish","type":"page","link":"https:\/\/semmelweis.hu\/varosmajor\/kutatas\/radiologia\/sziv-ct-kutatocsoport\/","title":{"rendered":"Sz\u00edv CT kutat\u00f3csoport"},"content":{"rendered":"<p style=\"text-align: justify\">Sz\u00edv CT kutat\u00f3csoport<\/p>\n<p style=\"text-align: justify\">A munkacsoport tagjai:<\/p>\n<p style=\"text-align: justify\">&#8211;\u00a0 Dr. Szilveszter B\u00e1lint PhD, kardiol\u00f3gus szakorvos, egyetemi adjunktus<\/p>\n<p style=\"text-align: justify\">&#8211;\u00a0 Dr. Jermendy \u00c1d\u00e1m PhD, radiol\u00f3gus szakorvos, egyetemi tan\u00e1rseg\u00e9d<\/p>\n<p style=\"text-align: justify\">&#8211;\u00a0 Dr. Panajotu Alexisz, radiol\u00f3gus szakorvos<\/p>\n<p style=\"text-align: justify\">&#8211;\u00a0 Dr. Suhai Ferenc Imre PhD, radiol\u00f3gus szakorvos, egyetemi tan\u00e1rseg\u00e9d<\/p>\n<p style=\"text-align: justify\">&#8211;\u00a0 Dr. Borzs\u00e1k Sarolta PhD, radiol\u00f3gus szakorvos<\/p>\n<p>&#8211;\u00a0 Dr. Jokkel Zs\u00f3fia, radiol\u00f3gus rezidens<\/p>\n<p style=\"text-align: justify\">&#8211;\u00a0 Dr. Drobni Zs\u00f3fia PhD, kardiol\u00f3gus szakorvos<\/p>\n<p style=\"text-align: justify\">&#8211;\u00a0 Dr. Boussoussou Melinda PhD, kardiol\u00f3gus rezidens<\/p>\n<p style=\"text-align: justify\">&#8211;\u00a0 Dr. Vattay Borb\u00e1la, kardiol\u00f3gus rezidens<\/p>\n<p style=\"text-align: justify\">&#8211;\u00a0 Dr. Vecsey-Nagy Mil\u00e1n PhD, radiol\u00f3gus rezidens<\/p>\n<p>&#8211; Sipos Barbara MD PhD hallgat\u00f3<\/p>\n<p>&#8211; Juh\u00e1sz D\u00e9nes PhD hallgat\u00f3<\/p>\n<p>&nbsp;<\/p>\n<p style=\"text-align: justify\">TDK hallgat\u00f3k jelentkez\u00e9s\u00e9t v\u00e1rjuk, akik a kardiovaszkul\u00e1ris k\u00e9palkot\u00e1s t\u00e9mater\u00fcleten v\u00e9gezn\u00e9k kutat\u00f3munk\u00e1jukat.<\/p>\n<p style=\"text-align: justify\">F\u0151bb t\u00e9mak\u00f6r\u00f6k:<\/p>\n<p style=\"text-align: justify\">&#8211; Multimod\u00e1lis k\u00e9palkot\u00e1s stabil angin\u00e1ban, billenty\u0171 betegek k\u00f6r\u00e9ben.<\/p>\n<p style=\"text-align: justify\">&#8211; Funkcion\u00e1lis CT k\u00e9palkot\u00e1s (dinamikus CT perf\u00fazi\u00f3, CT-FFR)<\/p>\n<p style=\"text-align: justify\">&#8211; \u00daj gener\u00e1ci\u00f3s sz\u00edv CT szkenner k\u00e9pmin\u0151s\u00e9g\u00e9nek elemz\u00e9se<\/p>\n<p style=\"text-align: justify\">&#8211; Coronaria plakk progresszi\u00f3 vizsg\u00e1lata<\/p>\n<p style=\"text-align: justify\">&#8211; Vulner\u00e1bilis plakkjellemz\u0151k azonos\u00edt\u00e1sa szem\u00e9lyre szabott ter\u00e1pia<\/p>\n<p style=\"text-align: justify\">Jelentkez\u00e9s\u00fcket v\u00e1rjuk az al\u00e1bbi e-mail c\u00edmen: szilveszter.balint@gmail.com<\/p>\n","protected":false},"excerpt":{"rendered":"<p>Sz\u00edv CT kutat\u00f3csoport A munkacsoport tagjai: &#8211;\u00a0 Dr. Szilveszter B\u00e1lint PhD, kardiol\u00f3gus szakorvos, egyetemi adjunktus &#8211;\u00a0 Dr. Jermendy \u00c1d\u00e1m PhD, radiol\u00f3gus szakorvos, egyetemi tan\u00e1rseg\u00e9d &#8211;\u00a0 Dr. Panajotu Alexisz, radiol\u00f3gus szakorvos &#8211;\u00a0 Dr. Suhai Ferenc Imre PhD, radiol\u00f3gus szakorvos, egyetemi tan\u00e1rseg\u00e9d &#8211;\u00a0 Dr. Borzs\u00e1k Sarolta PhD, radiol\u00f3gus szakorvos &#8211;\u00a0 Dr. Jokkel Zs\u00f3fia, radiol\u00f3gus rezidens &#8211;\u00a0 Dr. &hellip;<\/p>\n","protected":false},"author":101737,"featured_media":0,"parent":490,"menu_order":0,"comment_status":"closed","ping_status":"closed","template":"","meta":{"_acf_changed":false,"footnotes":""},"categories":[],"tags":[],"class_list":["post-495","page","type-page","status-publish","hentry"],"acf":[],"_links":{"self":[{"href":"https:\/\/semmelweis.hu\/varosmajor\/wp-json\/wp\/v2\/pages\/495","targetHints":{"allow":["GET"]}}],"collection":[{"href":"https:\/\/semmelweis.hu\/varosmajor\/wp-json\/wp\/v2\/pages"}],"about":[{"href":"https:\/\/semmelweis.hu\/varosmajor\/wp-json\/wp\/v2\/types\/page"}],"author":[{"embeddable":true,"href":"https:\/\/semmelweis.hu\/varosmajor\/wp-json\/wp\/v2\/users\/101737"}],"replies":[{"embeddable":true,"href":"https:\/\/semmelweis.hu\/varosmajor\/wp-json\/wp\/v2\/comments?post=495"}],"version-history":[{"count":7,"href":"https:\/\/semmelweis.hu\/varosmajor\/wp-json\/wp\/v2\/pages\/495\/revisions"}],"predecessor-version":[{"id":5910,"href":"https:\/\/semmelweis.hu\/varosmajor\/wp-json\/wp\/v2\/pages\/495\/revisions\/5910"}],"up":[{"embeddable":true,"href":"https:\/\/semmelweis.hu\/varosmajor\/wp-json\/wp\/v2\/pages\/490"}],"wp:attachment":[{"href":"https:\/\/semmelweis.hu\/varosmajor\/wp-json\/wp\/v2\/media?parent=495"}],"wp:term":[{"taxonomy":"category","embeddable":true,"href":"https:\/\/semmelweis.hu\/varosmajor\/wp-json\/wp\/v2\/categories?post=495"},{"taxonomy":"post_tag","embeddable":true,"href":"https:\/\/semmelweis.hu\/varosmajor\/wp-json\/wp\/v2\/tags?post=495"}],"curies":[{"name":"wp","href":"https:\/\/api.w.org\/{rel}","templated":true}]}}