{"id":445,"date":"2020-11-26T11:54:54","date_gmt":"2020-11-26T10:54:54","guid":{"rendered":"https:\/\/semmelweis.hu\/varosmajor\/?page_id=445"},"modified":"2024-09-10T09:43:24","modified_gmt":"2024-09-10T07:43:24","slug":"rontgen-labor","status":"publish","type":"page","link":"https:\/\/semmelweis.hu\/varosmajor\/gyogyitas\/radiologia\/rontgen-labor\/","title":{"rendered":"R\u00f6ntgen-labor"},"content":{"rendered":"<h1 style=\"text-align: center\"><strong>R\u00f6ntgen-labor<\/strong><\/h1>\n<p style=\"text-align: justify\"><strong>Laborvezet\u0151<\/strong>: Dr. Panajotu Alexisz klinikai szakorvos<\/p>\n<p style=\"text-align: justify\"><strong>Mi is az a r\u00f6ntgen-vizsg\u00e1lat?<\/strong><\/p>\n<p style=\"text-align: justify\">A r\u00f6ntgen-vizsg\u00e1lat a hagyom\u00e1nyos radiol\u00f3gia legnagyobb m\u00faltra visszatekint\u0151, napjainkban is sz\u00e9les k\u00f6rben alkalmazott k\u00e9palkot\u00f3 elj\u00e1r\u00e1sa, ami sz\u00e1mos kivizsg\u00e1l\u00e1si folyamat alapvet\u0151 elem\u00e9t k\u00e9pezi. R\u00f6ntgen-felv\u00e9telez\u00e9s sor\u00e1n a vizsg\u00e1lni k\u00edv\u00e1nt testr\u00e9szt, testt\u00e1jat nagyenergi\u00e1j\u00fa elektrom\u00e1gneses sugarakkal (r\u00f6ntgensugarakkal) vil\u00e1g\u00edtjuk \u00e1t. A testben el nem nyel\u0151d\u0151 sugarakat detektoron fogjuk fel, \u00edgy kapjuk meg a jellegzetes vet\u00fcleti r\u00f6ntgen-k\u00e9pet.\u00a0<\/p>\n<p style=\"text-align: justify\">A felv\u00e9teleken j\u00f3l meg\u00edt\u00e9lhet\u0151k a mellkasi szervek (t\u00fcd\u0151, sz\u00edv, mediastinum, rekeszizom, l\u00e9gcs\u0151) bizonyos elt\u00e9r\u00e9sei \u00e9s egyes hasi k\u00f3rk\u00e9pek. Kis sug\u00e1rterhel\u00e9se, sz\u00e9les k\u00f6r\u0171 hozz\u00e1f\u00e9rhet\u0151s\u00e9ge \u00e9s viszonylag nagy szenzitivit\u00e1sa miatt alapvet\u0151, sz\u0171r\u0151 jelleg\u0171 vizsg\u00e1lat szerep\u00e9t t\u00f6lti be.\u00a0<\/p>\n<p style=\"text-align: justify\"><strong>\u00a0<\/strong><\/p>\n<p style=\"text-align: justify\"><strong>A R\u00f6ntgen-labor m\u0171k\u00f6d\u00e9se klinik\u00e1nkon:<\/strong><\/p>\n<p style=\"text-align: justify\">Klinik\u00e1nkon mellkas-felv\u00e9telez\u0151 helyis\u00e9g \u00e9s mobil r\u00f6ntgen-k\u00e9sz\u00fcl\u00e9k \u00e1ll rendelkez\u00e9sre a vizsg\u00e1latok elv\u00e9gz\u00e9s\u00e9re. Az itt k\u00e9sz\u00fclt felv\u00e9telek t\u00f6bbs\u00e9ge a k\u00fcl\u00f6nb\u00f6z\u0151 sz\u00edv- \u00e9s \u00e9rseb\u00e9szeti beavatkoz\u00e1sok el\u0151tti rutin kivizsg\u00e1l\u00e1s r\u00e9szek\u00e9nt, illetve oper\u00e1ci\u00f3 ut\u00e1ni \u00e1llapotfelm\u00e9r\u00e9s c\u00e9lj\u00e1b\u00f3l k\u00e9sz\u00fclnek. Ezek mellett mellkasi panaszok eset\u00e9n, sz\u00edvritmus-szab\u00e1lyoz\u00f3 k\u00e9sz\u00fcl\u00e9kek be\u00fcltet\u00e9s\u00e9t, vagy sz\u00edvtranszplant\u00e1ci\u00f3t k\u00f6vet\u0151en is gyakran v\u00e9gz\u00fcnk vizsg\u00e1latot.\u00a0<\/p>\n<p style=\"text-align: justify\">Csak mellkasi \u00e9s hasi r\u00f6ntgen-vizsg\u00e1latra van lehet\u0151s\u00e9g\u00fcnk. Traum\u00e1s, ill. mozg\u00e1sszervi vizsg\u00e1latokat v\u00e9gezni megfelel\u0151 berendez\u00e9sek hi\u00e1ny\u00e1ban nem tudunk.<\/p>\n<p style=\"text-align: justify\">J\u00e1r\u00f3betegek r\u00e9sz\u00e9re a rendel\u00e9si id\u0151 int\u00e9zm\u00e9ny\u00fcnkben minden h\u00e9tk\u00f6znap reggel 8 \u00f3r\u00e1t\u00f3l d\u00e9lut\u00e1n 4 \u00f3r\u00e1ig tart. Ezen fel\u00fcl \u00fcgyeleti rend szerinti ell\u00e1t\u00e1st biztos\u00edtunk.<\/p>\n<p style=\"text-align: justify\"><strong>\u00a0<\/strong><\/p>\n<p style=\"text-align: justify\"><strong>Hogyan jelentkezhetek be vizsg\u00e1latra?<\/strong><\/p>\n<p style=\"text-align: justify\">Valamennyi r\u00f6ntgen-vizsg\u00e1lat beutal\u00f3-k\u00f6teles. A p\u00e1cienst kezel\u0151 szakorvos ig\u00e9nyelheti elv\u00e9gz\u00e9s\u00fcket az egyetemi inform\u00e1ci\u00f3s rendszeren kereszt\u00fcl.<\/p>\n<p style=\"text-align: justify\">Az elk\u00e9sz\u00fclt vizsg\u00e1latr\u00f3l sz\u00f3l\u00f3 radiol\u00f3giai lelet is itt hozz\u00e1f\u00e9rhet\u0151.\u00a0<\/p>\n","protected":false},"excerpt":{"rendered":"<p>R\u00f6ntgen-labor Laborvezet\u0151: Dr. Panajotu Alexisz klinikai szakorvos Mi is az a r\u00f6ntgen-vizsg\u00e1lat? A r\u00f6ntgen-vizsg\u00e1lat a hagyom\u00e1nyos radiol\u00f3gia legnagyobb m\u00faltra visszatekint\u0151, napjainkban is sz\u00e9les k\u00f6rben alkalmazott k\u00e9palkot\u00f3 elj\u00e1r\u00e1sa, ami sz\u00e1mos kivizsg\u00e1l\u00e1si folyamat alapvet\u0151 elem\u00e9t k\u00e9pezi. R\u00f6ntgen-felv\u00e9telez\u00e9s sor\u00e1n a vizsg\u00e1lni k\u00edv\u00e1nt testr\u00e9szt, testt\u00e1jat nagyenergi\u00e1j\u00fa elektrom\u00e1gneses sugarakkal (r\u00f6ntgensugarakkal) vil\u00e1g\u00edtjuk \u00e1t. A testben el nem nyel\u0151d\u0151 sugarakat detektoron fogjuk &hellip;<\/p>\n","protected":false},"author":101737,"featured_media":0,"parent":425,"menu_order":5,"comment_status":"closed","ping_status":"closed","template":"","meta":{"_acf_changed":false,"footnotes":""},"categories":[],"tags":[],"class_list":["post-445","page","type-page","status-publish","hentry"],"acf":[],"_links":{"self":[{"href":"https:\/\/semmelweis.hu\/varosmajor\/wp-json\/wp\/v2\/pages\/445","targetHints":{"allow":["GET"]}}],"collection":[{"href":"https:\/\/semmelweis.hu\/varosmajor\/wp-json\/wp\/v2\/pages"}],"about":[{"href":"https:\/\/semmelweis.hu\/varosmajor\/wp-json\/wp\/v2\/types\/page"}],"author":[{"embeddable":true,"href":"https:\/\/semmelweis.hu\/varosmajor\/wp-json\/wp\/v2\/users\/101737"}],"replies":[{"embeddable":true,"href":"https:\/\/semmelweis.hu\/varosmajor\/wp-json\/wp\/v2\/comments?post=445"}],"version-history":[{"count":2,"href":"https:\/\/semmelweis.hu\/varosmajor\/wp-json\/wp\/v2\/pages\/445\/revisions"}],"predecessor-version":[{"id":5802,"href":"https:\/\/semmelweis.hu\/varosmajor\/wp-json\/wp\/v2\/pages\/445\/revisions\/5802"}],"up":[{"embeddable":true,"href":"https:\/\/semmelweis.hu\/varosmajor\/wp-json\/wp\/v2\/pages\/425"}],"wp:attachment":[{"href":"https:\/\/semmelweis.hu\/varosmajor\/wp-json\/wp\/v2\/media?parent=445"}],"wp:term":[{"taxonomy":"category","embeddable":true,"href":"https:\/\/semmelweis.hu\/varosmajor\/wp-json\/wp\/v2\/categories?post=445"},{"taxonomy":"post_tag","embeddable":true,"href":"https:\/\/semmelweis.hu\/varosmajor\/wp-json\/wp\/v2\/tags?post=445"}],"curies":[{"name":"wp","href":"https:\/\/api.w.org\/{rel}","templated":true}]}}