{"id":443,"date":"2020-11-26T11:54:25","date_gmt":"2020-11-26T10:54:25","guid":{"rendered":"https:\/\/semmelweis.hu\/varosmajor\/?page_id=443"},"modified":"2025-06-18T14:43:49","modified_gmt":"2025-06-18T12:43:49","slug":"panaszkezeles","status":"publish","type":"page","link":"https:\/\/semmelweis.hu\/varosmajor\/gyogyitas\/radiologia\/panaszkezeles\/","title":{"rendered":"Panaszkezel\u00e9s"},"content":{"rendered":"<p style=\"text-align: justify;\">Tisztelt Betegeink!<\/p>\n<p style=\"text-align: justify;\">Mint a legt\u00f6bb k\u00f3rh\u00e1z radiol\u00f3giai r\u00e9szlege, a v\u00e1rosmajori radiol\u00f3gia is t\u00falterhelt. Sosem lehet el\u00e9g r\u00f6vid a v\u00e1rakoz\u00e1si id\u0151 egy vizsg\u00e1latra, \u00e9s a leletkiad\u00e1s sem azonnali. Mindent megtesz\u00fcnk az\u00e9rt, hogy betegeink el\u00e9gedettek legyenek munk\u00e1nkkal, a k\u00f6r\u00fclm\u00e9nyekhez k\u00e9pest a lehet\u0151 leghamarabb ker\u00fclj\u00f6n sor a vizsg\u00e1latra, \u00e9s k\u00e9sz\u00fclj\u00f6n el a vizsg\u00e1lati lelet\u00fck.<\/p>\n<p style=\"text-align: justify;\"><strong>\u00c9szrev\u00e9teleit, \u00f6tleteit, panaszait az al\u00e1bbi el\u00e9rhet\u0151s\u00e9geinken v\u00e1rjuk:<\/strong><\/p>\n<p style=\"text-align: justify;\">Emailben: <a href=\"mailto:major.rad@semmelweis.hu\">major.rad@semmelweis.hu<\/a><\/p>\n<p style=\"text-align: justify;\">Telefonon: +36-1-458-68-70<\/p>\n<p style=\"text-align: justify;\"><strong><a href=\"https:\/\/semmelweis.hu\/varosmajor\/betegellatas\/betegjog\/\">Betegjogi k\u00e9pvisel\u0151 el\u00e9rhet\u0151s\u00e9ge<\/a><\/strong><\/p>\n<p style=\"text-align: justify;\">\u00a0<\/p>\n","protected":false},"excerpt":{"rendered":"<p>Tisztelt Betegeink! Mint a legt\u00f6bb k\u00f3rh\u00e1z radiol\u00f3giai r\u00e9szlege, a v\u00e1rosmajori radiol\u00f3gia is t\u00falterhelt. Sosem lehet el\u00e9g r\u00f6vid a v\u00e1rakoz\u00e1si id\u0151 egy vizsg\u00e1latra, \u00e9s a leletkiad\u00e1s sem azonnali. Mindent megtesz\u00fcnk az\u00e9rt, hogy betegeink el\u00e9gedettek legyenek munk\u00e1nkkal, a k\u00f6r\u00fclm\u00e9nyekhez k\u00e9pest a lehet\u0151 leghamarabb ker\u00fclj\u00f6n sor a vizsg\u00e1latra, \u00e9s k\u00e9sz\u00fclj\u00f6n el a vizsg\u00e1lati lelet\u00fck. \u00c9szrev\u00e9teleit, \u00f6tleteit, panaszait az &hellip;<\/p>\n","protected":false},"author":101844,"featured_media":0,"parent":425,"menu_order":9,"comment_status":"closed","ping_status":"closed","template":"","meta":{"_acf_changed":false,"footnotes":""},"categories":[],"tags":[],"class_list":["post-443","page","type-page","status-publish","hentry"],"acf":[],"_links":{"self":[{"href":"https:\/\/semmelweis.hu\/varosmajor\/wp-json\/wp\/v2\/pages\/443","targetHints":{"allow":["GET"]}}],"collection":[{"href":"https:\/\/semmelweis.hu\/varosmajor\/wp-json\/wp\/v2\/pages"}],"about":[{"href":"https:\/\/semmelweis.hu\/varosmajor\/wp-json\/wp\/v2\/types\/page"}],"author":[{"embeddable":true,"href":"https:\/\/semmelweis.hu\/varosmajor\/wp-json\/wp\/v2\/users\/101844"}],"replies":[{"embeddable":true,"href":"https:\/\/semmelweis.hu\/varosmajor\/wp-json\/wp\/v2\/comments?post=443"}],"version-history":[{"count":8,"href":"https:\/\/semmelweis.hu\/varosmajor\/wp-json\/wp\/v2\/pages\/443\/revisions"}],"predecessor-version":[{"id":10612,"href":"https:\/\/semmelweis.hu\/varosmajor\/wp-json\/wp\/v2\/pages\/443\/revisions\/10612"}],"up":[{"embeddable":true,"href":"https:\/\/semmelweis.hu\/varosmajor\/wp-json\/wp\/v2\/pages\/425"}],"wp:attachment":[{"href":"https:\/\/semmelweis.hu\/varosmajor\/wp-json\/wp\/v2\/media?parent=443"}],"wp:term":[{"taxonomy":"category","embeddable":true,"href":"https:\/\/semmelweis.hu\/varosmajor\/wp-json\/wp\/v2\/categories?post=443"},{"taxonomy":"post_tag","embeddable":true,"href":"https:\/\/semmelweis.hu\/varosmajor\/wp-json\/wp\/v2\/tags?post=443"}],"curies":[{"name":"wp","href":"https:\/\/api.w.org\/{rel}","templated":true}]}}