{"id":3945,"date":"2023-11-03T14:42:49","date_gmt":"2023-11-03T13:42:49","guid":{"rendered":"https:\/\/semmelweis.hu\/varosmajor\/?page_id=3945"},"modified":"2024-09-06T11:09:28","modified_gmt":"2024-09-06T09:09:28","slug":"muteti-elokeszites","status":"publish","type":"page","link":"https:\/\/semmelweis.hu\/varosmajor\/gyogyitas\/szivsebeszet\/muteti-elokeszites\/","title":{"rendered":"M\u0171t\u00e9ti el\u0151k\u00e9sz\u00edt\u00e9s"},"content":{"rendered":"<p style=\"text-align: justify\">A m\u0171t\u00e9ti el\u0151k\u00e9sz\u00edt\u00e9s k\u00e9t r\u00e9szre oszthat\u00f3: m\u0171t\u00e9t el\u0151tti kivizsg\u00e1l\u00e1s (g\u00f3ckutat\u00e1s) \u00e9s a k\u00f3rh\u00e1zi el\u0151k\u00e9sz\u00edt\u00e9s.\u00a0<\/p>\n<p style=\"text-align: justify\">A m\u0171t\u00e9t el\u0151tti sz\u00edvseb\u00e9szeti konzult\u00e1ci\u00f3 sor\u00e1n sz\u00edvseb\u00e9szeink fel\u00e1ll\u00edtj\u00e1k a m\u0171t\u00e9ti tervet Ezt k\u00f6vet\u0151en egy r\u00e9szletes, t\u00e1rsszakm\u00e1k \u00e1ltali kivizsg\u00e1l\u00e1s sz\u00fcks\u00e9ges, melyet g\u00f3ckutat\u00e1snak nevez\u00fcnk, aminek szerepe, hogy a m\u0171t\u00e9t el\u0151tt az esetlegesen lappang\u00f3, gyullad\u00e1sos g\u00f3cok felismer\u00e9sre \u00e9s kezel\u00e9sre ker\u00fcljenek. Ezen k\u00edv\u00fcl a szervezet \u00e1ltal\u00e1nos \u00e1llapot\u00e1t, egy\u00e9b szervi funkci\u00f3j\u00e1t is megvizsg\u00e1ljuk, melyek a biztons\u00e1gos sz\u00edvm\u0171t\u00e9t v\u00e9gz\u00e9s\u00e9hez elengedhetetlenek.\u00a0<\/p>\n<p style=\"text-align: justify\">M\u0171t\u00e9t el\u0151tti kivizsg\u00e1l\u00e1s \u00e1ltal\u00e1ban tartalmazza:\u00a0<\/p>\n<ul style=\"text-align: justify\">\n<li>koszor\u00fa\u00e9r fest\u00e9s,\u00a0<\/li>\n<li>nyaki ver\u0151\u00e9r ultrahang (Doppler) vizsg\u00e1lat,<\/li>\n<li>hasi ultrahang vizsg\u00e1lat,<\/li>\n<li>l\u00e9gz\u00e9sfunkci\u00f3s vizsg\u00e1lat pulmonol\u00f3giai konz\u00edliummal,<\/li>\n<li>fog\u00e1szati vizsg\u00e1lat,<\/li>\n<li>f\u00fcl-orr-g\u00e9g\u00e9szeti vizsg\u00e1lat (garat \u00e9s orrv\u00e1lad\u00e9k teny\u00e9szt\u00e9ssel),<\/li>\n<li>urol\u00f3giai vizsg\u00e1lat (vizelet teny\u00e9szt\u00e9ssel),<\/li>\n<li>h\u00f6lgy betegek eset\u00e9n n\u0151gy\u00f3gy\u00e1szati vizsg\u00e1lat.<\/li>\n<\/ul>\n<p style=\"text-align: justify\">A m\u0171t\u00e9t el\u0151tt ezeken k\u00edv\u00fcl v\u00e9rcsoport vizsg\u00e1lat elv\u00e9gz\u00e9se is sz\u00fcks\u00e9ges, valamint amennyiben kor\u00e1bbi vagy a sz\u00edvseb\u00e9szeti megbesz\u00e9l\u00e9s id\u0151pontj\u00e1ban is megl\u00e9v\u0151 t\u00e1rsbetegs\u00e9g miatt azt a sz\u00edvseb\u00e9sz indokoltnak tartja, m\u00e9g egy\u00e9b vizsg\u00e1latot is k\u00e9rhet (ilyen lehet p\u00e9ld\u00e1ul egy pajzsmirigy beteg eset\u00e9n az endokrinol\u00f3giai vizsg\u00e1lat).<\/p>\n<p style=\"text-align: justify\">A g\u00f3cvizsg\u00e1latokat \u00e9s az esetlegesen elrendelt egy\u00e9b vizsg\u00e1latokat k\u00f6vet\u0151en a sz\u00edvseb\u00e9sz m\u00e9g altat\u00f3orvosi vizsg\u00e1latra is k\u00fcldheti a betegeket.\u00a0 \u00a0\u00a0<\/p>\n<p style=\"text-align: justify\">A fenti vizsg\u00e1latok elk\u00e9sz\u00fcl\u00e9se ut\u00e1n jelentkezni sz\u00fcks\u00e9ges az oper\u00e1l\u00f3 sz\u00edvseb\u00e9szn\u00e9l a\u00a0vizsg\u00e1latok eredm\u00e9nyeinek \u00e1ttekint\u00e9se \u00e9s m\u0171t\u00e9ti el\u0151jegyz\u00e9sbe v\u00e9tel c\u00e9lj\u00e1b\u00f3l.\u00a0<\/p>\n<p style=\"text-align: justify\">Mivel a betegek \u00e1llapota \u00e9s t\u00fcneteik s\u00falyoss\u00e1ga k\u00fcl\u00f6nb\u00f6z\u0151, ez\u00e9rt a sz\u00edvseb\u00e9szeti ambulanci\u00e1ra k\u00e9s\u0151bb \u00e9rkez\u0151 beteg is ker\u00fclhet azonnal el\u0151re a v\u00e1r\u00f3list\u00e1n, ezzel a m\u00e1r v\u00e1r\u00f3list\u00e1n l\u00e9v\u0151 betegek h\u00e1tr\u00e9bb ker\u00fclhetnek. Emiatt m\u00e9g az utols\u00f3 sz\u00edvseb\u00e9szeti konzult\u00e1ci\u00f3 alkalm\u00e1val sem lehets\u00e9ges pontos m\u0171t\u00e9ti id\u0151pontot adni.<\/p>\n<p style=\"text-align: justify\">A k\u00f3rh\u00e1zi befekv\u00e9s sor\u00e1n minden esetben k\u00e9sz\u00fcl sz\u00edvultrahang, mellkasr\u00f6ntgen, laborvizsg\u00e1lat \u00e9s EKG. A laborvizsg\u00e1lat miatt k\u00e9rj\u00fck \u00e9hgyomorra \u00e9rkezzenek. A k\u00f3rh\u00e1zi befekv\u00e9shez egy h\u00e9tre elegend\u0151 tiszt\u00e1lkod\u00f3 felszerel\u00e9st \u00e9s h\u00e1l\u00f3 ruh\u00e1t hozzanak magukkal, \u00e9rt\u00e9keiket z\u00e1rhat\u00f3 szekr\u00e9nyben helyezz\u00fck el. Az el\u0151zetesen megbesz\u00e9lt v\u00e1ralvad\u00e1sg\u00e1tl\u00f3 \u00e9s v\u00e9rcukorra hat\u00f3 gy\u00f3gyszereket k\u00e9rj\u00fck elhagyni, vagy m\u00f3dos\u00edtani a sz\u00fcks\u00e9ges id\u0151pontban. A m\u0171t\u00e9t el\u0151tti napon enni- \u00e9s innival\u00f3t fogyasztani \u00e9jf\u00e9lig lehet. M\u0171t\u00e9t el\u0151tt \u00e9hgyomri \u00e1llapot sz\u00fcks\u00e9ges, mely a biztons\u00e1gos altat\u00e1shoz elengedhetetlen. A m\u0171t\u00e9t reggel\u00e9n a szok\u00e1sost\u00f3l elt\u00e9r\u0151 gy\u00f3gyszerek sz\u00fcks\u00e9gesek, melyek egy\u00e9nre szabottan ker\u00fclnek ki\u00edr\u00e1sra. Az el\u0151zetesen a betegek \u00e1ltal megjel\u00f6lt hozz\u00e1tartoz\u00f3k r\u00e9sz\u00e9re a m\u0171t\u00e9tet k\u00f6vet\u0151en az oper\u00e1l\u00f3 sz\u00edvseb\u00e9sz, valamint az intenz\u00edv oszt\u00e1lyos tart\u00f3zkod\u00e1s sor\u00e1n az intenz\u00edv oszt\u00e1lyos koll\u00e9g\u00e1k, a sz\u00edvseb\u00e9szeti oszt\u00e1lyos kezel\u00e9s alatt az oper\u00e1l\u00f3 sz\u00edvseb\u00e9sz, illetve oszt\u00e1lyos orvosaink adnak felvil\u00e1gos\u00edt\u00e1st a betegek \u00e1llapot\u00e1r\u00f3l.<\/p>\n","protected":false},"excerpt":{"rendered":"<p>A m\u0171t\u00e9ti el\u0151k\u00e9sz\u00edt\u00e9s k\u00e9t r\u00e9szre oszthat\u00f3: m\u0171t\u00e9t el\u0151tti kivizsg\u00e1l\u00e1s (g\u00f3ckutat\u00e1s) \u00e9s a k\u00f3rh\u00e1zi el\u0151k\u00e9sz\u00edt\u00e9s.\u00a0 A m\u0171t\u00e9t el\u0151tti sz\u00edvseb\u00e9szeti konzult\u00e1ci\u00f3 sor\u00e1n sz\u00edvseb\u00e9szeink fel\u00e1ll\u00edtj\u00e1k a m\u0171t\u00e9ti tervet Ezt k\u00f6vet\u0151en egy r\u00e9szletes, t\u00e1rsszakm\u00e1k \u00e1ltali kivizsg\u00e1l\u00e1s sz\u00fcks\u00e9ges, melyet g\u00f3ckutat\u00e1snak nevez\u00fcnk, aminek szerepe, hogy a m\u0171t\u00e9t el\u0151tt az esetlegesen lappang\u00f3, gyullad\u00e1sos g\u00f3cok felismer\u00e9sre \u00e9s kezel\u00e9sre ker\u00fcljenek. Ezen k\u00edv\u00fcl a szervezet &hellip;<\/p>\n","protected":false},"author":102080,"featured_media":0,"parent":2017,"menu_order":3,"comment_status":"closed","ping_status":"closed","template":"","meta":{"_acf_changed":false,"footnotes":""},"categories":[],"tags":[],"class_list":["post-3945","page","type-page","status-publish","hentry"],"acf":[],"_links":{"self":[{"href":"https:\/\/semmelweis.hu\/varosmajor\/wp-json\/wp\/v2\/pages\/3945","targetHints":{"allow":["GET"]}}],"collection":[{"href":"https:\/\/semmelweis.hu\/varosmajor\/wp-json\/wp\/v2\/pages"}],"about":[{"href":"https:\/\/semmelweis.hu\/varosmajor\/wp-json\/wp\/v2\/types\/page"}],"author":[{"embeddable":true,"href":"https:\/\/semmelweis.hu\/varosmajor\/wp-json\/wp\/v2\/users\/102080"}],"replies":[{"embeddable":true,"href":"https:\/\/semmelweis.hu\/varosmajor\/wp-json\/wp\/v2\/comments?post=3945"}],"version-history":[{"count":2,"href":"https:\/\/semmelweis.hu\/varosmajor\/wp-json\/wp\/v2\/pages\/3945\/revisions"}],"predecessor-version":[{"id":5750,"href":"https:\/\/semmelweis.hu\/varosmajor\/wp-json\/wp\/v2\/pages\/3945\/revisions\/5750"}],"up":[{"embeddable":true,"href":"https:\/\/semmelweis.hu\/varosmajor\/wp-json\/wp\/v2\/pages\/2017"}],"wp:attachment":[{"href":"https:\/\/semmelweis.hu\/varosmajor\/wp-json\/wp\/v2\/media?parent=3945"}],"wp:term":[{"taxonomy":"category","embeddable":true,"href":"https:\/\/semmelweis.hu\/varosmajor\/wp-json\/wp\/v2\/categories?post=3945"},{"taxonomy":"post_tag","embeddable":true,"href":"https:\/\/semmelweis.hu\/varosmajor\/wp-json\/wp\/v2\/tags?post=3945"}],"curies":[{"name":"wp","href":"https:\/\/api.w.org\/{rel}","templated":true}]}}