{"id":384,"date":"2020-11-24T14:15:51","date_gmt":"2020-11-24T13:15:51","guid":{"rendered":"https:\/\/semmelweis.hu\/varosmajor\/?page_id=384"},"modified":"2024-09-10T11:14:40","modified_gmt":"2024-09-10T09:14:40","slug":"vascularis-neurologiai-tanszek-csoport","status":"publish","type":"page","link":"https:\/\/semmelweis.hu\/varosmajor\/kutatas\/vascularis-neurologiai-tanszek-csoport\/","title":{"rendered":"Vascularis Neurol\u00f3giai Tansz\u00e9k Csoport"},"content":{"rendered":"<h1>Vascularis Neurol\u00f3giai Tansz\u00e9k Csoport<\/h1>\n<p style=\"text-align: justify\">A kor\u00e1bbi OTKI r\u00e9szek\u00e9nt, mint\u00a0 Neurol\u00f3giai \u00e9s Pszichi\u00e1triai Tansz\u00e9k l\u00e9tes\u00fclt 1956-ban a Pszichi\u00e1triai Tansz\u00e9k k\u00fcl\u00f6nv\u00e1lt, \u00e9s ett\u0151l kezdve Neurol\u00f3giai Tansz\u00e9k-k\u00e9nt m\u0171k\u00f6d\u00f6tt. A tansz\u00e9k az Orsz\u00e1gos Pszichi\u00e1triai \u00e9s Neurol\u00f3giai Int\u00e9zet (OPNI) b\u00e1zis\u00e1n l\u00e9tes\u00fclt. Mind a fekv\u0151beteg-, mind a j\u00e1r\u00f3beteg-ell\u00e1t\u00e1s az OPNI szervezeti egys\u00e9gk\u00e9nt m\u0171k\u00f6d\u00f6tt.<\/p>\n<p style=\"text-align: justify\">A tansz\u00e9k korbbi igazgat\u00f3i: Rakonitz Jen\u0151 1956-1964, Miskolczy Dezs\u0151 1964-1969, Tarsika Istv\u00e1n 1969-1982, Hal\u00e1sz P\u00e9ter 1982-2000-ig. 2000-ben ker\u00fclt a tansz\u00e9k Nagy Zolt\u00e1n professzor ir\u00e1ny\u00edt\u00e1sa al\u00e1. Az OTKI, illetve a Haynai Imre Eg\u00e9szs\u00e9gtudom\u00e1nyi Egyetem megsz\u0171n\u00e9s\u00e9vel A Neurol\u00f3gia Tansz\u00e9k, Vascularis Neurol\u00f3giai Tansz\u00e9kk\u00e9nt, majd Tansz\u00e9ki<\/p>\n<p style=\"text-align: justify\">Csoportk\u00e9nt m\u0171k\u00f6d\u00f6tt. Az OPNI neurol\u00f3giai oszt\u00e1lyai, ezen bel\u00fcl az Agy\u00e9rbetegs\u00e9gek Orsz\u00e1gos K\u00f6zpontja egy\u00fcttesen 120 \u00e1ggyal biztos\u00edtott\u00e1k a tansz\u00e9ki csoport oktat\u00e1si b\u00e1zis\u00e1t. Az OPNI 2007-es megsz\u00fcntet\u00e9s\u00e9vel a klinikai tev\u00e9kenys\u00e9ge is megsz\u0171nt. A tansz\u00e9ki csoport a Kardiol\u00f3giai Tansz\u00e9k telephely\u00e9n vascularis neurol\u00f3giai kutat\u00e1sokat folytat, illetve konzili\u00e1rusi tev\u00e9kenys\u00e9ggel t\u00e1mogatja a Tansz\u00e9k munk\u00e1j\u00e1t.<\/p>\n<h2 style=\"text-align: justify\">A Tansz\u00e9ki csoport vezet\u0151je<\/h2>\n<p style=\"text-align: justify\"><strong>Prof. Dr. Nagy Zolt\u00e1n MTA doktora<\/strong><br \/>\nTudom\u00e1nyos tan\u00e1csad\u00f3<br \/>\n<strong>Telefon\/Fax:<\/strong>\u00a0458-6756, 20-663-2650<br \/>\n<strong>e-mail:<\/strong>\u00a0<a href=\"mailto:nagyzg@erseb.sote.hu\" target=\"_blank\" rel=\"noopener noreferrer\">nagyzg@erseb.sote.hu<\/a><\/p>\n<h2 style=\"text-align: justify\">Oktat\u00e1si tev\u00e9kenys\u00e9g:<\/h2>\n<ol style=\"text-align: justify\">\n<li>K\u00f6telez\u0151en v\u00e1llaszthat\u00f3 kurzus V.\u00e9ves hallgat\u00f3knak: A cerebrovascularis betegs\u00e9gek diagnosztik\u00e1ja \u00e9s ter\u00e1pi\u00e1ja.<\/li>\n<li>Kreditszerz\u0151 tov\u00e1bbk\u00e9pz\u0151 el\u0151ad\u00e1s sorozat Kaposv\u00e1ron, Veszpr\u00e9ben: A neurol\u00f3gia hat\u00e1rter\u00fcleti pr\u00f3bl\u00e9m\u00e1i.<\/li>\n<li>Ph.D tanfolyam: A stroke neurobiol\u00f3gi\u00e1ja<\/li>\n<li>2009-2010 helyi pontszerz\u0151 tanfolyamok:<\/li>\n<\/ol>\n<ul>\n<li style=\"text-align: justify\">A stroke syndrome \u00e9s az agyi kis\u00e9rbetegs\u00e9gek.<\/li>\n<li style=\"text-align: justify\">A stroke \u00e1llapotok k\u00f6vetkezm\u00e9nyei<\/li>\n<li style=\"text-align: justify\">Agyv\u00e9rz\u00e9s<\/li>\n<\/ul>\n<h2 style=\"text-align: justify\">\nKutat\u00e1si t\u00e9m\u00e1k:<\/h2>\n<ul style=\"text-align: justify\">\n<li>Agyi plaszticit\u00e1s kutat\u00e1sa transiens MCA okkl\u00fazi\u00f3s modellben (GAP43, NOGO, MMP9 rendszer vizsgt\u00e1lata)<\/li>\n<li>Mesenchimalis \u0151s-sejtek vizsg\u00e1lata ischaemi\u00e1s agy, illetve sz\u00edvk\u00e1rosod\u00e1st k\u00f6vet\u0151en<\/li>\n<li>Human agyi \u00e9s sz\u00edv eredet\u0171 endothel sejtek neuroprotekt\u00edv aktivit\u00e1s\u00e1nak kutat\u00e1sa<\/li>\n<\/ul>\n<p style=\"text-align: justify\">A Tansz\u00e9ki csoport kutat\u00e1sait OTKA, T\u00c1MOP, \u00e9s NKFP p\u00e1ly\u00e1zatokb\u00f3l finansz\u00edrozza<\/p>\n<h2>Munkat\u00e1rsak:<\/h2>\n<p><strong>Dr. Skop\u00e1l Judit Ph.D.<\/strong><br \/>\nTudom\u00e1nyos munkat\u00e1rs<br \/>\nSejtbiol\u00f3giai Laborat\u00f3rium vezet\u0151je<br \/>\n<strong>Telefon:<\/strong>\u00a0459-1500\/56809, 20-663-2649<br \/>\n<strong>e-mail:<\/strong>\u00a0jskopal56@gmail.com<\/p>\n<p><strong>Hegyesi Nikolett<\/strong><br \/>\nSzakaszisztens<br \/>\nSejtbiol\u00f3giai Laborat\u00f3rium<br \/>\n<strong>Telefon:<\/strong>\u00a0459-1500\/56809, 20-663-2807<br \/>\n<strong>e-mail:<\/strong>\u00a0nhegyesi@freemail.hu<br \/>\n\u00a0<br \/>\n<strong>Lendvai Zsuzsanna<\/strong><br \/>\nPh.D. hallgat\u00f3<br \/>\nSejtbiol\u00f3giai Laborat\u00f3rium<br \/>\n<strong>Telefon:<\/strong>\u00a0459-1500\/56809, 20-663-2723<br \/>\n<strong>e-mail:<\/strong>\u00a0lendvaizsu85@gmail.com<br \/>\n\u00a0<br \/>\n<strong>Dr. Nardai S\u00e1ndor<\/strong><br \/>\nrezidens, Ph.D. hallgat\u00f3<br \/>\nSejtbiol\u00f3giai Laborat\u00f3rium<br \/>\n<strong>Telefon:<\/strong>\u00a0459-1500\/56809, 20-663-2722<br \/>\n<strong>e-mail:<\/strong>\u00a0snardai@gmail.com<br \/>\n\u00a0<br \/>\n<strong>Dr. \u00c1goston Viktor<\/strong><br \/>\nPh.D. hallgat\u00f3<br \/>\nSejtbiol\u00f3giai Laborat\u00f3rium<br \/>\n<strong>Telefon:<\/strong>\u00a030-6595611<br \/>\n<strong>e-mail:<\/strong>\u00a0agoston.viktor@gmail.com<\/p>\n","protected":false},"excerpt":{"rendered":"<p>Vascularis Neurol\u00f3giai Tansz\u00e9k Csoport A kor\u00e1bbi OTKI r\u00e9szek\u00e9nt, mint\u00a0 Neurol\u00f3giai \u00e9s Pszichi\u00e1triai Tansz\u00e9k l\u00e9tes\u00fclt 1956-ban a Pszichi\u00e1triai Tansz\u00e9k k\u00fcl\u00f6nv\u00e1lt, \u00e9s ett\u0151l kezdve Neurol\u00f3giai Tansz\u00e9k-k\u00e9nt m\u0171k\u00f6d\u00f6tt. A tansz\u00e9k az Orsz\u00e1gos Pszichi\u00e1triai \u00e9s Neurol\u00f3giai Int\u00e9zet (OPNI) b\u00e1zis\u00e1n l\u00e9tes\u00fclt. Mind a fekv\u0151beteg-, mind a j\u00e1r\u00f3beteg-ell\u00e1t\u00e1s az OPNI szervezeti egys\u00e9gk\u00e9nt m\u0171k\u00f6d\u00f6tt. A tansz\u00e9k korbbi igazgat\u00f3i: Rakonitz Jen\u0151 1956-1964, Miskolczy &hellip;<\/p>\n","protected":false},"author":101737,"featured_media":0,"parent":25,"menu_order":6,"comment_status":"closed","ping_status":"closed","template":"","meta":{"_acf_changed":false,"footnotes":""},"categories":[],"tags":[],"class_list":["post-384","page","type-page","status-publish","hentry"],"acf":[],"_links":{"self":[{"href":"https:\/\/semmelweis.hu\/varosmajor\/wp-json\/wp\/v2\/pages\/384","targetHints":{"allow":["GET"]}}],"collection":[{"href":"https:\/\/semmelweis.hu\/varosmajor\/wp-json\/wp\/v2\/pages"}],"about":[{"href":"https:\/\/semmelweis.hu\/varosmajor\/wp-json\/wp\/v2\/types\/page"}],"author":[{"embeddable":true,"href":"https:\/\/semmelweis.hu\/varosmajor\/wp-json\/wp\/v2\/users\/101737"}],"replies":[{"embeddable":true,"href":"https:\/\/semmelweis.hu\/varosmajor\/wp-json\/wp\/v2\/comments?post=384"}],"version-history":[{"count":5,"href":"https:\/\/semmelweis.hu\/varosmajor\/wp-json\/wp\/v2\/pages\/384\/revisions"}],"predecessor-version":[{"id":5847,"href":"https:\/\/semmelweis.hu\/varosmajor\/wp-json\/wp\/v2\/pages\/384\/revisions\/5847"}],"up":[{"embeddable":true,"href":"https:\/\/semmelweis.hu\/varosmajor\/wp-json\/wp\/v2\/pages\/25"}],"wp:attachment":[{"href":"https:\/\/semmelweis.hu\/varosmajor\/wp-json\/wp\/v2\/media?parent=384"}],"wp:term":[{"taxonomy":"category","embeddable":true,"href":"https:\/\/semmelweis.hu\/varosmajor\/wp-json\/wp\/v2\/categories?post=384"},{"taxonomy":"post_tag","embeddable":true,"href":"https:\/\/semmelweis.hu\/varosmajor\/wp-json\/wp\/v2\/tags?post=384"}],"curies":[{"name":"wp","href":"https:\/\/api.w.org\/{rel}","templated":true}]}}