{"id":3690,"date":"2023-04-14T14:36:59","date_gmt":"2023-04-14T12:36:59","guid":{"rendered":"https:\/\/semmelweis.hu\/varosmajor\/?page_id=3690"},"modified":"2025-11-07T08:43:36","modified_gmt":"2025-11-07T07:43:36","slug":"latogatasi-rend","status":"publish","type":"page","link":"https:\/\/semmelweis.hu\/varosmajor\/beteginformacio\/latogatasi-rend\/","title":{"rendered":"L\u00e1togat\u00e1si rend"},"content":{"rendered":"<p style=\"text-align: center\"><strong>KEDVES L\u00c1TOGAT\u00d3K!<\/strong><\/p>\n<p style=\"text-align: center\"><span style=\"color: #ff0000\"><strong>Klinik\u00e1nkon a fekv\u0151beteg oszt\u00e1lyokon minden nap<\/strong><\/span><\/p>\n<p style=\"text-align: center\"><span style=\"color: #ff0000\"><strong>16:00 \u2013 18:00- ig<\/strong> <strong>van l\u00e1togat\u00e1si id\u0151.<\/p>\n<p><\/strong><\/span><\/p>\n<ul>\n<li>K\u00e9rj\u00fck, hogy egy betegn\u00e9l egyszerre legfeljebb <strong>k\u00e9t l\u00e1togat\u00f3<\/strong> tart\u00f3zkodjon.\n<\/li>\n<li>S\u00fcrg\u0151s\/\u00e9letment\u0151 ell\u00e1t\u00e1s, \u00faj beteg \u00e9rkez\u00e9se, vizit eset\u00e9n a l\u00e1togat\u00e1s a betegek ell\u00e1t\u00e1sa \u00e9rdek\u00e9ben a l\u00e1togat\u00e1si id\u0151 alatt is sz\u00fcnetelhet. Ebben az esetben t\u00fcrelm\u00fcket \u00e9s meg\u00e9rt\u00e9s\u00fcket k\u00e9rj\u00fck!\n<\/li>\n<li>K\u00e9rj\u00fck a hozz\u00e1tartoz\u00f3kat, az emeleti t\u00e1rsalg\u00f3n\u00e1l legyenek sz\u00edvesek v\u00e1rakozni!\n<\/li>\n<li>A fenti id\u0151n k\u00edv\u00fcli l\u00e1togat\u00e1s indokolt esetben k\u00fcl\u00f6n enged\u00e9llyel lehets\u00e9ges!\n<\/li>\n<li>K\u00e9rj\u00fck, 12 \u00e9ven aluli gyermeket ne hozz\u00e1k magukkal a klinik\u00e1ra!\n<\/li>\n<li>Bizonyos esetben az oszt\u00e1lyon fekv\u0151 betegek l\u00e1togat\u00e1s\u00e1hoz k\u00e9rj\u00fck a kihelyezett egyszer haszn\u00e1latos cip\u0151v\u00e9d\u0151, arcmaszk, haszn\u00e1lat\u00e1t, melyr\u0151l a klinika k\u00fcl\u00f6n \u00e9rtes\u00edti \u00d6n\u00f6ket.\n<\/li>\n<\/ul>\n<p>\u00a0\u00a0\u00a0\u00a0\u00a0\u00a0\u00a0\u00a0\u00a0\u00a0\u00a0\u00a0\u00a0\u00a0\u00a0\u00a0\u00a0\u00a0\u00a0\u00a0\u00a0\u00a0\u00a0\u00a0\u00a0\u00a0\u00a0\u00a0\u00a0\u00a0\u00a0\u00a0\u00a0\u00a0\u00a0\u00a0\u00a0\u00a0\u00a0\u00a0\u00a0\u00a0\u00a0\u00a0\u00a0\u00a0\u00a0\u00a0\u00a0\u00a0\u00a0\u00a0\u00a0\u00a0\u00a0\u00a0\u00a0\u00a0\u00a0\u00a0 Meg\u00e9rt\u00e9s\u00fcket k\u00f6sz\u00f6nj\u00fck!\u00a0<\/p>\n<p>2025. 10. 30.<\/p>\n<p>&nbsp;<\/p>\n<p style=\"text-align: center\">Kedves L\u00e1togat\u00f3k!\u00a0<\/p>\n<p style=\"text-align: center\">Klinik\u00e1nkon <span style=\"color: #ff0000\"><strong>2025. m\u00e1rcius 6-t\u00f3l feloldjuk a l\u00e1togat\u00e1si tilalmat<\/strong><\/span>.\u00a0<\/p>\n<p style=\"text-align: center\">K\u00f6sz\u00f6nettel!<\/p>\n<p style=\"text-align: center\">A Klinika dolgoz\u00f3i<\/p>\n","protected":false},"excerpt":{"rendered":"<p>KEDVES L\u00c1TOGAT\u00d3K! Klinik\u00e1nkon a fekv\u0151beteg oszt\u00e1lyokon minden nap 16:00 \u2013 18:00- ig van l\u00e1togat\u00e1si id\u0151. K\u00e9rj\u00fck, hogy egy betegn\u00e9l egyszerre legfeljebb k\u00e9t l\u00e1togat\u00f3 tart\u00f3zkodjon. S\u00fcrg\u0151s\/\u00e9letment\u0151 ell\u00e1t\u00e1s, \u00faj beteg \u00e9rkez\u00e9se, vizit eset\u00e9n a l\u00e1togat\u00e1s a betegek ell\u00e1t\u00e1sa \u00e9rdek\u00e9ben a l\u00e1togat\u00e1si id\u0151 alatt is sz\u00fcnetelhet. Ebben az esetben t\u00fcrelm\u00fcket \u00e9s meg\u00e9rt\u00e9s\u00fcket k\u00e9rj\u00fck! K\u00e9rj\u00fck a hozz\u00e1tartoz\u00f3kat, az emeleti &hellip;<\/p>\n","protected":false},"author":102080,"featured_media":0,"parent":3361,"menu_order":3,"comment_status":"closed","ping_status":"closed","template":"","meta":{"_acf_changed":false,"footnotes":""},"categories":[],"tags":[],"class_list":["post-3690","page","type-page","status-publish","hentry"],"acf":[],"_links":{"self":[{"href":"https:\/\/semmelweis.hu\/varosmajor\/wp-json\/wp\/v2\/pages\/3690","targetHints":{"allow":["GET"]}}],"collection":[{"href":"https:\/\/semmelweis.hu\/varosmajor\/wp-json\/wp\/v2\/pages"}],"about":[{"href":"https:\/\/semmelweis.hu\/varosmajor\/wp-json\/wp\/v2\/types\/page"}],"author":[{"embeddable":true,"href":"https:\/\/semmelweis.hu\/varosmajor\/wp-json\/wp\/v2\/users\/102080"}],"replies":[{"embeddable":true,"href":"https:\/\/semmelweis.hu\/varosmajor\/wp-json\/wp\/v2\/comments?post=3690"}],"version-history":[{"count":10,"href":"https:\/\/semmelweis.hu\/varosmajor\/wp-json\/wp\/v2\/pages\/3690\/revisions"}],"predecessor-version":[{"id":12851,"href":"https:\/\/semmelweis.hu\/varosmajor\/wp-json\/wp\/v2\/pages\/3690\/revisions\/12851"}],"up":[{"embeddable":true,"href":"https:\/\/semmelweis.hu\/varosmajor\/wp-json\/wp\/v2\/pages\/3361"}],"wp:attachment":[{"href":"https:\/\/semmelweis.hu\/varosmajor\/wp-json\/wp\/v2\/media?parent=3690"}],"wp:term":[{"taxonomy":"category","embeddable":true,"href":"https:\/\/semmelweis.hu\/varosmajor\/wp-json\/wp\/v2\/categories?post=3690"},{"taxonomy":"post_tag","embeddable":true,"href":"https:\/\/semmelweis.hu\/varosmajor\/wp-json\/wp\/v2\/tags?post=3690"}],"curies":[{"name":"wp","href":"https:\/\/api.w.org\/{rel}","templated":true}]}}

Látogatási rend

<p style="text-align: center"><strong>KEDVES LÁTOGATÓK!</strong></p>
<p style="text-align: center"><span style="color: #ff0000"><strong>Klinikánkon a fekvőbeteg osztályokon minden nap</strong></span></p>
<p style="text-align: center"><span style="color: #ff0000"><strong>16:00 – 18:00- ig</strong> <strong>van látogatási idő.</p>
<p></strong></span></p>
<ul>
<li>Kérjük, hogy egy betegnél egyszerre legfeljebb <strong>két látogató</strong> tartózkodjon.
</li>
<li>Sürgős/életmentő ellátás, új beteg érkezése, vizit esetén a látogatás a betegek ellátása érdekében a látogatási idő alatt is szünetelhet. Ebben az esetben türelmüket és megértésüket kérjük!
</li>
<li>Kérjük a hozzátartozókat, az emeleti társalgónál legyenek szívesek várakozni!
</li>
<li>A fenti időn kívüli látogatás indokolt esetben külön engedéllyel lehetséges!
</li>
<li>Kérjük, 12 éven aluli gyermeket ne hozzák magukkal a klinikára!
</li>
<li>Bizonyos esetben az osztályon fekvő betegek látogatásához kérjük a kihelyezett egyszer használatos cipővédő, arcmaszk, használatát, melyről a klinika külön értesíti Önöket.
</li>
</ul>
<p>                                                             Megértésüket köszönjük! </p>
<p>2025. 10. 30.</p>
<p>&nbsp;</p>
<p style="text-align: center">Kedves Látogatók! </p>
<p style="text-align: center">Klinikánkon <span style="color: #ff0000"><strong>2025. március 6-tól feloldjuk a látogatási tilalmat</strong></span>. </p>
<p style="text-align: center">Köszönettel!</p>
<p style="text-align: center">A Klinika dolgozói</p>

<p>KEDVES LÁTOGATÓK! Klinikánkon a fekvőbeteg osztályokon minden nap 16:00 – 18:00- ig van látogatási idő. Kérjük, hogy egy betegnél egyszerre legfeljebb két látogató tartózkodjon. Sürgős/életmentő ellátás, új beteg érkezése, vizit esetén a látogatás a betegek ellátása érdekében a látogatási idő alatt is szünetelhet. Ebben az esetben türelmüket és megértésüket kérjük! Kérjük a hozzátartozókat, az emeleti &hellip;</p>
