{"id":338,"date":"2020-11-24T12:35:38","date_gmt":"2020-11-24T11:35:38","guid":{"rendered":"https:\/\/semmelweis.hu\/varosmajor\/?page_id=338"},"modified":"2025-12-16T09:16:51","modified_gmt":"2025-12-16T08:16:51","slug":"jarobeteg-szakrendeles","status":"publish","type":"page","link":"https:\/\/semmelweis.hu\/varosmajor\/beteginformacio\/jarobeteg-szakrendeles\/","title":{"rendered":"J\u00e1r\u00f3beteg szakrendel\u00e9s"},"content":{"rendered":"<p style=\"text-align: justify\">J\u00e1r\u00f3beteg szakell\u00e1t\u00e1sunk el\u0151jegyz\u00e9s alapj\u00e1n zajlik. Betegeinket k\u00e9rj\u00fck, hogy telefonos id\u0151pont egyeztet\u00e9st k\u00f6vet\u0151en, beutal\u00f3val keress\u00e9k fel int\u00e9zet\u00fcnket. Vagy <a href=\"https:\/\/semmelweis.hu\/varosmajor\/betegellatas\/ambulans-bejelentkezes\/\">online fel\u00fclet\u00fcnk\u00f6n<\/a>.<\/p>\n<p style=\"text-align: justify\">Igyeksz\u00fcnk minden beteget az el\u0151jegyzett id\u0151pontban vizsg\u00e1latra beh\u00edvni. Tekintettel arra, hogy betegeink az orsz\u00e1g eg\u00e9sz ter\u00fclet\u00e9r\u0151l j\u00f6hetnek, a messzir\u0151l, ment\u0151vel \u00e9rkez\u0151 betegek bizonyos esetekben els\u0151bbs\u00e9get \u00e9lvezhetnek.<\/p>\n<p>K\u00e9rj\u00fck, a megadott id\u0151pontban jelentkezzen a betegfelv\u00e9teli pultn\u00e1l.<\/p>\n<h3>Sz\u00fcks\u00e9ges okm\u00e1nyok:<\/h3>\n<ul style=\"list-style-type: square\">\n<li>TAJ k\u00e1rtya,<\/li>\n<li>Szem\u00e9lyi igazolv\u00e1ny<\/li>\n<li>Lakc\u00edmk\u00e1rtya<\/li>\n<li>Kor\u00e1bbi orvosi leletek, illetve z\u00e1r\u00f3jelent\u00e9sek<\/li>\n<\/ul>\n<div class=\"responsive-tabs\">\n<h2 class=\"tabtitle\">Kardiol\u00f3giai<\/h2>\n<div class=\"tabcontent\">\n\n<table class=\"bottom-border\" style=\"width: 100%\">\n<tbody>\n<tr>\n<td style=\"width: 29.7688%;vertical-align: top\" width=\"30%\">\n<p><strong>Felt\u00e9telek:<\/strong><\/p>\n<\/td>\n<td style=\"width: 70.1734%\" colspan=\"2\" width=\"70%\">\n<p>Beutal\u00f3 \u00e9s el\u0151jegyz\u00e9s sz\u00fcks\u00e9ges<\/p>\n<\/td>\n<\/tr>\n<tr>\n<td style=\"vertical-align: top;width: 29.7688%\" scope=\"col\">\n<p><strong>El\u0151jegyz\u00e9s:<\/strong><\/p>\n<\/td>\n<td style=\"width: 70.1734%\" colspan=\"2\">\n<p><a href=\"tel:+3614586812\">(+36-1) 458-6812\u00a0<\/a> vagy <a href=\"tel:+3614586817\">(+36-1) 458-6817<\/a><br \/>\n<a href=\"https:\/\/semmelweis.hu\/varosmajor\/betegellatas\/ambulans-bejelentkezes\/\">online t\u00f6rt\u00e9n\u0151 el\u0151jegyz\u00e9s<\/a><\/p>\n<\/td>\n<\/tr>\n<tr>\n<td style=\"vertical-align: top;width: 29.7688%\">\n<p><strong>Helysz\u00edn:<\/strong><\/p>\n<\/td>\n<td style=\"width: 70.1734%\" colspan=\"2\">\n<p>V\u00e1rosmajori Sz\u00edv- \u00e9s \u00c9rgy\u00f3gy\u00e1szati Klinika<br \/>\n(Budapest XII. ker\u00fclet, V\u00e1rosmajor utca 68.)<br \/>\n(Budapest XII. ker\u00fclet, Ga\u00e1l J\u00f3zsef \u00fat 9-11.)<br \/>\n(Budapest XII. ker\u00fclet, Hat\u00e1r\u0151r \u00fat 18.)<\/p>\n<\/td>\n<\/tr>\n<tr>\n<td style=\"vertical-align: top;width: 29.7688%\">\n<p><strong>A rendel\u00e9sen r\u00e9sztvev\u0151 orvosok:<\/strong><\/p>\n<\/td>\n<td style=\"width: 36.185%\">\n<p>Prof. Dr. Merkely B\u00e9la<br \/>\nProf. Dr. Gell\u00e9r L\u00e1szl\u00f3<br \/>\nProf. Dr. Zima Endre<br \/>\nProf. Dr. Becker D\u00e1vid<br \/>\nDr. \u00c1brah\u00e1m P\u00e1l<br \/>\nDr. Apor Astrid<br \/>\nDr. B\u00e1rczi Gy\u00f6rgy<br \/>\nDr. Bartha Elektra<br \/>\nDr. D\u00e9r G\u00e1bor<br \/>\nDr. \u00c9des Istv\u00e1n Ferenc<br \/>\nDr. Fej\u00e9r Csaba<br \/>\nDr. Hizoh Istv\u00e1n<br \/>\nDr. Kir\u00e1ly \u00c1kos<br \/>\nDr. Kiss Orsolya<br \/>\nDr. Komka Zsolt<br \/>\nDr. Kosztin Annam\u00e1ria<\/p>\n<\/td>\n<td style=\"width: 33.9884%\">\n<p>Dr. Moln\u00e1r Andrea \u00c1gnes<br \/>\nDr. Moln\u00e1r Levente<br \/>\nDr. Nagy Andrea<br \/>\nDr. Nagy Anik\u00f3 Ilona<br \/>\nDr. Nagy Klaudia Vivien<br \/>\nDr. Nardai S\u00e1ndor<br \/>\nDr. Ol\u00e1h Attila<br \/>\nDr. Osztheimer Istv\u00e1n<br \/>\nDr. Papp Roland<br \/>\nDr. Sall\u00f3 Zolt\u00e1n<br \/>\nDr. Sax Bal\u00e1zs<br \/>\nDr. Straub \u00c9va<br \/>\nDr. Szegedi N\u00e1ndor<br \/>\nDr. Sz\u0171cs Andrea<br \/>\nDr. Tahin Tam\u00e1s<br \/>\nDr. Tarj\u00e1nyi Zolt\u00e1n<\/p>\n<\/td>\n<\/tr>\n<\/tbody>\n<\/table>\n\n<\/div><h2 class=\"tabtitle\">\u00c9rseb\u00e9szeti<\/h2>\n<div class=\"tabcontent\">\n\n<table class=\"bottom-border\" style=\"width: 100%\">\n<tbody>\n<tr>\n<td width=\"40%\"><strong>Felt\u00e9telek:<\/strong><\/td>\n<td colspan=\"2\" width=\"60%\">Beutal\u00f3 \u00e9s el\u0151jegyz\u00e9s sz\u00fcks\u00e9ges<\/td>\n<\/tr>\n<tr>\n<td style=\"vertical-align: top\"><strong>El\u0151jegyz\u00e9s:<\/strong><\/td>\n<td colspan=\"2\">(+36-1) 458-6892 vagy \u00a0(+36-1) 458-6893<br \/>\n<a href=\"https:\/\/semmelweis.hu\/varosmajor\/betegellatas\/ambulans-bejelentkezes\/\">online t\u00f6rt\u00e9n\u0151 el\u0151jegyz\u00e9s<\/a><\/td>\n<\/tr>\n<tr>\n<td style=\"vertical-align: top\"><strong>Helysz\u00edn:<\/strong><\/td>\n<td colspan=\"2\">Seb\u00e9szeti Ambulancia<br \/>\n(Budapest XII. ker\u00fclet, V\u00e1rosmajor utca 68.)<br \/>\nK\u00e9palkot\u00f3 Diagnosztikai Profil<br \/>\n(Budapest XII. ker\u00fclet, Hat\u00e1r\u0151r \u00fat 18.)<\/td>\n<\/tr>\n<tr>\n<td style=\"vertical-align: top\"><strong>A rendel\u00e9sen r\u00e9sztvev\u0151 orvosok:<\/strong><\/td>\n<td>Prof. Dr. Acs\u00e1dy Gy\u00f6rgy<br \/>\nProf. Dr. S\u00f3tonyi P\u00e9ter<br \/>\nProf. Dr. Szeberin Zolt\u00e1n<br \/>\nDr. Banga P\u00e9ter<br \/>\nDr. Szab\u00f3 G\u00e1bor<br \/>\nDr. Berencsi Anik\u00f3<br \/>\nDr. Krist\u00f3f Vera<\/td>\n<td>Dr. Laczk\u00f3 \u00c1gnes<br \/>\nDr. Nagy Zsuzsa<br \/>\nDr. Juh\u00e1sz Vikt\u00f3ria<br \/>\nDr. Hidi L\u00e1szl\u00f3<br \/>\nDr. Mih\u00e1ly Zsuzsanna<br \/>\nDr. Garbaisz D\u00e1vid<br \/>\nDr. Szatai Lilla<br \/>\nDr. Legeza P\u00e9ter<br \/>\nDr. P\u00e1l D\u00e1niel<\/td>\n<\/tr>\n<\/tbody>\n<\/table>\n\n<\/div><h2 class=\"tabtitle\">Sz\u00edvseb\u00e9szeti<\/h2>\n<div class=\"tabcontent\">\n\n<table class=\"bottom-border\" style=\"width: 100%\">\n<tbody>\n<tr>\n<td width=\"40%\"><strong>Felt\u00e9telek:<\/strong><\/td>\n<td colspan=\"2\" width=\"60%\">Beutal\u00f3 \u00e9s el\u0151jegyz\u00e9s sz\u00fcks\u00e9ges<\/td>\n<\/tr>\n<tr>\n<td><strong>El\u0151jegyz\u00e9s:<\/strong><\/td>\n<td colspan=\"2\">(+36-1) 458-6800<br \/>\n<a href=\"https:\/\/semmelweis.hu\/varosmajor\/betegellatas\/ambulans-bejelentkezes\/\">online t\u00f6rt\u00e9n\u0151 el\u0151jegyz\u00e9s<\/a><\/td>\n<\/tr>\n<tr>\n<td><strong>Helysz\u00edn:<\/strong><\/td>\n<td colspan=\"2\">Seb\u00e9szeti Ambulancia<br \/>\n(Budapest XII. ker\u00fclet, V\u00e1rosmajor utca 68.)<br \/>\nSz\u00edvel\u00e9gtelens\u00e9gi Ambulancia<br \/>\n(Budapest XII. ker\u00fclet, Hat\u00e1r\u0151r \u00fat 18.)<\/td>\n<\/tr>\n<tr>\n<td><strong>A rendel\u00e9sen r\u00e9sztvev\u0151 orvosok:<\/strong><\/td>\n<td>Prof. Dr. Horkay Ferenc<br \/>\nProf. Dr. Szabolcs Zolt\u00e1n<br \/>\nDr. Dar\u00f3czi L\u00e1szl\u00f3<br \/>\nDr. Fazekas Levente<\/td>\n<td>Dr. Harty\u00e1nszky Istv\u00e1n<br \/>\nDr. H\u00fcttl Tivadar<br \/>\nDr. Moravcsik Endre<br \/>\nDr. P\u00f3los Mikl\u00f3s<\/td>\n<\/tr>\n<\/tbody>\n<\/table>\n\n<\/div><h2 class=\"tabtitle\">CT<\/h2>\n<div class=\"tabcontent\">\n\n<table class=\"bottom-border\" style=\"width: 100%\">\n<tbody>\n<tr>\n<td style=\"width: 39.7854%\" width=\"40%\"><strong>Felt\u00e9telek:<\/strong><\/td>\n<td style=\"width: 60.1668%\" colspan=\"2\" width=\"60%\">Beutal\u00f3 \u00e9s el\u0151jegyz\u00e9s sz\u00fcks\u00e9ges<\/td>\n<\/tr>\n<tr>\n<td style=\"width: 39.7854%\"><strong>El\u0151jegyz\u00e9s:<\/strong><\/td>\n<td style=\"width: 60.1668%\" colspan=\"2\">(+36-1) 458-6878<\/td>\n<\/tr>\n<tr>\n<td style=\"width: 39.7854%\"><strong>Helysz\u00edn:<\/strong><\/td>\n<td style=\"width: 60.1668%\" colspan=\"2\">K\u00e9palkot\u00f3 Diagnosztikai Profil<br \/>\n(Budapest XII. ker\u00fclet, Hat\u00e1r\u0151r \u00fat 18.)<\/td>\n<\/tr>\n<tr>\n<td style=\"width: 39.7854%\"><strong>A rendel\u00e9sen r\u00e9sztvev\u0151 orvosok:<\/strong><\/td>\n<td style=\"width: 34.5411%\">\n<p>Dr. Bal\u00e1zs Gy\u00f6rgy<br \/>\nDr. B\u00e9rczi \u00c1kos PhD<br \/>\nDr. Borzs\u00e1k Sarolta PhD<br \/>\nDr. Csobay-Nov\u00e1k Csaba PhD<br \/>\nDr. Cs\u0151re Judit PhD<\/p>\n<p>Dr. Filipov Teod\u00f3ra<br \/>\nDr. Fontanini Daniele Mariastefano PhD<br \/>\nDr. Gy\u00e1n\u00f3 Marcell PhD<\/p>\n<p>Dr. Gy\u00f6ngy\u00f6si Boldizs\u00e1r<\/p>\n<p>Dr. Jermendy \u00c1d\u00e1m PhD<\/p>\n<p>Dr. Juh\u00e1sz Georgina<\/p>\n<p>Dr. Jokkel Zs\u00f3fia<\/p>\n<\/td>\n<td style=\"width: 25.6257%\">\n<p>Dr. Ny\u00e1r\u00e1dy Bal\u00e1zs<br \/>\nDr. Panajotu Alexisz<br \/>\nDr. Pataki \u00c1kos<br \/>\nDr. P\u00e9ter Csongor<br \/>\nDr. Sarkadi Hunor PhD<\/p>\n<p>Dr. Skribek Benjamin<br \/>\nDr. Suhai Ferenc Imre PhD<br \/>\nDr. Szab\u00f3 Lili\u00e1na PhD<br \/>\nDr. Szilveszter B\u00e1lint PhD<br \/>\nDr. Varga Andrea PhD<br \/>\nDr. Vattay Borb\u00e1la\u00a0<br \/>\nDr. Vecsey-Nagy Mil\u00e1n PhD &#8211; tart\u00f3san t\u00e1vol<\/p>\n<\/td>\n<\/tr>\n<\/tbody>\n<\/table>\n\n<\/div><h2 class=\"tabtitle\">MR<\/h2>\n<div class=\"tabcontent\">\n\n<table class=\"bottom-border\" style=\"width: 100%\">\n<tbody>\n<tr>\n<td style=\"width: 40%\" width=\"40%\"><strong>Felt\u00e9telek:<\/strong><\/td>\n<td style=\"width: 82.5555%\" colspan=\"2\" width=\"60%\">Beutal\u00f3 \u00e9s el\u0151jegyz\u00e9s sz\u00fcks\u00e9ges<\/td>\n<\/tr>\n<tr>\n<td style=\"width: 40%\"><strong>El\u0151jegyz\u00e9s:<\/strong><\/td>\n<td style=\"width: 82.5555%\" colspan=\"2\">(+36-1) 458-6878<\/td>\n<\/tr>\n<tr>\n<td style=\"width: 40%\"><strong>Helysz\u00edn:<\/strong><\/td>\n<td style=\"width: 82.5555%\" colspan=\"2\">\u00a0K\u00e9palkot\u00f3 Diagnosztikai Profil<br \/>\n(Budapest XII. ker\u00fclet, Hat\u00e1r\u0151r \u00fat 18.)<\/td>\n<\/tr>\n<tr>\n<td style=\"width: 40%\"><strong>A rendel\u00e9sen r\u00e9sztvev\u0151 orvosok:<\/strong><\/td>\n<td style=\"width: 33.3333%\">\n<p>Dr. Bal\u00e1zs Gy\u00f6rgy<br \/>\nDr. B\u00e9rczi \u00c1kos PhD<br \/>\nDr. Borzs\u00e1k Sarolta PhD<br \/>\nDr. Boussoussou Melinda PhD<br \/>\nDr. Czimbalmos Csilla &#8211; tart\u00f3san t\u00e1vol<br \/>\nDr. Csobay-Nov\u00e1k Csaba PhD<br \/>\nDr. Cs\u0151re Judit PhD\u00a0<br \/>\nDr. Dohy Zs\u00f3fia PhD &#8211; tart\u00f3san t\u00e1vol<br \/>\nDr. Drobni Zs\u00f3fia<br \/>\nDr. Fontanini Daniele Mariastefano PhD<\/p>\n<p>Dr. Jermendy \u00c1d\u00e1m PhD<\/p>\n<p>&nbsp;<\/p>\n<\/td>\n<td style=\"width: 49.2222%\">\n<p>Dr. Jokkel Zs\u00f3fia<\/p>\n<p>Dr. Ny\u00e1r\u00e1dy Bal\u00e1zs<br \/>\nDr. Panajotu Alexisz<br \/>\nDr. P\u00e9ter Csongor<br \/>\nDr. Suhai Ferenc Imre PhD<br \/>\nDr. Szab\u00f3 Lili\u00e1na PhD<br \/>\nDr. T\u00f3th Attila<br \/>\nProf. Dr. V\u00e1g\u00f3 Hajnalka habil. PhD<br \/>\nDr. Varga Andrea PhD<br \/>\nDr. Vecsey-Nagy Mil\u00e1n PhD &#8211; tart\u00f3san t\u00e1vol<\/p>\n<\/td>\n<\/tr>\n<\/tbody>\n<\/table>\n\n<\/div><h2 class=\"tabtitle\">Vascularis <br \/>\nultrahang<\/h2>\n<div class=\"tabcontent\">\n\n<table class=\"bottom-border\" style=\"width: 100%\">\n<tbody>\n<tr>\n<td width=\"40%\"><strong>Felt\u00e9telek:<\/strong><\/td>\n<td colspan=\"2\" width=\"60%\">Beutal\u00f3 \u00e9s el\u0151jegyz\u00e9s sz\u00fcks\u00e9ges<\/td>\n<\/tr>\n<tr>\n<td><strong>El\u0151jegyz\u00e9s:<\/strong><\/td>\n<td colspan=\"2\">(+36-1) 458-6800<br \/>\n<a href=\"https:\/\/semmelweis.hu\/varosmajor\/betegellatas\/ambulans-bejelentkezes\/\">online t\u00f6rt\u00e9n\u0151 el\u0151jegyz\u00e9s<\/a><\/td>\n<\/tr>\n<tr>\n<td><strong>Helysz\u00edn:<\/strong><\/td>\n<td colspan=\"2\">Seb\u00e9szeti Ambulancia<br \/>\n(Budapest XII. ker\u00fclet, V\u00e1rosmajor utca 68.)<\/td>\n<\/tr>\n<tr>\n<td><strong>A rendel\u00e9sen r\u00e9sztvev\u0151 orvosok:<\/strong><\/td>\n<td colspan=\"2\">Dr. D\u00f3sa Edit<\/td>\n<\/tr>\n<\/tbody>\n<\/table>\n\n<\/div><h2 class=\"tabtitle\">Neurol\u00f3giai<\/h2>\n<div class=\"tabcontent\">\n\n<table class=\"bottom-border\" style=\"width: 100%\">\n<tbody>\n<tr style=\"height: 32px\">\n<td style=\"height: 32px\" width=\"40%\"><strong>Felt\u00e9telek:<\/strong><\/td>\n<td style=\"height: 32px\" colspan=\"2\" width=\"60%\">Beutal\u00f3 \u00e9s el\u0151jegyz\u00e9s sz\u00fcks\u00e9ges<\/td>\n<\/tr>\n<tr style=\"height: 62px\">\n<td style=\"height: 62px\"><strong>El\u0151jegyz\u00e9s:<\/strong><\/td>\n<td style=\"height: 62px\" colspan=\"2\">(+36-1) 458-6800<br \/>\n<a href=\"https:\/\/semmelweis.hu\/varosmajor\/betegellatas\/ambulans-bejelentkezes\/\">online t\u00f6rt\u00e9n\u0151 el\u0151jegyz\u00e9s<\/a><\/td>\n<\/tr>\n<tr style=\"height: 62px\">\n<td style=\"height: 62px\"><strong>Helysz\u00edn:<\/strong><\/td>\n<td style=\"height: 62px\" colspan=\"2\">K\u00e9palkot\u00f3 Diagnosztikai Profil<br \/>\n(Budapest XII. ker\u00fclet, Hat\u00e1r\u0151r \u00fat 18.)<\/td>\n<\/tr>\n<tr style=\"height: 62px\">\n<td style=\"height: 62px\"><strong>A rendel\u00e9sen r\u00e9sztvev\u0151 orvosok:<\/strong><\/td>\n<td style=\"height: 62px\" colspan=\"2\">Prof. Dr. Nagy Zolt\u00e1n<\/td>\n<\/tr>\n<\/tbody>\n<\/table>\n\n<\/div><h2 class=\"tabtitle\">Sportorvostan<\/h2>\n<div class=\"tabcontent\">\n\n<table class=\"bottom-border\" style=\"width: 100%\">\n<tbody>\n<tr>\n<td style=\"width: 40%\" width=\"40%\">\n<p><strong>Felt\u00e9telek:<\/strong><\/p>\n<\/td>\n<td style=\"width: 97.869%\" colspan=\"2\" width=\"60%\">\n<p>El\u0151jegyz\u00e9s sz\u00fcks\u00e9ges, kit\u00f6lt\u00f6tt k\u00e9rd\u0151\u00edvek<\/p>\n<\/td>\n<\/tr>\n<tr>\n<td style=\"width: 40%\">\n<p><strong>El\u0151jegyz\u00e9s:<\/strong><\/p>\n<\/td>\n<td style=\"width: 97.869%\" colspan=\"2\">\n<p><a href=\"https:\/\/semmelweis.hu\/varosmajor\/betegellatas\/ambulans-bejelentkezes\/\">online t\u00f6rt\u00e9n\u0151 el\u0151jegyz\u00e9s<\/a><\/p>\n<\/td>\n<\/tr>\n<tr>\n<td style=\"width: 40%\">\n<p><strong>Helysz\u00edn:<\/strong><\/p>\n<\/td>\n<td style=\"width: 97.869%\" colspan=\"2\">\n<p>V\u00e1rosmajori Sz\u00edv- \u00e9s \u00c9rgy\u00f3gy\u00e1szati Klinika<br \/>\n(Budapest XII. ker\u00fclet, V\u00e1rosmajor utca 68.)<br \/>\n(Budapest XII. ker\u00fclet, Ga\u00e1l J\u00f3zsef \u00fat 9-11.)<br \/>\n(Budapest XII. ker\u00fclet, Hat\u00e1r\u0151r \u00fat 18.)<\/p>\n<\/td>\n<\/tr>\n<tr>\n<td style=\"width: 40%\">\n<p><strong>A rendel\u00e9sen r\u00e9sztvev\u0151 orvosok:<\/strong><\/p>\n<\/td>\n<td style=\"width: 30.0777%\">\n<p>Prof. Dr. Merkely B\u00e9la<br \/>\nProf. Dr. Zima Endre<br \/>\nProf. Dr. V\u00e1g\u00f3 Hajnalka PhD<br \/>\nDr. Kiss Orsolya PhD<br \/>\nDr. Moln\u00e1r Andrea \u00c1gnes PhD<br \/>\nDr. Kov\u00e1cs Attila PhD<br \/>\nDr. Osztheimer Istv\u00e1n PhD<br \/>\nDr. Syd\u00f3 N\u00f3ra PhD<br \/>\nDr. Szegedi N\u00e1ndor PhD<br \/>\nDr. Komka Zsolt PhD<br \/>\nDr. F\u00fcl\u00f6p G\u00e1bor PhD<\/p>\n<\/td>\n<td style=\"width: 67.7913%\" width=\"3\">\n<p>Dr. Csulak Emese<br \/>\nDr. Szab\u00f3 Lili\u00e1na Erzs\u00e9bet<br \/>\nDr. Dohy Zs\u00f3fia &#8211; tart\u00f3san t\u00e1vol<br \/>\nDr. Lakatos B\u00e1lint K\u00e1roly PhD<br \/>\nDr. Szilveszter B\u00e1lint PhD<br \/>\nDr. Juh\u00e1sz Vencel<br \/>\nDr. Babity M\u00e1t\u00e9<br \/>\nDr. Tokodi M\u00e1rton<br \/>\nDr. F\u00e1bi\u00e1n Alexandra<br \/>\nDr. Gregor Zs\u00f3fia<br \/>\nDr. Horv\u00e1th M\u00e1rton<\/p>\n<\/td>\n<\/tr>\n<\/tbody>\n<\/table>\n\n<\/div><h2 class=\"tabtitle\">Genetika<\/h2>\n<div class=\"tabcontent\">\n\n<table class=\"bottom-border\" style=\"width: 70.0067%;height: 338px\">\n<tbody>\n<tr style=\"height: 62px\">\n<td style=\"height: 62px\"><strong>El\u0151jegyz\u00e9s:<\/strong><\/td>\n<td style=\"height: 62px\" colspan=\"2\">\n<div dir=\"ltr\">\n<div class=\"gmail_quote\">\n<div dir=\"ltr\">\n<div dir=\"ltr\">\n<div dir=\"ltr\">\n<div dir=\"ltr\">\n<div dir=\"ltr\">\n<div dir=\"ltr\">\n<div dir=\"ltr\">\n<div dir=\"ltr\">\n<div dir=\"ltr\">\n<div dir=\"ltr\">\n<div>\n<div>A beutal\u00e1s jelenleg bels\u0151 el\u0151jegyz\u00e9s alapj\u00e1n m\u0171k\u00f6dik<\/div>\n<\/div>\n<\/div>\n<\/div>\n<\/div>\n<\/div>\n<\/div>\n<\/div>\n<\/div>\n<\/div>\n<\/div>\n<\/div>\n<\/div>\n<\/div>\n<\/td>\n<\/tr>\n<tr style=\"height: 122px\">\n<td style=\"height: 122px\"><strong>Helysz\u00edn:<\/strong><\/td>\n<td style=\"height: 122px\" colspan=\"2\">Kardiogenetikai ambulancia<br \/>\n(Budapest XII. ker\u00fclet, Hat\u00e1r\u0151r \u00fat 18.)<\/td>\n<\/tr>\n<tr style=\"height: 122px\">\n<td style=\"height: 122px\"><strong>A rendel\u00e9sen r\u00e9sztvev\u0151 orvosok:<\/strong><\/td>\n<td style=\"height: 122px\">\n<div dir=\"ltr\">\n<div class=\"gmail_quote\">\n<div dir=\"ltr\">\n<div dir=\"ltr\">\n<div dir=\"ltr\">\n<div dir=\"ltr\">\n<div dir=\"ltr\">\n<div dir=\"ltr\">\n<div dir=\"ltr\">\n<div dir=\"ltr\">\n<div dir=\"ltr\">\n<div dir=\"ltr\">\n<div>\n<div>Dr. Fekete B\u00e1lint Andr\u00e1s<\/div>\n<\/div>\n<\/div>\n<\/div>\n<\/div>\n<\/div>\n<\/div>\n<\/div>\n<\/div>\n<\/div>\n<\/div>\n<\/div>\n<\/div>\n<\/div>\n<\/td>\n<td style=\"height: 122px\">\u00a0<\/td>\n<\/tr>\n<\/tbody>\n<\/table>\n<\/div><\/div>\n","protected":false},"excerpt":{"rendered":"<p>J\u00e1r\u00f3beteg szakell\u00e1t\u00e1sunk el\u0151jegyz\u00e9s alapj\u00e1n zajlik. Betegeinket k\u00e9rj\u00fck, hogy telefonos id\u0151pont egyeztet\u00e9st k\u00f6vet\u0151en, beutal\u00f3val keress\u00e9k fel int\u00e9zet\u00fcnket. Vagy <a href=\"https:\/\/semmelweis.hu\/varosmajor\/betegellatas\/ambulans-bejelentkezes\/\">online fel\u00fclet\u00fcnk\u00f6n<\/a> . Igyeksz\u00fcnk minden beteget az el\u0151jegyzett id\u0151pontban vizsg\u00e1latra beh\u00edvni. Tekintettel arra, hogy betegeink az orsz\u00e1g eg\u00e9sz ter\u00fclet\u00e9r\u0151l j\u00f6hetnek, a messzir\u0151l, ment\u0151vel \u00e9rkez\u0151 betegek bizonyos esetekben els\u0151bbs\u00e9get \u00e9lvezhetnek. K\u00e9rj\u00fck, a megadott id\u0151pontban jelentkezzen a betegfelv\u00e9teli pultn\u00e1l. Sz\u00fcks\u00e9ges okm\u00e1nyok: TAJ &hellip;<\/p>\n","protected":false},"author":101737,"featured_media":0,"parent":3361,"menu_order":1,"comment_status":"closed","ping_status":"closed","template":"template-fullwidth.php","meta":{"_acf_changed":false,"footnotes":""},"categories":[],"tags":[],"class_list":["post-338","page","type-page","status-publish","hentry"],"acf":[],"_links":{"self":[{"href":"https:\/\/semmelweis.hu\/varosmajor\/wp-json\/wp\/v2\/pages\/338","targetHints":{"allow":["GET"]}}],"collection":[{"href":"https:\/\/semmelweis.hu\/varosmajor\/wp-json\/wp\/v2\/pages"}],"about":[{"href":"https:\/\/semmelweis.hu\/varosmajor\/wp-json\/wp\/v2\/types\/page"}],"author":[{"embeddable":true,"href":"https:\/\/semmelweis.hu\/varosmajor\/wp-json\/wp\/v2\/users\/101737"}],"replies":[{"embeddable":true,"href":"https:\/\/semmelweis.hu\/varosmajor\/wp-json\/wp\/v2\/comments?post=338"}],"version-history":[{"count":13,"href":"https:\/\/semmelweis.hu\/varosmajor\/wp-json\/wp\/v2\/pages\/338\/revisions"}],"predecessor-version":[{"id":13496,"href":"https:\/\/semmelweis.hu\/varosmajor\/wp-json\/wp\/v2\/pages\/338\/revisions\/13496"}],"up":[{"embeddable":true,"href":"https:\/\/semmelweis.hu\/varosmajor\/wp-json\/wp\/v2\/pages\/3361"}],"wp:attachment":[{"href":"https:\/\/semmelweis.hu\/varosmajor\/wp-json\/wp\/v2\/media?parent=338"}],"wp:term":[{"taxonomy":"category","embeddable":true,"href":"https:\/\/semmelweis.hu\/varosmajor\/wp-json\/wp\/v2\/categories?post=338"},{"taxonomy":"post_tag","embeddable":true,"href":"https:\/\/semmelweis.hu\/varosmajor\/wp-json\/wp\/v2\/tags?post=338"}],"curies":[{"name":"wp","href":"https:\/\/api.w.org\/{rel}","templated":true}]}}