{"id":2809,"date":"2021-03-08T15:54:27","date_gmt":"2021-03-08T14:54:27","guid":{"rendered":"https:\/\/semmelweis.hu\/varosmajor\/?page_id=2809"},"modified":"2024-09-10T10:39:40","modified_gmt":"2024-09-10T08:39:40","slug":"echo-munkacsoport","status":"publish","type":"page","link":"https:\/\/semmelweis.hu\/varosmajor\/kutatas\/kardiologia\/echo-munkacsoport\/","title":{"rendered":"Echo munkacsoport"},"content":{"rendered":"<p style=\"text-align: justify\">A sz\u00edv ultrahangos vizsg\u00e1lata a legelterjedtebb non-invaz\u00edv k\u00e9palkot\u00f3 m\u00f3dszer a kardiol\u00f3gi\u00e1ban. A V\u00e1rosmajori Sz\u00edv- \u00e9s \u00c9rgy\u00f3gy\u00e1szati Klinika Echokardiogr\u00e1fi\u00e1s Kutat\u00f3csoportja a sz\u00edv- \u00e9s \u00e9rrendszer megbeteged\u00e9seiben vizsg\u00e1lja a korszer\u0171 sz\u00edvultrahangos technik\u00e1k szerep\u00e9t az alapkutat\u00e1st\u00f3l, prospekt\u00edv klinikai vizsg\u00e1latokig.\u00a0 Az ultrahangos k\u00e9palkot\u00e1shoz szorosan kapcsol\u00f3d\u00f3 projektjeink mellett sz\u00e1mos egy\u00e9b szubdiszciplina (pl. invaz\u00edv kardiol\u00f3gia, elektrofiziol\u00f3gia, sportkardiol\u00f3gia, kardiovaszkul\u00e1ris patofiziol\u00f3gia \u00e9s k\u00eds\u00e9rletes seb\u00e9szet) \u00e9s a t\u00f6bbi k\u00e9palkot\u00f3 modalit\u00e1s (cMR, CT) munkacsoportj\u00e1val is van egy\u00fcttm\u0171k\u00f6d\u00e9s\u00fcnk, k\u00f6z\u00f6s kutat\u00e1sunk. Munk\u00e1nkat t\u00f6bb, a kor legmagasabb standardjainak megfelel\u0151 sz\u00edvultrahangos k\u00e9sz\u00fcl\u00e9k, illetve sz\u00e1mos ut\u00f3elemz\u00e9sre alkalmas szoftver seg\u00edti.<\/p>\n<p style=\"text-align: justify\">Legfontosabb kutat\u00e1si ter\u00fcleteink:<\/p>\n<ul style=\"text-align: justify\">\n<li>A 3D echokardiogr\u00e1fi\u00e1val \u00e9s speckle tracking echocardiogr\u00e1fi\u00e1val meghat\u00e1rozott sz\u00edv morfol\u00f3giai \u00e9s funkcion\u00e1lis param\u00e9terek szerepe \u00e9s hozz\u00e1adott klinikai \u00e9rt\u00e9ke k\u00fcl\u00f6nb\u00f6z\u0151 kardi\u00e1lis k\u00f3r\u00e1llapotokban \u00e9s a fiziol\u00f3gi\u00e1s sport adapt\u00e1ci\u00f3ban.<\/li>\n<li>A sz\u00edvbillenty\u0171-betegs\u00e9gek, illetve azok minim\u00e1l-invaz\u00edv, transzkat\u00e9teres ter\u00e1pi\u00e1s lehet\u0151s\u00e9geinek a vizsg\u00e1lata (TAVI, MitraClip, TMVR, TTVR): a betegv\u00e1laszt\u00e1s optim\u00e1lis param\u00e9terei, illetve az echokardiogr\u00e1fi\u00e1s markerek prognosztikus szerepe<\/li>\n<li>A sz\u00edv reszinkroniz\u00e1ci\u00f3s ter\u00e1pia (CRT) echokardiogr\u00e1fi\u00e1s vonatkoz\u00e1sai<\/li>\n<li>A sportsz\u00edv echokardiogr\u00e1fi\u00e1s markerei, illetve azok \u00f6sszef\u00fcgg\u00e9se a sportol\u00f3i teljes\u00edtm\u00e9nnyel<\/li>\n<li>Echokardiogr\u00e1fia k\u00eds\u00e9rletes kis\u00e1llat betegs\u00e9gmodellekben<\/li>\n<li>Sz\u00edvultrahangos param\u00e9terek szerepe speci\u00e1lis popul\u00e1ci\u00f3kban: sz\u00edvtranszplant\u00e1lt betegek, ideiglenes \u00e9s \u00e1lland\u00f3 mechanikus kering\u00e9st\u00e1mogat\u00e1sban r\u00e9szes\u00fcl\u0151 betegek<\/li>\n<li>A g\u00e9pi tanul\u00e1si (\u201emachine learning\u201d) metodik\u00e1k alkalmaz\u00e1sa az echokardiogr\u00e1fi\u00e1ban<\/li>\n<\/ul>\n<p style=\"text-align: justify\">TDK munk\u00e1ra v\u00e1runk mindenkit, aki az echokardiogr\u00e1fia ter\u00fclet\u00e9n k\u00edv\u00e1nnak kutat\u00f3munk\u00e1t v\u00e9gezni. Jelentkezni az <a href=\"mailto:echo.tdk@gmail.com\">echo.tdk@gmail.com<\/a> email c\u00edmen lehets\u00e9ges!<\/p>\n","protected":false},"excerpt":{"rendered":"<p>A sz\u00edv ultrahangos vizsg\u00e1lata a legelterjedtebb non-invaz\u00edv k\u00e9palkot\u00f3 m\u00f3dszer a kardiol\u00f3gi\u00e1ban. A V\u00e1rosmajori Sz\u00edv- \u00e9s \u00c9rgy\u00f3gy\u00e1szati Klinika Echokardiogr\u00e1fi\u00e1s Kutat\u00f3csoportja a sz\u00edv- \u00e9s \u00e9rrendszer megbeteged\u00e9seiben vizsg\u00e1lja a korszer\u0171 sz\u00edvultrahangos technik\u00e1k szerep\u00e9t az alapkutat\u00e1st\u00f3l, prospekt\u00edv klinikai vizsg\u00e1latokig.\u00a0 Az ultrahangos k\u00e9palkot\u00e1shoz szorosan kapcsol\u00f3d\u00f3 projektjeink mellett sz\u00e1mos egy\u00e9b szubdiszciplina (pl. invaz\u00edv kardiol\u00f3gia, elektrofiziol\u00f3gia, sportkardiol\u00f3gia, kardiovaszkul\u00e1ris patofiziol\u00f3gia \u00e9s k\u00eds\u00e9rletes seb\u00e9szet) &hellip;<\/p>\n","protected":false},"author":101737,"featured_media":0,"parent":784,"menu_order":2,"comment_status":"closed","ping_status":"closed","template":"","meta":{"_acf_changed":false,"footnotes":""},"categories":[],"tags":[],"class_list":["post-2809","page","type-page","status-publish","hentry"],"acf":[],"_links":{"self":[{"href":"https:\/\/semmelweis.hu\/varosmajor\/wp-json\/wp\/v2\/pages\/2809","targetHints":{"allow":["GET"]}}],"collection":[{"href":"https:\/\/semmelweis.hu\/varosmajor\/wp-json\/wp\/v2\/pages"}],"about":[{"href":"https:\/\/semmelweis.hu\/varosmajor\/wp-json\/wp\/v2\/types\/page"}],"author":[{"embeddable":true,"href":"https:\/\/semmelweis.hu\/varosmajor\/wp-json\/wp\/v2\/users\/101737"}],"replies":[{"embeddable":true,"href":"https:\/\/semmelweis.hu\/varosmajor\/wp-json\/wp\/v2\/comments?post=2809"}],"version-history":[{"count":3,"href":"https:\/\/semmelweis.hu\/varosmajor\/wp-json\/wp\/v2\/pages\/2809\/revisions"}],"predecessor-version":[{"id":5825,"href":"https:\/\/semmelweis.hu\/varosmajor\/wp-json\/wp\/v2\/pages\/2809\/revisions\/5825"}],"up":[{"embeddable":true,"href":"https:\/\/semmelweis.hu\/varosmajor\/wp-json\/wp\/v2\/pages\/784"}],"wp:attachment":[{"href":"https:\/\/semmelweis.hu\/varosmajor\/wp-json\/wp\/v2\/media?parent=2809"}],"wp:term":[{"taxonomy":"category","embeddable":true,"href":"https:\/\/semmelweis.hu\/varosmajor\/wp-json\/wp\/v2\/categories?post=2809"},{"taxonomy":"post_tag","embeddable":true,"href":"https:\/\/semmelweis.hu\/varosmajor\/wp-json\/wp\/v2\/tags?post=2809"}],"curies":[{"name":"wp","href":"https:\/\/api.w.org\/{rel}","templated":true}]}}