{"id":2710,"date":"2021-02-16T16:01:45","date_gmt":"2021-02-16T15:01:45","guid":{"rendered":"https:\/\/semmelweis.hu\/varosmajor\/?page_id=2710"},"modified":"2024-09-06T10:53:20","modified_gmt":"2024-09-06T08:53:20","slug":"jarobeteg-ellatas","status":"publish","type":"page","link":"https:\/\/semmelweis.hu\/varosmajor\/gyogyitas\/ersebeszet\/jarobeteg-ellatas\/","title":{"rendered":"J\u00e1r\u00f3beteg ell\u00e1t\u00e1s"},"content":{"rendered":"<div class=\"responsive-tabs\">\n<h2 class=\"tabtitle\">Id\u0151pontk\u00e9r\u00e9s<\/h2>\n<div class=\"tabcontent\">\n\n<p style=\"text-align: justify\">A Klinik\u00e1n beutal\u00f3val, el\u0151zetes id\u0151pont egyeztet\u00e9st k\u00f6vet\u0151en fogadjuk a betegeinket.<\/p>\n<p style=\"text-align: justify\"><strong>Id\u0151pontk\u00e9r\u00e9s <\/strong>a +36 1 458 6892, vagy a +36 1 458 6893 telefonsz\u00e1mon vagy az <u style=\"font-size: 1rem\"><a href=\"mailto:ambulanica@kardio.sote.hu\">ambulancia@kardio.sote.hu<\/a><\/u> email c\u00edmen kereszt\u00fcl lehets\u00e9ges.<\/p>\n<p style=\"text-align: justify\">K\u00e9rj\u00fck hozza mag\u00e1val:<\/p>\n<ul>\n<li style=\"text-align: justify\">TAJ k\u00e1rtya<\/li>\n<li style=\"text-align: justify\">Szem\u00e9lyi igazolv\u00e1ny<\/li>\n<li style=\"text-align: justify\">Lakc\u00edmk\u00e1rtya<\/li>\n<li style=\"text-align: justify\">Kor\u00e1bbi orvosi leletek, z\u00e1r\u00f3jelent\u00e9sek. Amennyiben kor\u00e1bban t\u00f6rt\u00e9nt CT vagy \u00e9rfest\u00e9ses vizsg\u00e1lat, annak k\u00e9panyag\u00e1t is hozza mag\u00e1val!<\/li>\n<\/ul>\n<p><strong>Rendel\u00e9si id\u0151k<\/strong><\/p>\n<table style=\"width: 100%;height: 942px\">\n<thead>\n<tr style=\"height: 33px\">\n<td style=\"width: 20%;text-align: center;height: 33px\"><strong>h\u00e9tf\u0151<\/strong><\/td>\n<td style=\"width: 20%;text-align: center;height: 33px\"><strong>kedd<\/strong><\/td>\n<td style=\"width: 20%;text-align: center;height: 33px\"><strong>szerda<\/strong><\/td>\n<td style=\"width: 20%;text-align: center;height: 33px\"><strong>cs\u00fct\u00f6rt\u00f6k<\/strong><\/td>\n<td style=\"width: 20%;text-align: center;height: 33px\"><strong>p\u00e9ntek<\/strong><\/td>\n<\/tr>\n<\/thead>\n<tbody>\n<tr style=\"height: 33px\">\n<td style=\"background-color: #d5e1e3;text-align: center;height: 33px\" colspan=\"5\"><strong>I. rendel\u0151<\/strong><\/td>\n<\/tr>\n<tr style=\"height: 173px\">\n<td style=\"height: 173px\"><strong>Dr. Legeza P\u00e9ter<\/strong><br \/>\n8:00-9:45<\/td>\n<td style=\"height: 173px\"><strong>Dr. Laczk\u00f3 \u00c1gnes<\/strong><br \/>\n9:00-11:45<\/td>\n<td style=\"height: 173px\">\n<p><strong>Dr. Krist\u00f3f Vera<\/strong> (p\u00e1ros h\u00e9t)<br \/>\n<strong>Dr. Berencsi Anik\u00f3<\/strong> (p\u00e1ratlan h\u00e9t)<br \/>\n9:00-12:15<\/p>\n<\/td>\n<td style=\"height: 173px\"><strong>Prof. Acs\u00e1dy Gy\u00f6rgy<\/strong><br \/>\n9:00-12:00<\/td>\n<td style=\"height: 173px\"><strong>Dr. Krist\u00f3f Vera<\/strong><br \/>\n9:00-13:45<\/td>\n<\/tr>\n<tr style=\"height: 63px\">\n<td style=\"height: 63px\"><strong>Dr. Berencsi Anik\u00f3<\/strong><br \/>\n10:00-14:15<\/td>\n<td style=\"height: 63px\">\u00a0<\/td>\n<td style=\"height: 63px\"><strong>Dr. Juh\u00e1sz Vikt\u00f3ria<\/strong><br \/>\n12:30-15:30<\/td>\n<td style=\"height: 63px\"><strong>Dr. Garbaisz D\u00e1vid<\/strong><br \/>\n12:00-14:45<\/td>\n<td style=\"height: 63px\">\u00a0<\/td>\n<\/tr>\n<tr style=\"height: 33px\">\n<td style=\"background-color: #d5e1e3;text-align: center;height: 33px\" colspan=\"5\"><strong>II. rendel\u0151<\/strong><\/td>\n<\/tr>\n<tr style=\"height: 93px\">\n<td style=\"height: 93px\"><strong>Dr. Banga P\u00e9ter<\/strong><br \/>\n9:00-12:00<\/td>\n<td style=\"height: 93px\"><strong>Dr. Szab\u00f3 G\u00e1bor<\/strong><br \/>\n9:00-14:00<\/td>\n<td style=\"height: 93px\"><strong>\u00c9rseb\u00e9szeti \u00fajbeteg ambulancia<\/strong><br \/>\n9:00-16:00<\/td>\n<td style=\"height: 93px\"><strong>Dr. S\u00f3tonyi P\u00e9ter<\/strong><br \/>\n9:00-12:00<\/td>\n<td style=\"height: 93px\">\u00a0<\/td>\n<\/tr>\n<tr style=\"height: 93px\">\n<td style=\"height: 93px\"><strong>Dr. J\u00e1r\u00e1nyi Zsuzsa<\/strong> \/ Semmelweis kft.<br \/>\n13:00-17:00<\/td>\n<td style=\"height: 93px\"><strong>Dr. Hidi L\u00e1szl\u00f3 <\/strong><br \/>\n14:15-16:00<\/td>\n<td style=\"height: 93px\">\u00a0<\/td>\n<td style=\"height: 93px\">\u00a0<\/td>\n<td style=\"height: 93px\"><strong>Dr. P\u00e1l D\u00e1niel<\/strong><br \/>\n13:30-14:45<\/td>\n<\/tr>\n<tr style=\"height: 33px\">\n<td style=\"background-color: #d5e1e3;text-align: center;height: 33px\" colspan=\"5\">\u00a0<\/td>\n<\/tr>\n<tr style=\"height: 63px\">\n<td style=\"height: 63px\">\u00a0<\/td>\n<td style=\"height: 63px\"><strong>Dr. Nagy Zsuzsa<\/strong><br \/>\n9:00-13:00<\/td>\n<td style=\"height: 63px\"><strong> Dr. Szeberin Zolt\u00e1n<\/strong><br \/>\n9:00-12:00<\/td>\n<td style=\"height: 63px\">\u00a0<\/td>\n<td style=\"height: 63px\">\u00a0<\/td>\n<\/tr>\n<tr style=\"height: 63px\">\n<td style=\"height: 63px\"><strong>Dr. Szatai Lilla<\/strong><br \/>\n14:00-16:00<\/td>\n<td style=\"height: 63px\">\n<\/td>\n<td style=\"height: 63px\">\u00a0<\/td>\n<td style=\"height: 63px\">\u00a0<\/td>\n<td style=\"height: 63px\"><strong>Dr. Mih\u00e1ly Zsuzsanna<\/strong><br \/>\n13:00-15:00<\/td>\n<\/tr>\n<tr style=\"height: 33px\">\n<td style=\"background-color: #d5e1e3;text-align: center;height: 33px\" colspan=\"5\"><strong>IV. rendel\u0151<\/strong><\/td>\n<\/tr>\n<tr style=\"height: 163px\">\n<td style=\"height: 163px\">\n<p><strong>Ultrahang<\/strong><br \/>\n8:30-18:00<\/p>\n<\/td>\n<td style=\"height: 163px\">\n<p><strong>Ultrahang<\/strong><br \/>\n8:30-18:00<\/p>\n<\/td>\n<td style=\"height: 163px\">\n<p><strong>Ultrahang<\/strong><br \/>\n8:30-12:00<\/p>\n<p><strong>Dr. D\u00f3sa Edit<\/strong><br \/>\n12:00-16:00<\/p>\n<\/td>\n<td style=\"height: 163px\">\n<p><strong>Ultrahang<\/strong><br \/>\n8:30-18:00<\/p>\n<\/td>\n<td style=\"height: 163px\">\n<p><strong>Ultrahang<\/strong><br \/>\n8:30-18:00<\/p>\n<\/td>\n<\/tr>\n<tr style=\"height: 33px\">\n<td style=\"background-color: #d5e1e3;text-align: center;height: 33px\" colspan=\"5\">\u00a0<\/td>\n<\/tr>\n<tr style=\"height: 33px\">\n<td style=\"height: 33px\">\u00a0<\/td>\n<td style=\"height: 33px\">\u00a0<\/td>\n<td style=\"height: 33px\">\u00a0<\/td>\n<td style=\"height: 33px\">\u00a0<\/td>\n<td style=\"height: 33px\">\u00a0<\/td>\n<\/tr>\n<\/tbody>\n<\/table>\n<p>&nbsp;<\/p>\n<p>&nbsp;<\/p>\n","protected":false},"excerpt":{"rendered":"<p>A Klinik\u00e1n beutal\u00f3val, el\u0151zetes id\u0151pont egyeztet\u00e9st k\u00f6vet\u0151en fogadjuk a betegeinket. Id\u0151pontk\u00e9r\u00e9s a +36 1 458 6892, vagy a +36 1 458 6893 telefonsz\u00e1mon vagy az <a href=\"mailto:ambulanica@kardio.sote.hu\">ambulancia@kardio.sote.hu<\/a> email c\u00edmen kereszt\u00fcl lehets\u00e9ges. K\u00e9rj\u00fck hozza mag\u00e1val: TAJ k\u00e1rtya Szem\u00e9lyi igazolv\u00e1ny Lakc\u00edmk\u00e1rtya Kor\u00e1bbi orvosi leletek, z\u00e1r\u00f3jelent\u00e9sek. Amennyiben kor\u00e1bban t\u00f6rt\u00e9nt CT vagy \u00e9rfest\u00e9ses vizsg\u00e1lat, annak k\u00e9panyag\u00e1t is hozza mag\u00e1val! Rendel\u00e9si id\u0151k &hellip;<\/p>\n","protected":false},"author":101737,"featured_media":0,"parent":2705,"menu_order":2,"comment_status":"closed","ping_status":"closed","template":"","meta":{"_acf_changed":false,"footnotes":""},"categories":[],"tags":[],"class_list":["post-2710","page","type-page","status-publish","hentry"],"acf":[],"_links":{"self":[{"href":"https:\/\/semmelweis.hu\/varosmajor\/wp-json\/wp\/v2\/pages\/2710","targetHints":{"allow":["GET"]}}],"collection":[{"href":"https:\/\/semmelweis.hu\/varosmajor\/wp-json\/wp\/v2\/pages"}],"about":[{"href":"https:\/\/semmelweis.hu\/varosmajor\/wp-json\/wp\/v2\/types\/page"}],"author":[{"embeddable":true,"href":"https:\/\/semmelweis.hu\/varosmajor\/wp-json\/wp\/v2\/users\/101737"}],"replies":[{"embeddable":true,"href":"https:\/\/semmelweis.hu\/varosmajor\/wp-json\/wp\/v2\/comments?post=2710"}],"version-history":[{"count":6,"href":"https:\/\/semmelweis.hu\/varosmajor\/wp-json\/wp\/v2\/pages\/2710\/revisions"}],"predecessor-version":[{"id":5737,"href":"https:\/\/semmelweis.hu\/varosmajor\/wp-json\/wp\/v2\/pages\/2710\/revisions\/5737"}],"up":[{"embeddable":true,"href":"https:\/\/semmelweis.hu\/varosmajor\/wp-json\/wp\/v2\/pages\/2705"}],"wp:attachment":[{"href":"https:\/\/semmelweis.hu\/varosmajor\/wp-json\/wp\/v2\/media?parent=2710"}],"wp:term":[{"taxonomy":"category","embeddable":true,"href":"https:\/\/semmelweis.hu\/varosmajor\/wp-json\/wp\/v2\/categories?post=2710"},{"taxonomy":"post_tag","embeddable":true,"href":"https:\/\/semmelweis.hu\/varosmajor\/wp-json\/wp\/v2\/tags?post=2710"}],"curies":[{"name":"wp","href":"https:\/\/api.w.org\/{rel}","templated":true}]}}

Járóbeteg ellátás

<div class="responsive-tabs">
<h2 class="tabtitle">Időpontkérés</h2>
<div class="tabcontent">

<p style="text-align: justify">A Klinikán beutalóval, előzetes időpont egyeztetést követően fogadjuk a betegeinket.</p>
<p style="text-align: justify"><strong>Időpontkérés </strong>a +36 1 458 6892, vagy a +36 1 458 6893 telefonszámon vagy az <u style="font-size: 1rem"><a href="mailto:ambulanica@kardio.sote.hu">ambulancia@kardio.sote.hu</a></u> email címen keresztül lehetséges.</p>
<p style="text-align: justify">Kérjük hozza magával:</p>
<ul>
<li style="text-align: justify">TAJ kártya</li>
<li style="text-align: justify">Személyi igazolvány</li>
<li style="text-align: justify">Lakcímkártya</li>
<li style="text-align: justify">Korábbi orvosi leletek, zárójelentések. Amennyiben korábban történt CT vagy érfestéses vizsgálat, annak képanyagát is hozza magával!</li>
</ul>
<p><strong>Rendelési idők</strong></p>
<table style="width: 100%;height: 942px">
<thead>
<tr style="height: 33px">
<td style="width: 20%;text-align: center;height: 33px"><strong>hétfő</strong></td>
<td style="width: 20%;text-align: center;height: 33px"><strong>kedd</strong></td>
<td style="width: 20%;text-align: center;height: 33px"><strong>szerda</strong></td>
<td style="width: 20%;text-align: center;height: 33px"><strong>csütörtök</strong></td>
<td style="width: 20%;text-align: center;height: 33px"><strong>péntek</strong></td>
</tr>
</thead>
<tbody>
<tr style="height: 33px">
<td style="background-color: #d5e1e3;text-align: center;height: 33px" colspan="5"><strong>I. rendelő</strong></td>
</tr>
<tr style="height: 173px">
<td style="height: 173px"><strong>Dr. Legeza Péter</strong><br />
8:00-9:45</td>
<td style="height: 173px"><strong>Dr. Laczkó Ágnes</strong><br />
9:00-11:45</td>
<td style="height: 173px">
<p><strong>Dr. Kristóf Vera</strong> (páros hét)<br />
<strong>Dr. Berencsi Anikó</strong> (páratlan hét)<br />
9:00-12:15</p>
</td>
<td style="height: 173px"><strong>Prof. Acsády György</strong><br />
9:00-12:00</td>
<td style="height: 173px"><strong>Dr. Kristóf Vera</strong><br />
9:00-13:45</td>
</tr>
<tr style="height: 63px">
<td style="height: 63px"><strong>Dr. Berencsi Anikó</strong><br />
10:00-14:15</td>
<td style="height: 63px"> </td>
<td style="height: 63px"><strong>Dr. Juhász Viktória</strong><br />
12:30-15:30</td>
<td style="height: 63px"><strong>Dr. Garbaisz Dávid</strong><br />
12:00-14:45</td>
<td style="height: 63px"> </td>
</tr>
<tr style="height: 33px">
<td style="background-color: #d5e1e3;text-align: center;height: 33px" colspan="5"><strong>II. rendelő</strong></td>
</tr>
<tr style="height: 93px">
<td style="height: 93px"><strong>Dr. Banga Péter</strong><br />
9:00-12:00</td>
<td style="height: 93px"><strong>Dr. Szabó Gábor</strong><br />
9:00-14:00</td>
<td style="height: 93px"><strong>Érsebészeti újbeteg ambulancia</strong><br />
9:00-16:00</td>
<td style="height: 93px"><strong>Dr. Sótonyi Péter</strong><br />
9:00-12:00</td>
<td style="height: 93px"> </td>
</tr>
<tr style="height: 93px">
<td style="height: 93px"><strong>Dr. Járányi Zsuzsa</strong> / Semmelweis kft.<br />
13:00-17:00</td>
<td style="height: 93px"><strong>Dr. Hidi László </strong><br />
14:15-16:00</td>
<td style="height: 93px"> </td>
<td style="height: 93px"> </td>
<td style="height: 93px"><strong>Dr. Pál Dániel</strong><br />
13:30-14:45</td>
</tr>
<tr style="height: 33px">
<td style="background-color: #d5e1e3;text-align: center;height: 33px" colspan="5"> </td>
</tr>
<tr style="height: 63px">
<td style="height: 63px"> </td>
<td style="height: 63px"><strong>Dr. Nagy Zsuzsa</strong><br />
9:00-13:00</td>
<td style="height: 63px"><strong> Dr. Szeberin Zoltán</strong><br />
9:00-12:00</td>
<td style="height: 63px"> </td>
<td style="height: 63px"> </td>
</tr>
<tr style="height: 63px">
<td style="height: 63px"><strong>Dr. Szatai Lilla</strong><br />
14:00-16:00</td>
<td style="height: 63px">
</td>
<td style="height: 63px"> </td>
<td style="height: 63px"> </td>
<td style="height: 63px"><strong>Dr. Mihály Zsuzsanna</strong><br />
13:00-15:00</td>
</tr>
<tr style="height: 33px">
<td style="background-color: #d5e1e3;text-align: center;height: 33px" colspan="5"><strong>IV. rendelő</strong></td>
</tr>
<tr style="height: 163px">
<td style="height: 163px">
<p><strong>Ultrahang</strong><br />
8:30-18:00</p>
</td>
<td style="height: 163px">
<p><strong>Ultrahang</strong><br />
8:30-18:00</p>
</td>
<td style="height: 163px">
<p><strong>Ultrahang</strong><br />
8:30-12:00</p>
<p><strong>Dr. Dósa Edit</strong><br />
12:00-16:00</p>
</td>
<td style="height: 163px">
<p><strong>Ultrahang</strong><br />
8:30-18:00</p>
</td>
<td style="height: 163px">
<p><strong>Ultrahang</strong><br />
8:30-18:00</p>
</td>
</tr>
<tr style="height: 33px">
<td style="background-color: #d5e1e3;text-align: center;height: 33px" colspan="5"> </td>
</tr>
<tr style="height: 33px">
<td style="height: 33px"> </td>
<td style="height: 33px"> </td>
<td style="height: 33px"> </td>
<td style="height: 33px"> </td>
<td style="height: 33px"> </td>
</tr>
</tbody>
</table>
<p>&nbsp;</p>
<p>&nbsp;</p>

<p>A Klinikán beutalóval, előzetes időpont egyeztetést követően fogadjuk a betegeinket. Időpontkérés a +36 1 458 6892, vagy a +36 1 458 6893 telefonszámon vagy az <a href="mailto:ambulanica@kardio.sote.hu">ambulancia@kardio.sote.hu</a> email címen keresztül lehetséges. Kérjük hozza magával: TAJ kártya Személyi igazolvány Lakcímkártya Korábbi orvosi leletek, zárójelentések. Amennyiben korábban történt CT vagy érfestéses vizsgálat, annak képanyagát is hozza magával! Rendelési idők &hellip;</p>
