{"id":2021,"date":"2020-12-31T14:06:21","date_gmt":"2020-12-31T13:06:21","guid":{"rendered":"https:\/\/semmelweis.hu\/varosmajor\/?page_id=2021"},"modified":"2025-11-12T11:44:29","modified_gmt":"2025-11-12T10:44:29","slug":"szivsebeszet","status":"publish","type":"page","link":"https:\/\/semmelweis.hu\/varosmajor\/kutatas\/szivsebeszet\/","title":{"rendered":"Sz\u00edvseb\u00e9szet"},"content":{"rendered":"<h1>Rektori P\u00e1ly\u00e1zatok<\/h1>\n<p>A 2025-26-os tan\u00e9vben meghirdetett rektori p\u00e1ly\u00e1zati t\u00e9m\u00e1inkat az al\u00e1bbi linkre kattintva t\u00f6ltheti le:<\/p>\n<p><a href=\"https:\/\/semmelweis.hu\/varosmajor\/files\/2025\/11\/Szivsebeszet-rektori-temak-2025_26.pdf\">Sz\u00edvseb\u00e9szet Rektori p\u00e1ly\u00e1zati t\u00e9m\u00e1k 2025_26 (pdf)<\/a><\/p>\n<h1>TDK T\u00c9M\u00c1K<\/h1>\n<p>A 2025-26-os tan\u00e9vre meghirdetett TDK t\u00e9m\u00e1inkat az al\u00e1bbi linken \u00e9rheti el:<\/p>\n<p><a href=\"https:\/\/semmelweis.hu\/varosmajor\/files\/2025\/11\/Szivsebeszet-TDK-temak-2025_26.pdf\">Sz\u00edvseb\u00e9szet TDK t\u00e9m\u00e1k 2025_26 (pdf)<\/a><\/p>\n<h1>PHD-T\u00e9m\u00e1k<\/h1>\n<ul>\n<li>\n<p>Benke K\u00e1lm\u00e1n &#8211; A felsz\u00e1ll\u00f3 aorta megbeteged\u00e9seinek molekul\u00e1ris biol\u00f3giai \u00e9s genetikai h\u00e1ttere Marfan-szindr\u00f3m\u00e1ban \u00e9s egy\u00e9b k\u00f3r\u00e1llapotokban.\u00a0 Multidiszciplin\u00e1ris, biobank alap\u00fa szeml\u00e9let alkalmaz\u00e1sa Marfan-szindr\u00f3m\u00e1ban \u00e9s t\u00e1rs-szindr\u00f3m\u00e1kban<\/p>\n<\/li>\n<li>\n<p>Harty\u00e1nszky Istv\u00e1n &#8211; A v\u00e9gst\u00e1dium\u00fa sz\u00edvel\u00e9gtelens\u00e9g v\u00edrusos etiol\u00f3gi\u00e1j\u00e1nak vizsg\u00e1lata: adat-, \u00e9s mintaelemz\u00e9sek a V\u00e1rosmajori Biobank anyag\u00e1ban<\/p>\n<\/li>\n<li>\n<p>Harty\u00e1nszky Istv\u00e1n &#8211; Mechanikus kering\u00e9st\u00e1mogat\u00e1s sz\u00edvseb\u00e9szetben, sz\u00edvel\u00e9gtelens\u00e9g sz\u00edvseb\u00e9szeti ter\u00e1pi\u00e1s lehet\u0151s\u00e9gei, \u00faj m\u00f3dszerei<\/p>\n<\/li>\n<li>\n<p>Harty\u00e1nszky Istv\u00e1n &#8211; Sz\u00edvseb\u00e9szeti d\u00f6nt\u00e9st\u00e1mogat\u00f3 rendszerek 3D tervez\u00e9ssel<\/p>\n<\/li>\n<li>\n<p>Horkay Ferenc &#8211; Vazoakt\u00edv peptidek sz\u00edvbetegs\u00e9gekben \u00e9s \u00e1llatk\u00eds\u00e9rletes modelljeiben<\/p>\n<\/li>\n<li>\n<p>Szabolcs Zolt\u00e1n &#8211; A felsz\u00e1ll\u00f3 aorta megbeteged\u00e9seinek molekul\u00e1ris biol\u00f3giai \u00e9s genetikai h\u00e1ttere Marfan-szindr\u00f3m\u00e1ban \u00e9s egy\u00e9b k\u00f3r\u00e1llapotokban<\/p>\n<\/li>\n<\/ul>\n","protected":false},"excerpt":{"rendered":"<p>Rektori P\u00e1ly\u00e1zatok A 2025-26-os tan\u00e9vben meghirdetett rektori p\u00e1ly\u00e1zati t\u00e9m\u00e1inkat az al\u00e1bbi linkre kattintva t\u00f6ltheti le: <a href=\"https:\/\/semmelweis.hu\/varosmajor\/files\/2025\/11\/Szivsebeszet-rektori-temak-2025_26.pdf\">Sz\u00edvseb\u00e9szet Rektori p\u00e1ly\u00e1zati t\u00e9m\u00e1k 2025_26 (pdf)<\/a> TDK T\u00c9M\u00c1K A 2025-26-os tan\u00e9vre meghirdetett TDK t\u00e9m\u00e1inkat az al\u00e1bbi linken \u00e9rheti el: <a href=\"https:\/\/semmelweis.hu\/varosmajor\/files\/2025\/11\/Szivsebeszet-TDK-temak-2025_26.pdf\">Sz\u00edvseb\u00e9szet TDK t\u00e9m\u00e1k 2025_26 (pdf)<\/a> PHD-T\u00e9m\u00e1k Benke K\u00e1lm\u00e1n &#8211; A felsz\u00e1ll\u00f3 aorta megbeteged\u00e9seinek molekul\u00e1ris biol\u00f3giai \u00e9s genetikai h\u00e1ttere Marfan-szindr\u00f3m\u00e1ban \u00e9s egy\u00e9b k\u00f3r\u00e1llapotokban.\u00a0 Multidiszciplin\u00e1ris, biobank alap\u00fa szeml\u00e9let alkalmaz\u00e1sa Marfan-szindr\u00f3m\u00e1ban \u00e9s t\u00e1rs-szindr\u00f3m\u00e1kban Harty\u00e1nszky Istv\u00e1n &hellip;<\/p>\n","protected":false},"author":101737,"featured_media":0,"parent":25,"menu_order":2,"comment_status":"closed","ping_status":"closed","template":"","meta":{"_acf_changed":false,"footnotes":""},"categories":[],"tags":[],"class_list":["post-2021","page","type-page","status-publish","hentry"],"acf":[],"_links":{"self":[{"href":"https:\/\/semmelweis.hu\/varosmajor\/wp-json\/wp\/v2\/pages\/2021","targetHints":{"allow":["GET"]}}],"collection":[{"href":"https:\/\/semmelweis.hu\/varosmajor\/wp-json\/wp\/v2\/pages"}],"about":[{"href":"https:\/\/semmelweis.hu\/varosmajor\/wp-json\/wp\/v2\/types\/page"}],"author":[{"embeddable":true,"href":"https:\/\/semmelweis.hu\/varosmajor\/wp-json\/wp\/v2\/users\/101737"}],"replies":[{"embeddable":true,"href":"https:\/\/semmelweis.hu\/varosmajor\/wp-json\/wp\/v2\/comments?post=2021"}],"version-history":[{"count":10,"href":"https:\/\/semmelweis.hu\/varosmajor\/wp-json\/wp\/v2\/pages\/2021\/revisions"}],"predecessor-version":[{"id":12950,"href":"https:\/\/semmelweis.hu\/varosmajor\/wp-json\/wp\/v2\/pages\/2021\/revisions\/12950"}],"up":[{"embeddable":true,"href":"https:\/\/semmelweis.hu\/varosmajor\/wp-json\/wp\/v2\/pages\/25"}],"wp:attachment":[{"href":"https:\/\/semmelweis.hu\/varosmajor\/wp-json\/wp\/v2\/media?parent=2021"}],"wp:term":[{"taxonomy":"category","embeddable":true,"href":"https:\/\/semmelweis.hu\/varosmajor\/wp-json\/wp\/v2\/categories?post=2021"},{"taxonomy":"post_tag","embeddable":true,"href":"https:\/\/semmelweis.hu\/varosmajor\/wp-json\/wp\/v2\/tags?post=2021"}],"curies":[{"name":"wp","href":"https:\/\/api.w.org\/{rel}","templated":true}]}}