{"id":1698,"date":"2020-12-30T15:29:43","date_gmt":"2020-12-30T14:29:43","guid":{"rendered":"https:\/\/semmelweis.hu\/varosmajor\/?page_id=1698"},"modified":"2023-01-27T09:49:17","modified_gmt":"2023-01-27T08:49:17","slug":"patient-representative","status":"publish","type":"page","link":"https:\/\/semmelweis.hu\/varosmajor\/en\/health\/patient-representative\/","title":{"rendered":"Patient representative"},"content":{"rendered":"<p>Let us inform our patients and their relatives that the patient representative in legal issues is <strong>Dr. Julianna Munk<\/strong>. She is an independent representative, employed by the &#8220;Betegjogi, Ell\u00e1tottjogi \u00e9s Gyermekjogi K\u00f6zalap\u00edtv\u00e1ny&#8221;.<\/p>\n<p>&nbsp;<\/p>\n<h2>How to contact<\/h2>\n<table border=\"0\">\n<tbody>\n<tr>\n<td><strong>Telephone:<\/strong><\/td>\n<td>\n<p>+36 20 4899 520<\/p>\n<\/td>\n<\/tr>\n<tr>\n<td><strong>Email:<\/strong><\/td>\n<td>\n<p><a href=\"mailto:julianna.munk@ijsz.bm.gov.hu\" target=\"_blank\" rel=\"noopener noreferrer\">julianna.munk@ijsz.bm.gov.hu<\/a><\/p>\n<\/td>\n<\/tr>\n<tr>\n<td><strong>Postal address:<\/strong><\/td>\n<td>Patient representative<br \/>\nHeart and Vascular Center<br \/>\n1122 Budapest<br \/>\nGa\u00e1l J\u00f3zsef utca 9-11.<\/td>\n<\/tr>\n<tr>\n<td><strong>Consultation\u00a0<\/strong><strong>location:<\/strong><\/td>\n<td>\n<p>Heart and Vascular Center<br \/>\nDiagnostic Radiology<br \/>\n1122 Budapest, Hat\u00e1r\u0151r street 18.<\/p>\n<\/td>\n<\/tr>\n<\/tbody>\n<\/table>\n","protected":false},"excerpt":{"rendered":"<p>Let us inform our patients and their relatives that the patient representative in legal issues is Dr. Julianna Munk. She is an independent representative, employed by the &#8220;Betegjogi, Ell\u00e1tottjogi \u00e9s Gyermekjogi K\u00f6zalap\u00edtv\u00e1ny&#8221;. &nbsp; How to contact Telephone: +36 20 4899 520 Email: <a href=\"mailto:julianna.munk@ijsz.bm.gov.hu\" target=\"_blank\" rel=\"noopener noreferrer\">julianna.munk@ijsz.bm.gov.hu<\/a> Postal address: Patient representative Heart and Vascular Center 1122 Budapest Ga\u00e1l J\u00f3zsef utca &hellip;<\/p>\n","protected":false},"author":101737,"featured_media":0,"parent":1075,"menu_order":7,"comment_status":"closed","ping_status":"closed","template":"","meta":{"_acf_changed":false,"footnotes":""},"categories":[],"tags":[],"class_list":["post-1698","page","type-page","status-publish","hentry"],"acf":[],"_links":{"self":[{"href":"https:\/\/semmelweis.hu\/varosmajor\/wp-json\/wp\/v2\/pages\/1698","targetHints":{"allow":["GET"]}}],"collection":[{"href":"https:\/\/semmelweis.hu\/varosmajor\/wp-json\/wp\/v2\/pages"}],"about":[{"href":"https:\/\/semmelweis.hu\/varosmajor\/wp-json\/wp\/v2\/types\/page"}],"author":[{"embeddable":true,"href":"https:\/\/semmelweis.hu\/varosmajor\/wp-json\/wp\/v2\/users\/101737"}],"replies":[{"embeddable":true,"href":"https:\/\/semmelweis.hu\/varosmajor\/wp-json\/wp\/v2\/comments?post=1698"}],"version-history":[{"count":5,"href":"https:\/\/semmelweis.hu\/varosmajor\/wp-json\/wp\/v2\/pages\/1698\/revisions"}],"predecessor-version":[{"id":3573,"href":"https:\/\/semmelweis.hu\/varosmajor\/wp-json\/wp\/v2\/pages\/1698\/revisions\/3573"}],"up":[{"embeddable":true,"href":"https:\/\/semmelweis.hu\/varosmajor\/wp-json\/wp\/v2\/pages\/1075"}],"wp:attachment":[{"href":"https:\/\/semmelweis.hu\/varosmajor\/wp-json\/wp\/v2\/media?parent=1698"}],"wp:term":[{"taxonomy":"category","embeddable":true,"href":"https:\/\/semmelweis.hu\/varosmajor\/wp-json\/wp\/v2\/categories?post=1698"},{"taxonomy":"post_tag","embeddable":true,"href":"https:\/\/semmelweis.hu\/varosmajor\/wp-json\/wp\/v2\/tags?post=1698"}],"curies":[{"name":"wp","href":"https:\/\/api.w.org\/{rel}","templated":true}]}}