{"id":1402,"date":"2020-12-22T15:05:45","date_gmt":"2020-12-22T14:05:45","guid":{"rendered":"https:\/\/semmelweis.hu\/varosmajor\/?page_id=1402"},"modified":"2022-10-17T11:09:49","modified_gmt":"2022-10-17T09:09:49","slug":"history","status":"publish","type":"page","link":"https:\/\/semmelweis.hu\/varosmajor\/en\/our-clinic\/history\/","title":{"rendered":"Our History"},"content":{"rendered":"<h1>History<\/h1>\n<h2>Cardiovascular Center<\/h2>\n<h2>\u00a0<\/h2>\n<p><img loading=\"lazy\" decoding=\"async\" class=\"size-medium wp-image-1013 alignleft\" src=\"https:\/\/semmelweis.hu\/varosmajor\/files\/2020\/12\/03-400x277.jpg\" alt=\"\" width=\"400\" height=\"277\" srcset=\"https:\/\/semmelweis.hu\/varosmajor\/files\/2020\/12\/03-400x277.jpg 400w, https:\/\/semmelweis.hu\/varosmajor\/files\/2020\/12\/03-1024x708.jpg 1024w, https:\/\/semmelweis.hu\/varosmajor\/files\/2020\/12\/03-768x531.jpg 768w, https:\/\/semmelweis.hu\/varosmajor\/files\/2020\/12\/03-1536x1062.jpg 1536w, https:\/\/semmelweis.hu\/varosmajor\/files\/2020\/12\/03-2048x1416.jpg 2048w, https:\/\/semmelweis.hu\/varosmajor\/files\/2020\/12\/03-175x120.jpg 175w, https:\/\/semmelweis.hu\/varosmajor\/files\/2020\/12\/03-753x521.jpg 753w\" sizes=\"auto, (max-width: 400px) 100vw, 400px\" \/>As a separate unit, the Cardiovascular Center of the Department of Cardiovascular Surgery, Semmelweis University opened its gates on January 1st 2003 in a state-of-the-art equipped building. This modern part of the clinic was designed by Dr. J\u00f3zsef Finta who received an &#8220;\u00c9p\u00edt\u0151ipari N\u00edv\u00f3d\u00edj&#8221; Award in 2004 for the construction. In the beginning, 15 intensive care beds and 10 simple medical beds were available. According to the change in the structure of the university, the Department of Cardiology, Semmelweis University merged with the Cardiovascular Center on July 1st, 2007, and then it became the Heart Center &#8211; it involves the former Department of Diagnostic Radiology, the Central Laboratory and the Research Laboratory. After this change, the number of available beds almost doubled.\u00a0<\/p>\n<h2>Department of Cardiology<\/h2>\n<p>Former directors of the Department of Cardiology were well-known persons such as professors Gy\u00f6rgy Gottsegen (1959-65), Gy\u00f6rgy G\u00e1bor (1966-79), Tibor Romoda (1979-81), Attila \u00c1rvay (1981-94), K\u00e1roly Lozs\u00e1di (1994-2000), M\u00e1ty\u00e1s Keltai (2000-2007).<br \/>\nThe combined Heart Center-Department of Cardiology is a cardiology center led by B\u00e9la Merkely which provides new, modern treatment for a high number of patients with a short hospital stay.<\/p>\n<h2>J\u00e1nos Sanatorium<\/h2>\n<p><img loading=\"lazy\" decoding=\"async\" class=\"size-medium wp-image-1014 alignleft\" src=\"https:\/\/semmelweis.hu\/varosmajor\/files\/2020\/12\/05-400x276.jpg\" alt=\"\" width=\"400\" height=\"276\" srcset=\"https:\/\/semmelweis.hu\/varosmajor\/files\/2020\/12\/05-400x276.jpg 400w, https:\/\/semmelweis.hu\/varosmajor\/files\/2020\/12\/05-1024x708.jpg 1024w, https:\/\/semmelweis.hu\/varosmajor\/files\/2020\/12\/05-768x531.jpg 768w, https:\/\/semmelweis.hu\/varosmajor\/files\/2020\/12\/05-1536x1062.jpg 1536w, https:\/\/semmelweis.hu\/varosmajor\/files\/2020\/12\/05-2048x1415.jpg 2048w, https:\/\/semmelweis.hu\/varosmajor\/files\/2020\/12\/05-175x120.jpg 175w, https:\/\/semmelweis.hu\/varosmajor\/files\/2020\/12\/05-753x520.jpg 753w\" sizes=\"auto, (max-width: 400px) 100vw, 400px\" \/>The building at V\u00e1rosmajor street was built in 1912; the first director of J\u00e1nos Szanat\u00f3rium was Gedeon Simah\u00e1zi Totth, MD. This &#8220;elegant sanatorium opened\u00a0 on the side of Sv\u00e1b-hill&#8221; was provided with modern equipment (40 beds). Among those treated here were Mih\u00e1ly Babits, Endre Ady, later P\u00e1l J\u00e1vor and Tivadar Urai. The World War II had its terrible impact on this distinguished institution. After the secularization, it was the F\u0151v\u00e1rosi Tan\u00e1cs Budai Public Hospital as part of J\u00e1nos Hospital with 160 beds. In 1951 it became the Postgradual Teaching Clinic of Surgery of the Medical University of Budapest with 140 beds to accomplish the increased need for surgeons. Since March 15th, 1957 its name has been changed to IV. Surgical Clinic. Education has been ongoing in the clinic since 1957. Since 1981, the institution has been known as the Clinic of Cardiovascular Surgery (120 beds). The Cardiovascular Center with a cardiology profile was established in a new part of the building in 2003.<\/p>\n<h2>The first 100 years of the &#8220;V\u00e1rosmajor&#8221;<\/h2>\n<p><code>&#91;dflip id=\"1738\"                &#93;&#91;\/dflip&#93;<\/code><\/p>\n","protected":false},"excerpt":{"rendered":"<p>History Cardiovascular Center \u00a0 As a separate unit, the Cardiovascular Center of the Department of Cardiovascular Surgery, Semmelweis University opened its gates on January 1st 2003 in a state-of-the-art equipped building. This modern part of the clinic was designed by Dr. J\u00f3zsef Finta who received an &#8220;\u00c9p\u00edt\u0151ipari N\u00edv\u00f3d\u00edj&#8221; Award in 2004 for the construction. In &hellip;<\/p>\n","protected":false},"author":101737,"featured_media":0,"parent":1395,"menu_order":2,"comment_status":"closed","ping_status":"closed","template":"","meta":{"_acf_changed":false,"footnotes":""},"categories":[],"tags":[],"class_list":["post-1402","page","type-page","status-publish","hentry"],"acf":[],"_links":{"self":[{"href":"https:\/\/semmelweis.hu\/varosmajor\/wp-json\/wp\/v2\/pages\/1402","targetHints":{"allow":["GET"]}}],"collection":[{"href":"https:\/\/semmelweis.hu\/varosmajor\/wp-json\/wp\/v2\/pages"}],"about":[{"href":"https:\/\/semmelweis.hu\/varosmajor\/wp-json\/wp\/v2\/types\/page"}],"author":[{"embeddable":true,"href":"https:\/\/semmelweis.hu\/varosmajor\/wp-json\/wp\/v2\/users\/101737"}],"replies":[{"embeddable":true,"href":"https:\/\/semmelweis.hu\/varosmajor\/wp-json\/wp\/v2\/comments?post=1402"}],"version-history":[{"count":7,"href":"https:\/\/semmelweis.hu\/varosmajor\/wp-json\/wp\/v2\/pages\/1402\/revisions"}],"predecessor-version":[{"id":3476,"href":"https:\/\/semmelweis.hu\/varosmajor\/wp-json\/wp\/v2\/pages\/1402\/revisions\/3476"}],"up":[{"embeddable":true,"href":"https:\/\/semmelweis.hu\/varosmajor\/wp-json\/wp\/v2\/pages\/1395"}],"wp:attachment":[{"href":"https:\/\/semmelweis.hu\/varosmajor\/wp-json\/wp\/v2\/media?parent=1402"}],"wp:term":[{"taxonomy":"category","embeddable":true,"href":"https:\/\/semmelweis.hu\/varosmajor\/wp-json\/wp\/v2\/categories?post=1402"},{"taxonomy":"post_tag","embeddable":true,"href":"https:\/\/semmelweis.hu\/varosmajor\/wp-json\/wp\/v2\/tags?post=1402"}],"curies":[{"name":"wp","href":"https:\/\/api.w.org\/{rel}","templated":true}]}}