{"id":140,"date":"2020-11-13T08:38:59","date_gmt":"2020-11-13T07:38:59","guid":{"rendered":"https:\/\/semmelweis.hu\/varosmajor\/?page_id=140"},"modified":"2025-07-10T10:17:32","modified_gmt":"2025-07-10T08:17:32","slug":"minosegiranyitas","status":"publish","type":"page","link":"https:\/\/semmelweis.hu\/varosmajor\/klinikankrol\/minosegiranyitas\/","title":{"rendered":"Min\u0151s\u00e9gir\u00e1ny\u00edt\u00e1s"},"content":{"rendered":"<h2>Min\u0151s\u00e9gir\u00e1ny\u00edt\u00e1s<\/h2>\n<p style=\"text-align: justify\">A V\u00e1rosmajori Sz\u00edv-\u00e9s \u00c9rgy\u00f3gy\u00e1szati Klinika ISO 9001:2015 szabv\u00e1ny szerint tan\u00fas\u00edtott szervezeti egys\u00e9g, min\u0151s\u00e9gir\u00e1ny\u00edt\u00e1si rendszere megfelel az ISO 9001:2015 \u00e9s a Magyar Eg\u00e9szs\u00e9g\u00fcgyi Ell\u00e1t\u00e1si Standardok 2.0-2.1 (MEES) k\u00f6vetelm\u00e9nyeinek.<\/p>\n<p style=\"text-align: justify\">Az egyetem Integr\u00e1lt Ir\u00e1ny\u00edt\u00e1si Rendszer\u00e9r\u0151l b\u0151vebb inform\u00e1ci\u00f3t a Semmelweis Egyetem k\u00f6zponti honlapj\u00e1n tal\u00e1lhat, ahonnan a tan\u00fas\u00edtv\u00e1nyok is let\u00f6lthet\u0151k (dokumentumok f\u00fcl).<\/p>\n<p><a href=\"https:\/\/semmelweis.hu\/az-egyetemrol\/semmelweis-egyetem-minosegiranyitasi-rendszer\/\" target=\"_blank\" rel=\"noopener noreferrer\">Tov\u00e1bb az egyetem k\u00f6zponti honlapj\u00e1ra \u2192<\/a><\/p>\n<hr \/>\n<h2>Egyetemi munkat\u00e1rsaknak:<\/h2>\n<p><a href=\"https:\/\/semmelweis.hu\/minoseg\/mir-dokumentacio\/aok-klinikak\/varosmajori-sziv-es-ergyogyaszati-klinika\/\" target=\"_blank\" rel=\"noopener noreferrer\">A klinik\u00e1nk Szervezeti \u00dcgyrendje \u00e9s Egys\u00e9gszint\u0171 M\u0171k\u00f6d\u00e9si Szab\u00e1lyzata a Semmelweis Egyetem Integr\u00e1lt Ir\u00e1ny\u00edt\u00e1si Rendszer alhonlapon \u00e9rhet\u0151 el.<\/a><\/p>\n<p><span style=\"color: #ff0000\"><strong>! <\/strong><\/span><strong>A fel\u00fclet csak az egyetem bels\u0151 h\u00e1l\u00f3zat\u00e1b\u00f3l \u00e9rhet\u0151 el.<\/strong><\/p>\n<p><a href=\"https:\/\/semmelweis.hu\/minoseg\/mir-dokumentacio\/aok-klinikak\/\" target=\"_blank\" rel=\"noopener noreferrer\">TOV\u00c1BB AZ IIR HONLAPRA<\/a><\/p>\n<hr \/>\n<h2>A klinika munkat\u00e1rsainak:<\/h2>\n<p>A Klinika bels\u0151 dokumentumai, munkautas\u00edt\u00e1sai (protokollok) a f\u0151men\u00fcsor Intranet c. men\u00fcpontj\u00e1b\u00f3l \u00e9rhet\u0151ek el, a klinikai dokumentumt\u00e1rban.<\/p>\n<p><strong><span style=\"color: #ff0000\">!<\/span> A fel\u00fclet csak a klinika bels\u0151 h\u00e1l\u00f3zat\u00e1b\u00f3l \u00e9rhet\u0151 el.<\/strong><\/p>\n<p><a href=\"https:\/\/semmelweis.hu\/varosmajor\/files\/2023\/10\/VSZEK-Minosegpolitika-2023.10.25..pdf\">Min\u0151s\u00e9gpolitika<\/a><\/p>\n<p>&nbsp;<\/p>\n","protected":false},"excerpt":{"rendered":"<p>Min\u0151s\u00e9gir\u00e1ny\u00edt\u00e1s A V\u00e1rosmajori Sz\u00edv-\u00e9s \u00c9rgy\u00f3gy\u00e1szati Klinika ISO 9001:2015 szabv\u00e1ny szerint tan\u00fas\u00edtott szervezeti egys\u00e9g, min\u0151s\u00e9gir\u00e1ny\u00edt\u00e1si rendszere megfelel az ISO 9001:2015 \u00e9s a Magyar Eg\u00e9szs\u00e9g\u00fcgyi Ell\u00e1t\u00e1si Standardok 2.0-2.1 (MEES) k\u00f6vetelm\u00e9nyeinek. Az egyetem Integr\u00e1lt Ir\u00e1ny\u00edt\u00e1si Rendszer\u00e9r\u0151l b\u0151vebb inform\u00e1ci\u00f3t a Semmelweis Egyetem k\u00f6zponti honlapj\u00e1n tal\u00e1lhat, ahonnan a tan\u00fas\u00edtv\u00e1nyok is let\u00f6lthet\u0151k (dokumentumok f\u00fcl). <a href=\"https:\/\/semmelweis.hu\/az-egyetemrol\/semmelweis-egyetem-minosegiranyitasi-rendszer\/\" target=\"_blank\" rel=\"noopener noreferrer\">Tov\u00e1bb az egyetem k\u00f6zponti honlapj\u00e1ra \u2192<\/a> Egyetemi munkat\u00e1rsaknak: <a href=\"https:\/\/semmelweis.hu\/minoseg\/mir-dokumentacio\/aok-klinikak\/varosmajori-sziv-es-ergyogyaszati-klinika\/\" target=\"_blank\" rel=\"noopener noreferrer\">A klinik\u00e1nk Szervezeti \u00dcgyrendje \u00e9s Egys\u00e9gszint\u0171 M\u0171k\u00f6d\u00e9si Szab\u00e1lyzata a Semmelweis Egyetem Integr\u00e1lt Ir\u00e1ny\u00edt\u00e1si Rendszer alhonlapon \u00e9rhet\u0151 el.<\/a> ! A fel\u00fclet csak az &hellip;<\/p>\n","protected":false},"author":101737,"featured_media":0,"parent":104,"menu_order":6,"comment_status":"closed","ping_status":"closed","template":"","meta":{"_acf_changed":false,"footnotes":""},"categories":[],"tags":[],"class_list":["post-140","page","type-page","status-publish","hentry"],"acf":[],"_links":{"self":[{"href":"https:\/\/semmelweis.hu\/varosmajor\/wp-json\/wp\/v2\/pages\/140","targetHints":{"allow":["GET"]}}],"collection":[{"href":"https:\/\/semmelweis.hu\/varosmajor\/wp-json\/wp\/v2\/pages"}],"about":[{"href":"https:\/\/semmelweis.hu\/varosmajor\/wp-json\/wp\/v2\/types\/page"}],"author":[{"embeddable":true,"href":"https:\/\/semmelweis.hu\/varosmajor\/wp-json\/wp\/v2\/users\/101737"}],"replies":[{"embeddable":true,"href":"https:\/\/semmelweis.hu\/varosmajor\/wp-json\/wp\/v2\/comments?post=140"}],"version-history":[{"count":10,"href":"https:\/\/semmelweis.hu\/varosmajor\/wp-json\/wp\/v2\/pages\/140\/revisions"}],"predecessor-version":[{"id":10967,"href":"https:\/\/semmelweis.hu\/varosmajor\/wp-json\/wp\/v2\/pages\/140\/revisions\/10967"}],"up":[{"embeddable":true,"href":"https:\/\/semmelweis.hu\/varosmajor\/wp-json\/wp\/v2\/pages\/104"}],"wp:attachment":[{"href":"https:\/\/semmelweis.hu\/varosmajor\/wp-json\/wp\/v2\/media?parent=140"}],"wp:term":[{"taxonomy":"category","embeddable":true,"href":"https:\/\/semmelweis.hu\/varosmajor\/wp-json\/wp\/v2\/categories?post=140"},{"taxonomy":"post_tag","embeddable":true,"href":"https:\/\/semmelweis.hu\/varosmajor\/wp-json\/wp\/v2\/tags?post=140"}],"curies":[{"name":"wp","href":"https:\/\/api.w.org\/{rel}","templated":true}]}}