{"id":128,"date":"2020-11-13T08:37:07","date_gmt":"2020-11-13T07:37:07","guid":{"rendered":"https:\/\/semmelweis.hu\/varosmajor\/?page_id=128"},"modified":"2025-09-05T10:42:06","modified_gmt":"2025-09-05T08:42:06","slug":"a-klinika-tortenete","status":"publish","type":"page","link":"https:\/\/semmelweis.hu\/varosmajor\/klinikankrol\/a-klinika-tortenete\/","title":{"rendered":"A klinika t\u00f6rt\u00e9nete"},"content":{"rendered":"<h2>A J\u00e1nos Szanat\u00f3rium<\/h2>\n<p style=\"text-align: justify;\"><a href=\"https:\/\/semmelweis.hu\/varosmajor\/files\/2020\/12\/05-scaled.jpg\"><img loading=\"lazy\" decoding=\"async\" class=\"wp-image-1014 size-medium alignright\" src=\"https:\/\/semmelweis.hu\/varosmajor\/files\/2020\/12\/05-400x276.jpg\" alt=\"\" width=\"400\" height=\"276\" srcset=\"https:\/\/semmelweis.hu\/varosmajor\/files\/2020\/12\/05-400x276.jpg 400w, https:\/\/semmelweis.hu\/varosmajor\/files\/2020\/12\/05-1024x708.jpg 1024w, https:\/\/semmelweis.hu\/varosmajor\/files\/2020\/12\/05-768x531.jpg 768w, https:\/\/semmelweis.hu\/varosmajor\/files\/2020\/12\/05-1536x1062.jpg 1536w, https:\/\/semmelweis.hu\/varosmajor\/files\/2020\/12\/05-2048x1415.jpg 2048w, https:\/\/semmelweis.hu\/varosmajor\/files\/2020\/12\/05-175x120.jpg 175w, https:\/\/semmelweis.hu\/varosmajor\/files\/2020\/12\/05-753x520.jpg 753w\" sizes=\"auto, (max-width: 400px) 100vw, 400px\" \/><\/a>A V\u00e1rosmajor utcai \u00e9p\u00fclet 1912-ben \u00e9p\u00fclt; a J\u00e1nos Szanat\u00f3rium els\u0151 igazgat\u00f3ja Dr. Simah\u00e1zi Totth Gedeon volt. A \u201eSv\u00e1b-hegy oldal\u00e1n megnyitott el\u0151kel\u0151 szanat\u00f3rium\u201d a legmodernebb felszerel\u00e9ssel \u00e9s 40 \u00e1ggyal rendelkezett.\u00a0<\/p>\n<p style=\"text-align: justify;\">A seb\u00e9szeti oszt\u00e1ly r\u00e9sz\u00e9re h\u00e1rom nagy m\u0171t\u0151, m\u0171t\u0151i kezel\u0151, altat\u00f3 \u00e9s steriliz\u00e1l\u00f3 helyis\u00e9gek \u00e1lltak rendelkez\u00e9sre. Ezek a nagy seb\u00e9szetre, a n\u0151gy\u00f3gy\u00e1szatra \u00e9s az operat\u00edv mell\u00e9kszakok mindegyik\u00e9re (orr-, g\u00e9ge-, szem-, f\u00fcl-, sz\u00e1j-, urol\u00f3giai- \u00e9s ortop\u00e9d-seb\u00e9szeti, valamint a modern plasztikai \u00e9s korrekci\u00f3s m\u0171t\u00e9tek minden v\u00e1llfaj\u00e1ra) a technika legmodernebb v\u00edvm\u00e1nyaival voltak felszerelve. A sz\u00fcl\u00e9szeti oszt\u00e1ly szigor\u00fa sterilit\u00e1sa orsz\u00e1gszerte elismert volt. A belgy\u00f3gy\u00e1szati oszt\u00e1lyra mind megfigyel\u00e9sre \u00e9s kivizsg\u00e1l\u00e1sra, mind gy\u00f3gykezel\u00e9sre vettek fel betegeket. A sz\u00edvdiagnosztikai egyik leg\u00e9rt\u00e9kesebb seg\u00e9deszk\u00f6ze m\u00e1r abban az id\u0151ben is az elektrokardiogr\u00e1fia volt. A tudom\u00e1nyos szakk\u00f6r\u00f6kben elismert Boulitte-rendszer\u0171, h\u00faros, galvanom\u00e9teres elektrokardiogr\u00e1f ekkor m\u00e9g Magyarorsz\u00e1gon egyed\u00fcl ebben a szanat\u00f3riumban volt megtal\u00e1lhat\u00f3. Kezelt\u00e9k itt Babits Mih\u00e1lyt, Ady Endr\u00e9t, k\u00e9s\u0151bb J\u00e1vor P\u00e1lt, Urai Tivadart.<\/p>\n<p style=\"text-align: justify;\">Egy antikv\u00e1riumban tal\u00e1ltunk r\u00e1 a J\u00e1nos Szanat\u00f3rium 1937-es bemutatkoz\u00f3 prospektus\u00e1ra. A fot\u00f3k \u00e9s a le\u00edr\u00e1sok rendk\u00edv\u00fcl \u00e9rz\u00e9kletesen mutatj\u00e1k be a n\u00edv\u00f3s int\u00e9zm\u00e9ny korabeli szolg\u00e1ltat\u00e1sait, bels\u0151 tereit, \u00e9p\u00fclet\u00e9t \u00e9s csod\u00e1latos k\u00f6rnyezet\u00e9t. Az utols\u00f3 oldalakon l\u00e1that\u00f3 hirdet\u00e9sek a mai olvas\u00f3 sz\u00e1m\u00e1ra is \u00e9rdekesek.<\/p>\n<p>A kezd\u0151oldalra kattintva v\u00e9giglapozhatja a teljes prospektust.<\/p>\n<div id=\"dflip-tab-content-normal\" class=\"dflip-tab-content dflip-active\"><div class=\"_df_book df-lite\" id=\"df_1220\"  _slug=\"a-janos-szanatorium-1937-ben\" data-title=\"a-janos-szanatorium-1937-ben\" wpoptions=\"true\" thumbtype=\"\" ><\/div><script class=\"df-shortcode-script\" nowprocket type=\"application\/javascript\">window.option_df_1220 = {\"outline\":[],\"autoEnableOutline\":\"false\",\"autoEnableThumbnail\":\"false\",\"overwritePDFOutline\":\"false\",\"direction\":\"1\",\"pageSize\":\"0\",\"source\":\"https:\\\/\\\/semmelweis.hu\\\/varosmajor\\\/files\\\/2020\\\/12\\\/janos_szanatorium_prospektus_19371.pdf\",\"wpOptions\":\"true\"}; if(window.DFLIP && window.DFLIP.parseBooks){window.DFLIP.parseBooks();}<\/script><\/div>\n<div>\u00a0<\/div>\n<p style=\"text-align: justify;\"><em>E sz\u00e1munkra egyed\u00fcl\u00e1ll\u00f3 \u00e9rt\u00e9ket jelent\u0151 kiadv\u00e1ny \u201emegtal\u00e1l\u00e1s\u00e1\u00e9rt\u201d k\u00f6sz\u00f6netet mondunk Moln\u00e1r Tibor \u00farnak, a K\u00d6ZTI Zrt. vezet\u0151 \u00e9p\u00edt\u00e9sz tervez\u0151j\u00e9nek.<\/em><\/p>\n<p style=\"text-align: justify;\">A II. vil\u00e1gh\u00e1bor\u00fa zivatara minden sz\u00f6rny\u0171s\u00e9g\u00e9vel v\u00e9gigs\u00f6p\u00f6rt a j\u00f3 nev\u0171 int\u00e9zm\u00e9nyen is. Az \u00e1llamos\u00edt\u00e1s ut\u00e1n a J\u00e1nos K\u00f3rh\u00e1zhoz csatolva a F\u0151v\u00e1rosi Tan\u00e1cs Budai K\u00f6zk\u00f3rh\u00e1za kapott itt helyet 160 \u00e1ggyal. 1951-ben a Budapesti Orvostudom\u00e1nyi Egyetem Seb\u00e9sztov\u00e1bbk\u00e9pz\u0151 Klinik\u00e1ja lett (140 \u00e1gy) a h\u00e1bor\u00fas k\u00e9sz\u00fcl\u0151d\u00e9s jegy\u00e9ben felfokozott seb\u00e9szk\u00e9pz\u00e9s ig\u00e9nyeinek megfelel\u0151en. 1957. m\u00e1rcius 15-t\u0151l IV. sz. Seb\u00e9szeti Klinika lett az int\u00e9zet neve. 1957-t\u0151l folyik oktat\u00e1s a klinik\u00e1n.\u00a0<\/p>\n<p style=\"text-align: justify;\">A klinika k\u00eds\u00e9rleti laborat\u00f3rium\u00e1ban \u00e9s m\u0171t\u0151j\u00e9ben dolgozt\u00e1k ki Magyarorsz\u00e1gon el\u0151sz\u00f6r a sz\u00edvkat\u00e9teres vizsg\u00e1latot. 1956 el\u0151tt k\u00eds\u00e9rleti sz\u00edvbillenty\u0171 be\u00fcltet\u00e9seket \u00e9s k\u00eds\u00e9rleti m\u0171anyag \u00e9rbe\u00fcltet\u00e9seket v\u00e9geztek. Az els\u0151 magyar sz\u00edvmotor haszn\u00e1lata is a klinik\u00e1hoz k\u00f6t\u0151dik. A k\u00eds\u00e9rleti beavatkoz\u00e1sok elv\u00e9gz\u00e9se lehet\u0151v\u00e9 tette az orvosok sz\u00e1m\u00e1ra tudom\u00e1nyos fokozat megszerz\u00e9s\u00e9t is.<\/p>\n<p style=\"text-align: justify;\">A sz\u00edvseb\u00e9szeti m\u0171t\u00e9tek 1952-ben kezd\u0151dtek el, teljes kibontakoz\u00e1suk 1957-ben indult meg. Az els\u0151 hazai sz\u00edvmotoros m\u0171t\u00e9t itt t\u00f6rt\u00e9nt. A velesz\u00fcletett \u00e9s szerzett vitiumok m\u0171t\u00e9ti gy\u00f3gykezel\u00e9se ma m\u00e1r a klinika rutinmunk\u00e1j\u00e1hoz tartozik. 1963-t\u00f3l ugyancsak rutinszer\u0171en v\u00e9geztek az int\u00e9zetben pacemaker implant\u00e1ci\u00f3t. Az 1953 \u00f3ta m\u0171k\u00f6d\u0151 \u00e9rseb\u00e9szeti oszt\u00e1lyon a korszer\u0171 \u00e9rseb\u00e9szeti m\u0171t\u00e9tek szinte valamennyi fajt\u00e1j\u00e1t Magyarorsz\u00e1gon itt v\u00e9gezt\u00e9k el\u0151sz\u00f6r.\u00a0<\/p>\n<p style=\"text-align: justify;\">A sz\u00edvseb\u00e9szet kezdete mind Magyarorsz\u00e1gon, mind Int\u00e9zet\u00fcnkben Kud\u00e1sz J\u00f3zsef professzor nev\u00e9vel f\u0171z\u0151dik \u00f6ssze. Az 1960-as \u00e9vekben kezd\u0151dtek meg a nyitott sz\u00edvm\u0171t\u00e9tek, a mitr\u00e1lis billenty\u0171 sz\u00e1jad\u00e9k\u00e1nak t\u00e1g\u00edt\u00e1s\u00e1val (commissurotomia). Sz\u00e1mos k\u00fclf\u00f6ldi tanulm\u00e1nyutat k\u00f6vet\u0151en Szab\u00f3 Zolt\u00e1n professzor vezet\u00e9s\u00e9vel az 1970-es \u00e9vekben kezdet\u00e9t vett\u00e9k a m\u0171billenty\u0171 be\u00fcltet\u00e9sek, valamint a koszor\u00fa\u00e9r bypass m\u0171t\u00e9tek. Az 1980-as \u00e9vekben a V\u00e1rosmajori infrastrukt\u00fara jelent\u0151s korszer\u0171s\u00edt\u00e9sen esett \u00e1t, ami profilunk \u00e9s a magyarorsz\u00e1gi sz\u00edvseb\u00e9szet k\u00f6vetkez\u0151 m\u00e9rf\u00f6ldk\u00f6v\u00e9t jelentette. 1992 janu\u00e1r 3-\u00e1n megt\u00f6rt\u00e9nt az els\u0151 hazai sikeres sz\u00edv\u00e1t\u00fcltet\u00e9s. A V\u00e1rosmajori Sz\u00edvseb\u00e9szeten t\u00f6rt\u00e9nt Magyarorsz\u00e1gon az els\u0151 teljes aorta\u00edv csere, valamint aortagy\u00f6k rekonstrukci\u00f3. R\u00e9szt vett\u00fcnk a homograft bank l\u00e9trehoz\u00e1s\u00e1ban, mely a fert\u0151z\u00e9ses eredet\u0171 sz\u00edv- \u00e9s \u00e9rseb\u00e9szeti betegs\u00e9gek kezel\u00e9s\u00e9nek b\u00e1zis\u00e1t jelenti. 2012-ben Magyarorsz\u00e1g csatlakozott az Eurotransplant-hoz, mely k\u00f6vetkezt\u00e9ben ugr\u00e1sszer\u0171 n\u00f6veked\u00e9st mutatott a sz\u00edv\u00e1t\u00fcltet\u00e9sek sz\u00e1ma, valamint a mechanikus kering\u00e9st\u00e1mogat\u00e1si program megindul\u00e1s\u00e1val a sz\u00edvel\u00e9gtelens\u00e9g seb\u00e9szeti kezel\u00e9se is teret h\u00f3d\u00edtott Int\u00e9zet\u00fcnkben.<\/p>\n<p style=\"text-align: justify;\">1981 \u00f3ta m\u00e1r V\u00e1rosmajori Sz\u00edv- \u00e9s \u00c9rseb\u00e9szeti Klinika n\u00e9ven ismert, 120 \u00e1ggyal. Az\u00f3ta is csak itt v\u00e9geznek Magyarorsz\u00e1gon feln\u0151tt sz\u00edvtranszplant\u00e1ci\u00f3t, amely m\u00e1r rutinn\u00e1 v\u00e1lt.\u00a0 A klinika 2003-ban \u00e9p\u00fclt sz\u00e1rny\u00e1ban alakult meg a kardiol\u00f3giai profil\u00fa oszt\u00e1ly, a Cardiovascularis Centrum.\u00a0A Semmelweis Egyetem szervezeti \u00e1talak\u00edt\u00e1sai folyt\u00e1n az \u00e9rseb\u00e9szeti, a sz\u00edvseb\u00e9szeti \u00e9s a kardiol\u00f3giai profil egy ideig k\u00fcl\u00f6n egys\u00e9gekben folytatta tev\u00e9kenys\u00e9g\u00e9t, de 2012. j\u00fanius 1-t\u0151l ism\u00e9t egy szervezeti egys\u00e9gben, <strong>V\u00e1rosmajori Sz\u00edv- \u00e9s \u00c9rgy\u00f3gy\u00e1szati Klinika<\/strong> n\u00e9ven v\u00e9gzi a betegek gy\u00f3gy\u00edt\u00e1s\u00e1t.<\/p>\n<h2>Kardiol\u00f3giai Tansz\u00e9k<\/h2>\n<p style=\"text-align: justify;\">A Kardiol\u00f3giai Tansz\u00e9k kor\u00e1bbi vezet\u0151i olyan ismert szem\u00e9lyek voltak, mint Gottsegen Gy\u00f6rgy (1959-65), G\u00e1bor Gy\u00f6rgy (1966-79), Romoda Tibor (1979-81), \u00c1rvay Attila (1981-94), Lozs\u00e1di K\u00e1roly (1994-2000), Keltai M\u00e1ty\u00e1s (2000-2007) professzorok.<br \/>\nA 2007 \u00f3ta \u00fajj\u00e1alakult\u00a0 Kardiol\u00f3giai K\u00f6zpont-Kardiol\u00f3giai Tansz\u00e9k \u00faj t\u00edpus\u00fa, modern ell\u00e1t\u00e1st biztos\u00edt\u00f3, r\u00f6vid k\u00f3rh\u00e1zi tart\u00f3zkod\u00e1ssal nagy sz\u00e1m\u00fa beteget kezel\u0151 kardiol\u00f3giai centrum, melynek vezet\u0151je Merkely B\u00e9la egyetemi tan\u00e1r.<\/p>\n<h2>A V\u00e1rosmajor els\u0151 100 \u00e9ve kiadv\u00e1ny<\/h2>\n<div class=\"_df_book df-lite\" id=\"df_967\"  _slug=\"varosmajori-klinika-elso-100-eve\" data-title=\"varosmajori-klinika-elso-100-eve\" wpoptions=\"true\" thumbtype=\"\" ><\/div><script class=\"df-shortcode-script\" nowprocket type=\"application\/javascript\">window.option_df_967 = {\"webgl\":\"false\",\"outline\":[],\"hard\":\"cover\",\"autoEnableOutline\":\"false\",\"autoEnableThumbnail\":\"false\",\"overwritePDFOutline\":\"false\",\"direction\":\"1\",\"pageSize\":\"0\",\"source\":\"https:\\\/\\\/semmelweis.hu\\\/varosmajor\\\/files\\\/2020\\\/12\\\/a-varosmajori-klinika-elso-100-eve.pdf\",\"wpOptions\":\"true\"}; if(window.DFLIP && window.DFLIP.parseBooks){window.DFLIP.parseBooks();}<\/script>\n<p style=\"text-align: justify;\">A Semmelweis Kiad\u00f3 gondoz\u00e1s\u00e1ban megjelent kiadv\u00e1ny, mely 272 oldalon, k\u00e9pekkel \u00e9s szem\u00e9lyes t\u00f6rt\u00e9netekkel gazdagon illusztr\u00e1lva mutatja be int\u00e9zet\u00fcnk t\u00f6rt\u00e9net\u00e9t.<\/p>\n","protected":false},"excerpt":{"rendered":"<p>A J\u00e1nos Szanat\u00f3rium <a href=\"https:\/\/semmelweis.hu\/varosmajor\/files\/2020\/12\/05-scaled.jpg\"><\/a> A V\u00e1rosmajor utcai \u00e9p\u00fclet 1912-ben \u00e9p\u00fclt; a J\u00e1nos Szanat\u00f3rium els\u0151 igazgat\u00f3ja Dr. Simah\u00e1zi Totth Gedeon volt. A \u201eSv\u00e1b-hegy oldal\u00e1n megnyitott el\u0151kel\u0151 szanat\u00f3rium\u201d a legmodernebb felszerel\u00e9ssel \u00e9s 40 \u00e1ggyal rendelkezett.\u00a0 A seb\u00e9szeti oszt\u00e1ly r\u00e9sz\u00e9re h\u00e1rom nagy m\u0171t\u0151, m\u0171t\u0151i kezel\u0151, altat\u00f3 \u00e9s steriliz\u00e1l\u00f3 helyis\u00e9gek \u00e1lltak rendelkez\u00e9sre. Ezek a nagy seb\u00e9szetre, a n\u0151gy\u00f3gy\u00e1szatra \u00e9s az &hellip;<\/p>\n","protected":false},"author":101737,"featured_media":0,"parent":104,"menu_order":1,"comment_status":"closed","ping_status":"closed","template":"template-fullwidth.php","meta":{"_acf_changed":false,"footnotes":""},"categories":[],"tags":[],"class_list":["post-128","page","type-page","status-publish","hentry"],"acf":[],"_links":{"self":[{"href":"https:\/\/semmelweis.hu\/varosmajor\/wp-json\/wp\/v2\/pages\/128","targetHints":{"allow":["GET"]}}],"collection":[{"href":"https:\/\/semmelweis.hu\/varosmajor\/wp-json\/wp\/v2\/pages"}],"about":[{"href":"https:\/\/semmelweis.hu\/varosmajor\/wp-json\/wp\/v2\/types\/page"}],"author":[{"embeddable":true,"href":"https:\/\/semmelweis.hu\/varosmajor\/wp-json\/wp\/v2\/users\/101737"}],"replies":[{"embeddable":true,"href":"https:\/\/semmelweis.hu\/varosmajor\/wp-json\/wp\/v2\/comments?post=128"}],"version-history":[{"count":12,"href":"https:\/\/semmelweis.hu\/varosmajor\/wp-json\/wp\/v2\/pages\/128\/revisions"}],"predecessor-version":[{"id":11841,"href":"https:\/\/semmelweis.hu\/varosmajor\/wp-json\/wp\/v2\/pages\/128\/revisions\/11841"}],"up":[{"embeddable":true,"href":"https:\/\/semmelweis.hu\/varosmajor\/wp-json\/wp\/v2\/pages\/104"}],"wp:attachment":[{"href":"https:\/\/semmelweis.hu\/varosmajor\/wp-json\/wp\/v2\/media?parent=128"}],"wp:term":[{"taxonomy":"category","embeddable":true,"href":"https:\/\/semmelweis.hu\/varosmajor\/wp-json\/wp\/v2\/categories?post=128"},{"taxonomy":"post_tag","embeddable":true,"href":"https:\/\/semmelweis.hu\/varosmajor\/wp-json\/wp\/v2\/tags?post=128"}],"curies":[{"name":"wp","href":"https:\/\/api.w.org\/{rel}","templated":true}]}}