{"id":1201,"date":"2020-12-17T12:46:09","date_gmt":"2020-12-17T11:46:09","guid":{"rendered":"https:\/\/semmelweis.hu\/varosmajor\/?page_id=1201"},"modified":"2024-09-06T10:28:41","modified_gmt":"2024-09-06T08:28:41","slug":"studia-physiologica","status":"publish","type":"page","link":"https:\/\/semmelweis.hu\/varosmajor\/klinikankrol\/alapitvanyok-egyesuletek\/studia-physiologica\/","title":{"rendered":"Studia Physiologica Alap\u00edtv\u00e1ny"},"content":{"rendered":"<h2>Studia Physiologica Alap\u00edtv\u00e1ny<\/h2>\n<p style=\"text-align: justify\">A Studia Physiologica Alap\u00edtv\u00e1ny c\u00e9lja \u00f6sszegz\u0151 jelleg\u0171 eredeti tanulm\u00e1nyok (monogr\u00e1fi\u00e1k) l\u00e9trej\u00f6tt\u00e9nek \u00e9s k\u00f6zz\u00e9t\u00e9tel\u00e9nek t\u00e1mogat\u00e1sa az \u00e9lettudom\u00e1ny, mindenekel\u0151tt a k\u00eds\u00e9rletes \u00e9lettudom\u00e1nyok ter\u00fclet\u00e9n. A kiemelked\u0151 \u00f6n\u00e1ll\u00f3 eredm\u00e9nyeket el\u00e9rt magyar tud\u00f3sok munk\u00e1inak megjelentet\u00e9s\u00e9vel \u00e9s a p\u00e1ly\u00e1j\u00e1n elindul\u00f3 kutat\u00f3nemzed\u00e9k tagjai k\u00f6zti terjeszt\u00e9s\u00e9vel az Alap\u00edtv\u00e1ny a hazai tudom\u00e1nyos iskol\u00e1k megszil\u00e1rd\u00edt\u00e1s\u00e1hoz \u00e9s a val\u00f3s hazai tudom\u00e1nyos k\u00f6zv\u00e9lem\u00e9ny kialak\u00edt\u00e1s\u00e1hoz k\u00edv\u00e1n a p\u00e9ldaad\u00e1s erej\u00e9vel hozz\u00e1j\u00e1rulni, \u00e1thagyom\u00e1nyozva az eredeti tudom\u00e1nyos gondolatokat, valamint fenntartva \u00e9s tov\u00e1bb-fejlesztve a magyar term\u00e9szettudom\u00e1nyos nyelvezetet.<\/p>\n<p style=\"text-align: justify\">Ennek keret\u00e9ben kiemelt feladatk\u00e9nt az Alap\u00edtv\u00e1ny Kurat\u00f3rium\u00e1nak d\u00f6nt\u00e9se alapj\u00e1n anyagi t\u00e1mogat\u00e1sban r\u00e9szes\u00edti a megnevezett c\u00e9lnak megfelel\u0151 m\u0171vek kiad\u00e1s\u00e1t \u00e9s terjeszt\u00e9s\u00e9t, mindenekel\u0151tt a &#8220;Studia Physiologica&#8221; kiadv\u00e1ny-sorozatban megjelentetend\u0151 tanulm\u00e1nyokat.&#8221;<\/p>\n<p style=\"text-align: justify\"><a href=\"https:\/\/semmelweis.hu\/varosmajor\/klinikankrol\/alapitvanyok\/studia-physiologica\/kozhasznusagi-jelentesek\/\">Besz\u00e1mol\u00f3 \u00e9s k\u00f6zhaszn\u00fas\u00e1gi jelent\u00e9s<\/a><\/p>\n<h2 style=\"text-align: justify\"><strong><br \/>\n<\/strong>Juh\u00e1sz-Nagy S\u00e1ndor professzor a Studia sorozatr\u00f3l<\/h2>\n<h2><img loading=\"lazy\" decoding=\"async\" class=\"size-full wp-image-2110 alignleft\" src=\"https:\/\/semmelweis.hu\/varosmajor\/files\/2020\/12\/jns-210x222-1.jpg\" alt=\"\" width=\"210\" height=\"222\" \/><\/h2>\n<p style=\"text-align: justify\">A &#8220;STUDIA&#8221; \u00f6n\u00e1ll\u00f3, egym\u00e1st\u00f3l f\u00fcggetlen m\u0171vek sorozata. Mindegyik kismonogr\u00e1fia az \u00e9lettudom\u00e1ny valamely fontos ter\u00fclet\u00e9t vil\u00e1g\u00edtja meg az adott ter\u00fclet egy-egy neves magyar kutat\u00f3ja szemsz\u00f6g\u00e9b\u0151l. A vizsg\u00e1lt k\u00e9rd\u00e9seket a szerz\u0151k egy\u00e9ni l\u00e1t\u00e1sm\u00f3dja teszi elevenn\u00e9, mivel a tanulm\u00e1nyok \u00edr\u00f3i a tudom\u00e1nyos anyagot saj\u00e1t eredeti eredm\u00e9nyeik k\u00f6r\u00e9 csoportos\u00edtva t\u00e1rgyalj\u00e1k. E monogr\u00e1fi\u00e1k teh\u00e1t m\u00e1st adnak, mint egy-egy adott probl\u00e9mak\u00f6r sz\u00e1raz ismertet\u00e9s\u00e9t, noha term\u00e9szetesen t\u00f6rekszenek arra, hogy az olvas\u00f3t avatott k\u00e9zzel vezess\u00e9k be az \u00e9rintett szakter\u00fclet saj\u00e1tos vil\u00e1g\u00e1ba. Ilym\u00f3don, amennyivel kevesebbet \u00f6lelhetnek fel &#8211; m\u00e1rcsak terjedelembeli t\u00f6m\u00f6rs\u00e9g\u00fck folyt\u00e1n is &#8211; egy szokv\u00e1nyos irodalmi &#8220;review&#8221;-n\u00e1l &#8211; annyival t\u00f6bbet ny\u00fajthatnak a szem\u00e9lyes megk\u00f6zel\u00edt\u00e9si m\u00f3d r\u00e9v\u00e9n. &#8211; Igazolva, hogy az igazi tudom\u00e1ny &#8211; ma is mint mindig &#8211; els\u0151sorban az alkot\u00f3 szem\u00e9lyis\u00e9g v\u00e1llalkoz\u00e1sa.<\/p>\n<p style=\"text-align: justify\">A m\u0171vek nem csup\u00e1n a &#8220;specialist\u00e1hoz&#8221;, az adott sz\u0171kebb szakter\u00fclet m\u0171vel\u0151j\u00e9hez sz\u00f3lnak. Azoknak \u00edr\u00f3dnak, akik \u00e1ltal\u00e1nosabb t\u00e1j\u00e9kozotts\u00e1gra t\u00f6rekszenek. K\u00fcl\u00f6n\u00f6sen hasznosak lehetnek a p\u00e1ly\u00e1ja kezdet\u00e9n \u00e1ll\u00f3 fiatal magyar kutat\u00f3 sz\u00e1m\u00e1ra, aki m\u00e1r &#8211; \u00fagy-ahogy &#8211; kiismerte mag\u00e1t vizsg\u00e1latai leg\u00fajabb irodalm\u00e1ban, de bizonytalan abban, hogyan illessze eredm\u00e9nyeit t\u00e1gabb \u00f6sszef\u00fcgg\u00e9sek keretei k\u00f6z\u00e9. Net\u00e1n p\u00e9ld\u00e1t keres: milyen szeml\u00e9letm\u00f3ddal, milyen stil\u00e1ris megk\u00f6zel\u00edt\u00e9ssel l\u00e1sson neki doktori (Ph.D.) \u00e9rtekez\u00e9se meg-\u00edr\u00e1s\u00e1nak. (A sz\u00f3banforg\u00f3 m\u0171vek ilyenfajta haszna mindenekel\u0151tt k\u00f6zvetett: benn\u00fck az \u00e9rdekl\u0151d\u0151 nem m\u00e1soland\u00f3 p\u00e9ld\u00e1t, hanem enn\u00e9l fontosabbat, szellemi \u00f6szt\u00f6nz\u00e9st tal\u00e1l.)<br \/>\nAki hitelt\u00e9rdeml\u0151 forr\u00e1sm\u0171vek alapj\u00e1n k\u00edv\u00e1n eligazodni a hazai term\u00e9szettudom\u00e1ny &#8211; benne az \u00e9lettudom\u00e1ny &#8211; \u00fajabb eredm\u00e9nyei k\u00f6z\u00f6tt, nincs k\u00f6nny\u0171 helyzetben. Az inform\u00e1ci\u00f3s h\u00e1l\u00f3zatokban el\u00e9rhet\u0151 ijeszt\u0151 adatt\u00f6meg sok tekintetben ink\u00e1bb nehez\u00edti, semmint k\u00f6nny\u00edti a t\u00e1j\u00e9koz\u00f3d\u00e1st. A nemzetk\u00f6zi c\u00e9gek t\u00e1mogat\u00e1s\u00e1b\u00f3l \u00e9l\u0151 sz\u00e1mos magyarnyelv\u0171 szakfoly\u00f3irat (\u00fajabban: egyre t\u00f6bb idegenb\u0151l ford\u00edtott (!) foly\u00f3irat-v\u00e1logat\u00e1s) mellett az olvas\u00f3 ma hi\u00e1ba keresi azokat a kiadv\u00e1nyokat melyek a nagyobb jelent\u0151s\u00e9g\u0171 eredeti magyar tudom\u00e1nyos eredm\u00e9nyeket foglalj\u00e1k \u00f6ssze t\u00f6m\u00f6ren, de m\u00e9gis az \u00e1ltal\u00e1nos \u00e1ttekint\u00e9s ig\u00e9ny\u00e9vel. A k\u00f6nyv-piacr\u00f3l elt\u0171ntek m\u00e9g az un. akad\u00e9miai sz\u00e9kfoglal\u00f3k kismonogr\u00e1fia-szer\u0171 kiadv\u00e1nyai is, ak\u00e1r mert erre nem volt p\u00e9nz \u00e9s ig\u00e9ny, ak\u00e1r mert szerz\u0151ik nem k\u00edv\u00e1ntak vel\u00fck el\u0151\u00e1llni. Mindez g\u00e1tolja a val\u00f3s hazai term\u00e9szet-tudom\u00e1nyos k\u00f6zv\u00e9lem\u00e9ny kialakul\u00e1s\u00e1t, sorvasztja legfontosabb nemzeti \u00f6sszetart\u00f3 kapcsolatunkat: a nyelvet, \u00e9s b\u00e9n\u00edtja az eredeti gondolkod\u00e1st mely kor\u00e1bban a magyar tudom\u00e1nyoss\u00e1g legnagyobb er\u0151ss\u00e9ge volt.<\/p>\n<p style=\"text-align: justify\">A fenti kedvez\u0151tlen fejlem\u00e9nyek ellens\u00falyoz\u00e1s\u00e1ra alakult az az alap\u00edtv\u00e1ny, amely nem-haszonelv\u0171 v\u00e1llalkoz\u00e1sk\u00e9nt k\u00edv\u00e1nja seg\u00edteni a t\u00e1j\u00e9koz\u00f3d\u00e1st, \u00e9s \u00f6szt\u00f6n\u00f6zni az eredeti hazai tudom\u00e1nyos szellemet egy k\u00f6r\u00fclhat\u00e1rolt, de fontos ter\u00fcleten: az \u00e9lettudom\u00e1nyok ter\u00fclet\u00e9n. F\u0151k\u00e9nt, de nem kiz\u00e1r\u00f3lag a k\u00eds\u00e9rletes \u00e9lettudom\u00e1nyban. Az alap\u00edtv\u00e1ny a k\u00f6z- \u00e9s mag\u00e1n\u00e9let k\u00fcl\u00f6nb\u00f6z\u0151 \u00e1gazataiban m\u0171k\u00f6d\u0151, \u00e1m hasonl\u00f3an gondolkod\u00f3 magyar polg\u00e1rokat egyes\u00edt.<\/p>\n<p style=\"text-align: justify\"><em>Budapest, 1998<\/p>\n<p><\/em><\/p>\n<h1>El\u00e9rhet\u0151s\u00e9g:<\/h1>\n<p><strong>Studia Physiologica<br \/>\n<\/strong>1122 Budapest, V\u00e1rosmajor utca 68.<br \/>\nTel: +36 20 825 8895<br \/>\n<a href=\"mailto:radovitstamas@yahoo.com\">E-mail k\u00fcld\u00e9se<\/a><\/p>\n","protected":false},"excerpt":{"rendered":"<p>Studia Physiologica Alap\u00edtv\u00e1ny A Studia Physiologica Alap\u00edtv\u00e1ny c\u00e9lja \u00f6sszegz\u0151 jelleg\u0171 eredeti tanulm\u00e1nyok (monogr\u00e1fi\u00e1k) l\u00e9trej\u00f6tt\u00e9nek \u00e9s k\u00f6zz\u00e9t\u00e9tel\u00e9nek t\u00e1mogat\u00e1sa az \u00e9lettudom\u00e1ny, mindenekel\u0151tt a k\u00eds\u00e9rletes \u00e9lettudom\u00e1nyok ter\u00fclet\u00e9n. A kiemelked\u0151 \u00f6n\u00e1ll\u00f3 eredm\u00e9nyeket el\u00e9rt magyar tud\u00f3sok munk\u00e1inak megjelentet\u00e9s\u00e9vel \u00e9s a p\u00e1ly\u00e1j\u00e1n elindul\u00f3 kutat\u00f3nemzed\u00e9k tagjai k\u00f6zti terjeszt\u00e9s\u00e9vel az Alap\u00edtv\u00e1ny a hazai tudom\u00e1nyos iskol\u00e1k megszil\u00e1rd\u00edt\u00e1s\u00e1hoz \u00e9s a val\u00f3s hazai tudom\u00e1nyos k\u00f6zv\u00e9lem\u00e9ny kialak\u00edt\u00e1s\u00e1hoz &hellip;<\/p>\n","protected":false},"author":101737,"featured_media":0,"parent":332,"menu_order":1,"comment_status":"closed","ping_status":"closed","template":"","meta":{"_acf_changed":false,"footnotes":""},"categories":[],"tags":[],"class_list":["post-1201","page","type-page","status-publish","hentry"],"acf":[],"_links":{"self":[{"href":"https:\/\/semmelweis.hu\/varosmajor\/wp-json\/wp\/v2\/pages\/1201","targetHints":{"allow":["GET"]}}],"collection":[{"href":"https:\/\/semmelweis.hu\/varosmajor\/wp-json\/wp\/v2\/pages"}],"about":[{"href":"https:\/\/semmelweis.hu\/varosmajor\/wp-json\/wp\/v2\/types\/page"}],"author":[{"embeddable":true,"href":"https:\/\/semmelweis.hu\/varosmajor\/wp-json\/wp\/v2\/users\/101737"}],"replies":[{"embeddable":true,"href":"https:\/\/semmelweis.hu\/varosmajor\/wp-json\/wp\/v2\/comments?post=1201"}],"version-history":[{"count":11,"href":"https:\/\/semmelweis.hu\/varosmajor\/wp-json\/wp\/v2\/pages\/1201\/revisions"}],"predecessor-version":[{"id":5722,"href":"https:\/\/semmelweis.hu\/varosmajor\/wp-json\/wp\/v2\/pages\/1201\/revisions\/5722"}],"up":[{"embeddable":true,"href":"https:\/\/semmelweis.hu\/varosmajor\/wp-json\/wp\/v2\/pages\/332"}],"wp:attachment":[{"href":"https:\/\/semmelweis.hu\/varosmajor\/wp-json\/wp\/v2\/media?parent=1201"}],"wp:term":[{"taxonomy":"category","embeddable":true,"href":"https:\/\/semmelweis.hu\/varosmajor\/wp-json\/wp\/v2\/categories?post=1201"},{"taxonomy":"post_tag","embeddable":true,"href":"https:\/\/semmelweis.hu\/varosmajor\/wp-json\/wp\/v2\/tags?post=1201"}],"curies":[{"name":"wp","href":"https:\/\/api.w.org\/{rel}","templated":true}]}}

Studia Physiologica Alapítvány

<h2>Studia Physiologica Alapítvány</h2>
<p style="text-align: justify">A Studia Physiologica Alapítvány célja összegző jellegű eredeti tanulmányok (monográfiák) létrejöttének és közzétételének támogatása az élettudomány, mindenekelőtt a kísérletes élettudományok területén. A kiemelkedő önálló eredményeket elért magyar tudósok munkáinak megjelentetésével és a pályáján elinduló kutatónemzedék tagjai közti terjesztésével az Alapítvány a hazai tudományos iskolák megszilárdításához és a valós hazai tudományos közvélemény kialakításához kíván a példaadás erejével hozzájárulni, áthagyományozva az eredeti tudományos gondolatokat, valamint fenntartva és tovább-fejlesztve a magyar természettudományos nyelvezetet.</p>
<p style="text-align: justify">Ennek keretében kiemelt feladatként az Alapítvány Kuratóriumának döntése alapján anyagi támogatásban részesíti a megnevezett célnak megfelelő művek kiadását és terjesztését, mindenekelőtt a &#8220;Studia Physiologica&#8221; kiadvány-sorozatban megjelentetendő tanulmányokat.&#8221;</p>
<p style="text-align: justify"><a href="https://semmelweis.hu/varosmajor/klinikankrol/alapitvanyok/studia-physiologica/kozhasznusagi-jelentesek/">Beszámoló és közhasznúsági jelentés</a></p>
<h2 style="text-align: justify"><strong><br />
</strong>Juhász-Nagy Sándor professzor a Studia sorozatról</h2>
<h2><img loading="lazy" decoding="async" class="size-full wp-image-2110 alignleft" src="https://semmelweis.hu/varosmajor/files/2020/12/jns-210x222-1.jpg" alt="" width="210" height="222" /></h2>
<p style="text-align: justify">A &#8220;STUDIA&#8221; önálló, egymástól független művek sorozata. Mindegyik kismonográfia az élettudomány valamely fontos területét világítja meg az adott terület egy-egy neves magyar kutatója szemszögéből. A vizsgált kérdéseket a szerzők egyéni látásmódja teszi elevenné, mivel a tanulmányok írói a tudományos anyagot saját eredeti eredményeik köré csoportosítva tárgyalják. E monográfiák tehát mást adnak, mint egy-egy adott problémakör száraz ismertetését, noha természetesen törekszenek arra, hogy az olvasót avatott kézzel vezessék be az érintett szakterület sajátos világába. Ilymódon, amennyivel kevesebbet ölelhetnek fel &#8211; márcsak terjedelembeli tömörségük folytán is &#8211; egy szokványos irodalmi &#8220;review&#8221;-nál &#8211; annyival többet nyújthatnak a személyes megközelítési mód révén. &#8211; Igazolva, hogy az igazi tudomány &#8211; ma is mint mindig &#8211; elsősorban az alkotó személyiség vállalkozása.</p>
<p style="text-align: justify">A művek nem csupán a &#8220;specialistához&#8221;, az adott szűkebb szakterület művelőjéhez szólnak. Azoknak íródnak, akik általánosabb tájékozottságra törekszenek. Különösen hasznosak lehetnek a pályája kezdetén álló fiatal magyar kutató számára, aki már &#8211; úgy-ahogy &#8211; kiismerte magát vizsgálatai legújabb irodalmában, de bizonytalan abban, hogyan illessze eredményeit tágabb összefüggések keretei közé. Netán példát keres: milyen szemléletmóddal, milyen stiláris megközelítéssel lásson neki doktori (Ph.D.) értekezése meg-írásának. (A szóbanforgó művek ilyenfajta haszna mindenekelőtt közvetett: bennük az érdeklődő nem másolandó példát, hanem ennél fontosabbat, szellemi ösztönzést talál.)<br />
Aki hiteltérdemlő forrásművek alapján kíván eligazodni a hazai természettudomány &#8211; benne az élettudomány &#8211; újabb eredményei között, nincs könnyű helyzetben. Az információs hálózatokban elérhető ijesztő adattömeg sok tekintetben inkább nehezíti, semmint könnyíti a tájékozódást. A nemzetközi cégek támogatásából élő számos magyarnyelvű szakfolyóirat (újabban: egyre több idegenből fordított (!) folyóirat-válogatás) mellett az olvasó ma hiába keresi azokat a kiadványokat melyek a nagyobb jelentőségű eredeti magyar tudományos eredményeket foglalják össze tömören, de mégis az általános áttekintés igényével. A könyv-piacról eltűntek még az un. akadémiai székfoglalók kismonográfia-szerű kiadványai is, akár mert erre nem volt pénz és igény, akár mert szerzőik nem kívántak velük előállni. Mindez gátolja a valós hazai természet-tudományos közvélemény kialakulását, sorvasztja legfontosabb nemzeti összetartó kapcsolatunkat: a nyelvet, és bénítja az eredeti gondolkodást mely korábban a magyar tudományosság legnagyobb erőssége volt.</p>
<p style="text-align: justify">A fenti kedvezőtlen fejlemények ellensúlyozására alakult az az alapítvány, amely nem-haszonelvű vállalkozásként kívánja segíteni a tájékozódást, és ösztönözni az eredeti hazai tudományos szellemet egy körülhatárolt, de fontos területen: az élettudományok területén. Főként, de nem kizárólag a kísérletes élettudományban. Az alapítvány a köz- és magánélet különböző ágazataiban működő, ám hasonlóan gondolkodó magyar polgárokat egyesít.</p>
<p style="text-align: justify"><em>Budapest, 1998</p>
<p></em></p>
<h1>Elérhetőség:</h1>
<p><strong>Studia Physiologica<br />
</strong>1122 Budapest, Városmajor utca 68.<br />
Tel: +36 20 825 8895<br />
<a href="mailto:radovitstamas@yahoo.com">E-mail küldése</a></p>

<p>Studia Physiologica Alapítvány A Studia Physiologica Alapítvány célja összegző jellegű eredeti tanulmányok (monográfiák) létrejöttének és közzétételének támogatása az élettudomány, mindenekelőtt a kísérletes élettudományok területén. A kiemelkedő önálló eredményeket elért magyar tudósok munkáinak megjelentetésével és a pályáján elinduló kutatónemzedék tagjai közti terjesztésével az Alapítvány a hazai tudományos iskolák megszilárdításához és a valós hazai tudományos közvélemény kialakításához &hellip;</p>
