{"id":1094,"date":"2020-12-16T11:12:27","date_gmt":"2020-12-16T10:12:27","guid":{"rendered":"https:\/\/semmelweis.hu\/varosmajor\/?page_id=1094"},"modified":"2020-12-31T15:18:09","modified_gmt":"2020-12-31T14:18:09","slug":"sportcardiology","status":"publish","type":"page","link":"https:\/\/semmelweis.hu\/varosmajor\/en\/reasearch\/sportcardiology\/","title":{"rendered":"Sportcardiology"},"content":{"rendered":"<h2>Publications<\/h2>\n<p><strong>Detailed heart rate variability analysis in athletes<\/strong><\/p>\n<p>Orsolya Kiss, N\u00f3ra Syd\u00f3, P\u00e9ter Vargha, Hajnalka V\u00e1g\u00f3, Csilla Czimbalmos, Eszter \u00c9des, Endre Zima, Gy\u00f6rgyi Apponyi, Gerg\u0151 Merkely, Tibor Syd\u00f3, D\u00e1vid Becker, Thomas G. Allison &amp; B\u00e9la Merkely<\/p>\n<p><em>Clinical Autonomic Research volume 26, pages 245\u2013252 (2016)<\/em><\/p>\n<p><a href=\"https:\/\/link.springer.com\/article\/10.1007\/s10286-016-0360-z\">https:\/\/link.springer.com\/article\/10.1007\/s10286-016-0360-z<\/a><\/p>\n<p>&nbsp;<\/p>\n<p><strong>Cardiac magnetic resonance based deformation imaging: role of feature tracking in athletes with suspected arrhythmogenic right ventricular cardiomyopathy<\/strong><\/p>\n<p>Csilla Czimbalmos, Ibolya Csecs, Zsofia Dohy, Attila Toth, Ferenc Imre Suhai, Andreas M\u00fcssigbrodt, Orsolya Kiss, Laszlo Geller, Bela Merkely &amp; Hajnalka Vago<\/p>\n<p><em>The International Journal of Cardiovascular Imaging volume 35, pages 529\u2013538 (2019)<\/em><\/p>\n<p><a href=\"https:\/\/link.springer.com\/article\/10.1007\/s10554-018-1478-y\">https:\/\/link.springer.com\/article\/10.1007\/s10554-018-1478-y<\/a><\/p>\n<p><strong>Left ventricular untwisting in athlete&#8217;s heart: key role in early diastolic filling?<\/strong><\/p>\n<p>Attila Kov\u00e1cs, Astrid Apor, Andrea Nagy, Hajnalka V\u00e1g\u00f3, Attila T\u00f3th, Anik\u00f3 Ilona Nagy, T\u00edmea Kov\u00e1ts, Bal\u00e1zs Sax, G\u00e1bor Sz\u00e9plaki, D\u00e1vid Becker, B\u00e9la Merkely<\/p>\n<p><em>International Journal of Sports Medicine. 2014 Mar;35(3):259-64. <\/em><\/p>\n<p><a href=\"https:\/\/pubmed.ncbi.nlm.nih.gov\/23900895\/\">https:\/\/pubmed.ncbi.nlm.nih.gov\/23900895\/<\/a><strong>\u00a0<\/strong><\/p>\n<p><strong>The influence of vigorous training on the structure and cardiorespiratory fitness in adolescent athletes<\/strong><\/p>\n<p>L Szabo, N Sydo, O Kiss, E Csulak, Z Dohy, C Czimbalmos, V Juhasz, V Horvath, F.I Suhai, B Merkely, H Vago<\/p>\n<p><em>European Heart Journal, Volume 41, Issue Supplement_2, November 2020<\/em><\/p>\n<p><a href=\"https:\/\/academic.oup.com\/eurheartj\/article\/41\/Supplement_2\/ehaa946.3131\/6002781\">https:\/\/academic.oup.com\/eurheartj\/article\/41\/Supplement_2\/ehaa946.3131\/6002781<\/a><\/p>\n<p><strong>The impact of sex, age and training on biventricular cardiac adaptation in healthy adult and adolescent athletes: Cardiac magnetic resonance imaging study<\/strong><\/p>\n<p>Ibolya Csecs, Csilla Czimbalmos, Attila Toth, Zsofia Dohy, Imre F Suhai, Liliana Szabo, Attila Kovacs, Balint Lakatos, Nora Sydo, Mobin Kheirkhahan, David Peritz, Orsolya Kiss, Bela Merkely, Hajnalka Vago<\/p>\n<p><em>European Journal of Preventive Cardiology Volume: 27 issue: 5, page(s): 540-549<\/em><\/p>\n<p><a href=\"https:\/\/journals.sagepub.com\/doi\/abs\/10.1177\/2047487319866019\">https:\/\/journals.sagepub.com\/doi\/abs\/10.1177\/2047487319866019<\/a><\/p>\n<p><strong>Relationship between Cardiac Remodeling and Exercise Capacity in Elite Athletes: Incremental Value of Left Atrial Morphology and Function Assessed by Three-Dimensional Echocardiography<\/strong><\/p>\n<p>B\u00e1lint K\u00e1roly Lakatos MD, Andrea \u00c1gnes Moln\u00e1r MD PhD, Orsolya Kiss MD PhD, N\u00f3ra Syd\u00f3 MD PhD, M\u00e1rton Tokodi MD, Bal\u00e1zs Solymossi, Alexandra F\u00e1bi\u00e1n, Zs\u00f3fia Dohy MD, Hajnalka V\u00e1g\u00f3 MD PhD, M\u00e1t\u00e9 Babity, Csaba Bogn\u00e1r, Attila Kov\u00e1cs MD PhD, B\u00e9la Merkely MD PhD DSc<\/p>\n<p><em>Journal of the American Society of Echocardiography Volume 33, Issue 1, January 2020, Pages 101-109.e1<\/em><\/p>\n<p><a href=\"https:\/\/www.sciencedirect.com\/science\/article\/pii\/S0894731719308752\">https:\/\/www.sciencedirect.com\/science\/article\/pii\/S0894731719308752#<\/a>!<\/p>\n<p><strong>How are ECG parameters related to cardiac magnetic resonance images? Electrocardiographic predictors of left ventricular hypertrophy and myocardial fibrosis in hypertrophic cardiomyopathy<\/strong><\/p>\n<p>Zsofia Dohy MD,\u00a0 Andras Vereckei MD, PhD\u00a0 Viktor Horvath Medical student,\u00a0 Csilla Czimbalmos MD,\u00a0 Liliana Szabo MD,\u00a0 Attila Toth MD,\u00a0 Ferenc I. Suhai MD,\u00a0 Ibolya Csecs MD,\u00a0 David Becker MD, PhD,\u00a0 Bela Merkely MD, PhD, DSc,\u00a0 Hajnalka Vago MD, PhD<\/p>\n<p><em>Annals of Noninvasive Electrocardiology &#8211; Volume25, Issue5 September 2020 e12763<\/em><\/p>\n<p><a href=\"https:\/\/onlinelibrary.wiley.com\/doi\/full\/10.1111\/anec.12763\">https:\/\/onlinelibrary.wiley.com\/doi\/full\/10.1111\/anec.12763<\/a><\/p>\n<p><strong>Early cardiac magnetic resonance imaging in troponin-positive acute chest pain and non-obstructed coronary arteries<\/strong><\/p>\n<p>Hajnalka V\u00e1g\u00f3, Lili\u00e1na Szab\u00f3, Zs\u00f3fia Dohy, Csilla Czimbalmos, Attila T\u00f3th, Ferenc Imre Suhai, Gy\u00f6rgy B\u00e1rczi, V. Anna Gyarmathy, D\u00e1vid Becker, B\u00e9la Merkely<\/p>\n<p><em>Heart 2020;106:992-1000<\/em>.<\/p>\n<p><a href=\"https:\/\/heart.bmj.com\/content\/106\/13\/992.info\">https:\/\/heart.bmj.com\/content\/106\/13\/992.info<\/a><\/p>\n<p><strong>Mechanical diversity in the adaptation of left and right ventricular function to long-term exercise: 3D echocardiographic study in a large cohort of competitive athletes<\/strong><\/p>\n<p>A Fabian, B.K Lakatos, M Tokodi, O Kiss, M Babity, C Bognar, N Sydo, E Csulak, H Vago, B Merkely, A Kovacs<\/p>\n<p><em>European Heart Journal, Volume 41, Issue Supplement_2, November 2020<\/em><\/p>\n<p><a href=\"https:\/\/academic.oup.com\/eurheartj\/article\/41\/Supplement_2\/ehaa946.3130\/6002771\">https:\/\/academic.oup.com\/eurheartj\/article\/41\/Supplement_2\/ehaa946.3130\/6002771<\/a><strong>\u00a0<\/strong><\/p>\n<p><strong>A mappingtechnik\u00e1k \u00e1ltal ny\u00fajtott lehet\u0151s\u00e9gek a sz\u00edv-MR-vizsg\u00e1latok sor\u00e1n: indik\u00e1ci\u00f3k, diagnosztikus \u00e9rt\u00e9k, limit\u00e1ci\u00f3k \u00e9s centrumunk kezdeti tapasztalatai<\/strong><\/p>\n<p>Krist\u00f3f Hirschberg, Zs\u00f3fia Dohy, Attila T\u00f3th, Lili\u00e1na Szab\u00f3, Csilla Czimbalmos, Marius Finster, Ferenc Suhai, B\u00e9la Merkely, Hajnalka V\u00e1g\u00f3<\/p>\n<p><em>Cardiologia Hungarica 50. K\u00f6tet, 1. sz\u00e1m, Oldal 45-53<\/em><\/p>\n<p><a href=\"http:\/\/real.mtak.hu\/107640\/1\/Hirschberg_A_mappingtechnikak.pdf\">http:\/\/real.mtak.hu\/107640\/1\/Hirschberg_A_mappingtechnikak.pdf<\/a><\/p>\n<p><strong>Morphological and Functional Assessment of the Right Ventricle Using 3D Echocardiography<\/strong><\/p>\n<p>Lakatos BK, Tokodi M, Kisp\u00e1l E, Merkely B, Kov\u00e1cs A<\/p>\n<p><em>Journal of Visualized Experiments : Jove, 28 Oct 2020, (164)<\/em><\/p>\n<p><a href=\"https:\/\/europepmc.org\/article\/med\/33191942\">https:\/\/europepmc.org\/article\/med\/33191942<\/a><\/p>\n<h2>Projects<\/h2>\n<p>Optimization of re-participation in competitive sports after COVID-19<\/p>\n<h2>Team<\/h2>\n<p>Prof. Dr. Merkely B\u00e9la, Director<\/p>\n<p>Prof. Dr. Endre Zima<\/p>\n<p>Dr. Hajnalka V\u00e1g\u00f3 PhD<\/p>\n<p>Dr. Orsolya Kiss PhD<\/p>\n<p>Dr. Andrea \u00c1gnes Moln\u00e1r PhD<\/p>\n<p>Dr. Attila Kov\u00e1cs PhD<\/p>\n<p>Dr. Istv\u00e1n Osztheimer PhD<\/p>\n<p>Dr. Andrea Sz\u0171cs PhD<\/p>\n<p>Dr. N\u00f3ra Syd\u00f3 PhD<\/p>\n<p>Dr. N\u00e1ndor Szegedi PhD<\/p>\n<p>Dr. Zsolt Komka PhD<\/p>\n<p>Dr. G\u00e1bor \u00c1ron F\u00fcl\u00f6p PhD<\/p>\n<p>Dr. Emese Csulak<\/p>\n<p>Dr. Lili\u00e1na Erzs\u00e9bet Szab\u00f3<\/p>\n<p>Dr. Zs\u00f3fia Dohy<\/p>\n<p>Dr. B\u00e1lint K\u00e1roly Lakatos PhD<\/p>\n<p>Dr. B\u00e1lint Szilveszter PhD<\/p>\n<p>Dr. Vencel Juh\u00e1sz<\/p>\n<p>Dr. M\u00e1t\u00e9 Babity<\/p>\n<p>Dr. M\u00e1rton Tokodi<\/p>\n<p>Dr. Alexandra F\u00e1bi\u00e1n<\/p>\n<p>Dr. Zs\u00f3fia Gregor<\/p>\n<p>Dr. Anna R\u00e9ka Kiss<\/p>\n<p>Dr. M\u00e1rton Horv\u00e1th<\/p>\n","protected":false},"excerpt":{"rendered":"<p>Publications Detailed heart rate variability analysis in athletes Orsolya Kiss, N\u00f3ra Syd\u00f3, P\u00e9ter Vargha, Hajnalka V\u00e1g\u00f3, Csilla Czimbalmos, Eszter \u00c9des, Endre Zima, Gy\u00f6rgyi Apponyi, Gerg\u0151 Merkely, Tibor Syd\u00f3, D\u00e1vid Becker, Thomas G. Allison &amp; B\u00e9la Merkely Clinical Autonomic Research volume 26, pages 245\u2013252 (2016) <a href=\"https:\/\/link.springer.com\/article\/10.1007\/s10286-016-0360-z\">https:\/\/link.springer.com\/article\/10.1007\/s10286-016-0360-z<\/a> &nbsp; Cardiac magnetic resonance based deformation imaging: role of feature tracking &hellip;<\/p>\n","protected":false},"author":101737,"featured_media":0,"parent":1092,"menu_order":6,"comment_status":"closed","ping_status":"closed","template":"","meta":{"_acf_changed":false,"footnotes":""},"categories":[],"tags":[],"class_list":["post-1094","page","type-page","status-publish","hentry"],"acf":[],"_links":{"self":[{"href":"https:\/\/semmelweis.hu\/varosmajor\/wp-json\/wp\/v2\/pages\/1094","targetHints":{"allow":["GET"]}}],"collection":[{"href":"https:\/\/semmelweis.hu\/varosmajor\/wp-json\/wp\/v2\/pages"}],"about":[{"href":"https:\/\/semmelweis.hu\/varosmajor\/wp-json\/wp\/v2\/types\/page"}],"author":[{"embeddable":true,"href":"https:\/\/semmelweis.hu\/varosmajor\/wp-json\/wp\/v2\/users\/101737"}],"replies":[{"embeddable":true,"href":"https:\/\/semmelweis.hu\/varosmajor\/wp-json\/wp\/v2\/comments?post=1094"}],"version-history":[{"count":6,"href":"https:\/\/semmelweis.hu\/varosmajor\/wp-json\/wp\/v2\/pages\/1094\/revisions"}],"predecessor-version":[{"id":2084,"href":"https:\/\/semmelweis.hu\/varosmajor\/wp-json\/wp\/v2\/pages\/1094\/revisions\/2084"}],"up":[{"embeddable":true,"href":"https:\/\/semmelweis.hu\/varosmajor\/wp-json\/wp\/v2\/pages\/1092"}],"wp:attachment":[{"href":"https:\/\/semmelweis.hu\/varosmajor\/wp-json\/wp\/v2\/media?parent=1094"}],"wp:term":[{"taxonomy":"category","embeddable":true,"href":"https:\/\/semmelweis.hu\/varosmajor\/wp-json\/wp\/v2\/categories?post=1094"},{"taxonomy":"post_tag","embeddable":true,"href":"https:\/\/semmelweis.hu\/varosmajor\/wp-json\/wp\/v2\/tags?post=1094"}],"curies":[{"name":"wp","href":"https:\/\/api.w.org\/{rel}","templated":true}]}}