{"id":90,"date":"2015-04-29T12:43:53","date_gmt":"2015-04-29T10:43:53","guid":{"rendered":"http:\/\/semmelweis.hu\/vagyongazdalkodas\/?page_id=90"},"modified":"2025-09-04T16:56:18","modified_gmt":"2025-09-04T14:56:18","slug":"selejtezesi-bizottsag","status":"publish","type":"page","link":"https:\/\/semmelweis.hu\/vagyongazdalkodas\/selejtezesi-bizottsag\/","title":{"rendered":"Selejtez\u00e9si Bizotts\u00e1g"},"content":{"rendered":"<div class=\"keretes w-100\">\n<p style=\"text-align: justify;\">Selejtez\u00e9si Bizotts\u00e1g feladata az Egyetemen m\u0171k\u00f6d\u0151 valamennyi szervezeti egys\u00e9g selejtez\u00e9si elj\u00e1r\u00e1s\u00e1nak lefolytat\u00e1sa.<\/p>\n<\/div>\n<h5 style=\"text-align: justify;\">Hat\u00e1sk\u00f6r\u00fcnkbe tartoz\u00f3 szab\u00e1lyzat:<\/h5>\n<ul>\n<li><a href=\"https:\/\/semmelweis.hu\/jogigfoig\/files\/2024\/10\/Selejtezesi_szabalyzat_hataly_2024.XI_.01-tol.pdf\">https:\/\/semmelweis.hu\/jogigfoig\/files\/2024\/10\/Selejtezesi_szabalyzat_hataly_2024.XI_.01-tol.pdf<\/a><\/li>\n<\/ul>\n<h5><span style=\"font-size: 1rem;\">\u0170rlapok:<\/span><\/h5>\n<ul>\n<li>\n<p><a href=\"https:\/\/semmelweis.hu\/vagyongazdalkodas\/files\/2020\/06\/3sz_mell_Selejtez\u00e9si-javaslatszerk.docx\">https:\/\/semmelweis.hu\/vagyongazdalkodas\/files\/2020\/06\/3sz_mell_Selejtez\u00e9si-javaslatszerk.docx<\/a><\/p>\n<\/li>\n<li>\n<p><a href=\"https:\/\/semmelweis.hu\/vagyongazdalkodas\/files\/2020\/06\/4sz_mell_Lemond\u00f3_nyilatkozatszerk_1.docx\">https:\/\/semmelweis.hu\/vagyongazdalkodas\/files\/2020\/06\/4sz_mell_Lemond\u00f3_nyilatkozatszerk_1.docx<\/a><\/p>\n<\/li>\n<\/ul>\n<h5>Munkat\u00e1rsak:<\/h5>\n<ul>\n<li><em><strong>Hegyesin\u00e9 V\u00e1mos Adrienn \u2013 Selejtez\u00e9si koordin\u00e1tor<\/strong><\/em><em><strong><br \/>\n<\/strong><\/em><\/li>\n<li><strong><em>Bak\u00f3 Andr\u00e1s \u2013 <\/em><em>Selejtez\u00e9si munkat\u00e1rs<\/em><\/strong><\/li>\n<li><strong><em>Gere Tam\u00e1s \u2013\u00a0<\/em><em>Selejtez\u00e9si munkat\u00e1rs<\/em><\/strong><\/li>\n<\/ul>\n","protected":false},"excerpt":{"rendered":"<p>Selejtez\u00e9si Bizotts\u00e1g feladata az Egyetemen m\u0171k\u00f6d\u0151 valamennyi szervezeti egys\u00e9g selejtez\u00e9si elj\u00e1r\u00e1s\u00e1nak lefolytat\u00e1sa.<\/p>\n<p>Hat\u00e1sk\u00f6r\u00fcnkbe tartoz\u00f3 szab\u00e1lyzat:<\/p>\n<p><a href=\"https:\/\/semmelweis.hu\/jogigfoig\/files\/2024\/10\/Selejtezesi_szabalyzat_hataly_2024.XI_.01-tol.pdf\">https:\/\/semmelweis.hu\/jogigfoig\/files\/2024\/10\/Selejtezesi_szabalyzat_hataly_2024.XI_.01-tol.pdf<\/a><\/p>\n<p>\u0170rlapok:<\/p>\n<p><a href=\"https:\/\/semmelweis.hu\/vagyongazdalkodas\/files\/2020\/06\/3sz_mell_Selejtez\u00e9si-javaslatszerk.docx\">https:\/\/semmelweis.hu\/vagyongazdalkodas\/files\/2020\/06\/3sz_mell_Selejtez\u00e9si-javaslatszerk.docx<\/a><\/p>\n<p><a href=\"https:\/\/semmelweis.hu\/vagyongazdalkodas\/files\/2020\/06\/4sz_mell_Lemond\u00f3_nyilatkozatszerk_1.docx\">https:\/\/semmelweis.hu\/vagyongazdalkodas\/files\/2020\/06\/4sz_mell_Lemond\u00f3_nyilatkozatszerk_1.docx<\/a><\/p>\n<p>Munkat\u00e1rsak:<\/p>\n<p>Hegyesin\u00e9 V\u00e1mos Adrienn \u2013 Selejtez\u00e9si koordin\u00e1tor<\/p>\n<p>Bak\u00f3 Andr\u00e1s \u2013 Selejtez\u00e9si munkat\u00e1rs<br \/>\nGere Tam\u00e1s \u2013\u00a0Selejtez\u00e9si munkat\u00e1rs<\/p>\n","protected":false},"author":287,"featured_media":0,"parent":0,"menu_order":3,"comment_status":"closed","ping_status":"closed","template":"","meta":{"_acf_changed":false,"footnotes":""},"categories":[],"tags":[],"class_list":["post-90","page","type-page","status-publish","hentry"],"acf":[],"_links":{"self":[{"href":"https:\/\/semmelweis.hu\/vagyongazdalkodas\/wp-json\/wp\/v2\/pages\/90","targetHints":{"allow":["GET"]}}],"collection":[{"href":"https:\/\/semmelweis.hu\/vagyongazdalkodas\/wp-json\/wp\/v2\/pages"}],"about":[{"href":"https:\/\/semmelweis.hu\/vagyongazdalkodas\/wp-json\/wp\/v2\/types\/page"}],"author":[{"embeddable":true,"href":"https:\/\/semmelweis.hu\/vagyongazdalkodas\/wp-json\/wp\/v2\/users\/287"}],"replies":[{"embeddable":true,"href":"https:\/\/semmelweis.hu\/vagyongazdalkodas\/wp-json\/wp\/v2\/comments?post=90"}],"version-history":[{"count":10,"href":"https:\/\/semmelweis.hu\/vagyongazdalkodas\/wp-json\/wp\/v2\/pages\/90\/revisions"}],"predecessor-version":[{"id":2057,"href":"https:\/\/semmelweis.hu\/vagyongazdalkodas\/wp-json\/wp\/v2\/pages\/90\/revisions\/2057"}],"wp:attachment":[{"href":"https:\/\/semmelweis.hu\/vagyongazdalkodas\/wp-json\/wp\/v2\/media?parent=90"}],"wp:term":[{"taxonomy":"category","embeddable":true,"href":"https:\/\/semmelweis.hu\/vagyongazdalkodas\/wp-json\/wp\/v2\/categories?post=90"},{"taxonomy":"post_tag","embeddable":true,"href":"https:\/\/semmelweis.hu\/vagyongazdalkodas\/wp-json\/wp\/v2\/tags?post=90"}],"curies":[{"name":"wp","href":"https:\/\/api.w.org\/{rel}","templated":true}]}}