{"id":842,"date":"2014-09-05T08:58:54","date_gmt":"2014-09-05T06:58:54","guid":{"rendered":"http:\/\/semmelweis.hu\/urologia\/?page_id=842"},"modified":"2023-05-23T11:25:31","modified_gmt":"2023-05-23T09:25:31","slug":"ajanlott-irodalom","status":"publish","type":"page","link":"https:\/\/semmelweis.hu\/urologia\/oktatas\/ajanlott-irodalom\/","title":{"rendered":"Aj\u00e1nlott irodalom"},"content":{"rendered":"<p><strong>Urol\u00f3gia <\/strong><em>szerk. Nyir\u00e1dy P\u00e9ter <\/em>Semmelweis Kiad\u00f3 2019<br \/>\n<strong>Textbook of Urology<\/strong> <em>edited by P\u00e9ter Nyir\u00e1dy<\/em> Semmelweis Publishers 2016<br \/>\n<strong>Campbell-Walsh: Urology<\/strong> 10th edition Elsevier<br \/>\n<strong>Smith and Tanago: General Urology<\/strong> 18th edition<br \/>\n<strong>Hinman&#8217;s Atlas of Urologic Surgery<\/strong>, 3rd edition<br \/>\n<strong>Textbook of Female Urology and Urogynecology<\/strong> 2 vol, 3rd edition 2010<br \/>\n<strong>Inkontinencia<\/strong> &#8211; Diagnosztika, ter\u00e1pia, rehabilit\u00e1ci\u00f3 <em>szerk. Katona F., Hamvas A., Klauber A.<\/em> 2., \u00e1tdolgozott \u00e9s b\u0151v\u00edtett kiad\u00e1s Medicina Kiad\u00f3 2013<\/p>\n<p><strong>E-k\u00f6nyvek:<\/strong> <em>(Let\u00f6lthet\u0151 a Semmelweis Egyetem hallgat\u00f3i r\u00e9sz\u00e9re)<\/em><br \/>\n<a href=\"http:\/\/www.intechopen.com\/books\/clinical-management-of-complicated-urinary-tract-infection\" target=\"_blank\" rel=\"noopener noreferrer\">Clinical Management of Complicated Urinary Tract Infection<\/a><br \/>\nCT Urography: An Atlas<br \/>\n<a href=\"http:\/\/www.intechopen.com\/books\/current-concepts-of-urethroplasty\" target=\"_blank\" rel=\"noopener noreferrer\">Current Concepts of Urethroplasty<\/a><br \/>\n<a href=\"http:\/\/www.intechopen.com\/books\/urinary-incontinence\" target=\"_blank\" rel=\"noopener noreferrer\">Urinary Incontinence<\/a><br \/>\n<a href=\"http:\/\/www.intechopen.com\/books\/urinary-tract-infections\" target=\"_blank\" rel=\"noopener noreferrer\">Urinary Tract Infection<\/a><\/p>\n<p><strong>Hasznos linkek:<\/strong><br \/>\n<a href=\"http:\/\/itc.semmelweis-univ.hu\" target=\"_blank\" rel=\"noopener noreferrer\">http:\/\/itc.semmelweis-univ.hu<\/a><br \/>\n<a href=\"http:\/\/www.uroweb.org\/\" target=\"_blank\" rel=\"noopener noreferrer\">http:\/\/www.uroweb.org\/<\/a><br \/>\n<a href=\"http:\/\/www.urologichistory.museum\/\" target=\"_blank\" rel=\"noopener noreferrer\">http:\/\/www.urologichistory.museum\/<\/a><br \/>\n<a href=\"http:\/\/magyurol.hu\/\" target=\"_blank\" rel=\"noopener noreferrer\">http:\/\/magyurol.hu\/<\/a><\/p>\n<p>&nbsp;<\/p>\n<p>&nbsp;<\/p>\n","protected":false},"excerpt":{"rendered":"<p>Urol\u00f3gia szerk. Nyir\u00e1dy P\u00e9ter Semmelweis Kiad\u00f3 2019 Textbook of Urology edited by P\u00e9ter Nyir\u00e1dy Semmelweis Publishers 2016 Campbell-Walsh: Urology 10th edition Elsevier Smith and Tanago: General Urology 18th edition Hinman&#8217;s Atlas of Urologic Surgery, 3rd edition Textbook of Female Urology and Urogynecology 2 vol, 3rd edition 2010 Inkontinencia &#8211; Diagnosztika, ter\u00e1pia, rehabilit\u00e1ci\u00f3 szerk. Katona F., &hellip;<\/p>\n","protected":false},"author":316,"featured_media":0,"parent":276,"menu_order":8,"comment_status":"open","ping_status":"open","template":"","meta":{"_acf_changed":false,"footnotes":""},"categories":[],"tags":[],"class_list":["post-842","page","type-page","status-publish","hentry"],"acf":[],"_links":{"self":[{"href":"https:\/\/semmelweis.hu\/urologia\/wp-json\/wp\/v2\/pages\/842","targetHints":{"allow":["GET"]}}],"collection":[{"href":"https:\/\/semmelweis.hu\/urologia\/wp-json\/wp\/v2\/pages"}],"about":[{"href":"https:\/\/semmelweis.hu\/urologia\/wp-json\/wp\/v2\/types\/page"}],"author":[{"embeddable":true,"href":"https:\/\/semmelweis.hu\/urologia\/wp-json\/wp\/v2\/users\/316"}],"replies":[{"embeddable":true,"href":"https:\/\/semmelweis.hu\/urologia\/wp-json\/wp\/v2\/comments?post=842"}],"version-history":[{"count":10,"href":"https:\/\/semmelweis.hu\/urologia\/wp-json\/wp\/v2\/pages\/842\/revisions"}],"predecessor-version":[{"id":4358,"href":"https:\/\/semmelweis.hu\/urologia\/wp-json\/wp\/v2\/pages\/842\/revisions\/4358"}],"up":[{"embeddable":true,"href":"https:\/\/semmelweis.hu\/urologia\/wp-json\/wp\/v2\/pages\/276"}],"wp:attachment":[{"href":"https:\/\/semmelweis.hu\/urologia\/wp-json\/wp\/v2\/media?parent=842"}],"wp:term":[{"taxonomy":"category","embeddable":true,"href":"https:\/\/semmelweis.hu\/urologia\/wp-json\/wp\/v2\/categories?post=842"},{"taxonomy":"post_tag","embeddable":true,"href":"https:\/\/semmelweis.hu\/urologia\/wp-json\/wp\/v2\/tags?post=842"}],"curies":[{"name":"wp","href":"https:\/\/api.w.org\/{rel}","templated":true}]}}