{"id":439,"date":"2014-03-12T09:58:15","date_gmt":"2014-03-12T09:58:15","guid":{"rendered":"http:\/\/semmelweis.hu\/urologia\/?page_id=439"},"modified":"2022-05-10T14:32:03","modified_gmt":"2022-05-10T12:32:03","slug":"horvath-andras","status":"publish","type":"page","link":"https:\/\/semmelweis.hu\/urologia\/altalanos-informaciok\/a-klinika-orvosai\/horvath-andras\/","title":{"rendered":"Horv\u00e1th Andr\u00e1s"},"content":{"rendered":"<p><a href=\"https:\/\/semmelweis.hu\/urologia\/files\/2015\/10\/Horv\u00e1th-A-2015.jpg\"><img loading=\"lazy\" decoding=\"async\" class=\"alignright size-medium wp-image-1985\" src=\"https:\/\/semmelweis.hu\/urologia\/files\/2015\/10\/Horv\u00e1th-A-2015-209x300.jpg\" alt=\"Horv\u00e1th A 2015\" width=\"209\" height=\"300\" srcset=\"https:\/\/semmelweis.hu\/urologia\/files\/2015\/10\/Horv\u00e1th-A-2015-209x300.jpg 209w, https:\/\/semmelweis.hu\/urologia\/files\/2015\/10\/Horv\u00e1th-A-2015-714x1024.jpg 714w\" sizes=\"auto, (max-width: 209px) 100vw, 209px\" \/><\/a>1976-ban sz\u00fcletett Budapesten, \u00e9s a budapesti Fazekas Mih\u00e1ly Gyakorl\u00f3 Gimn\u00e1ziumban 1994-ben \u00e9retts\u00e9gizett. \u00c1ltal\u00e1nos orvosdoktori diplom\u00e1t a Semmelweis Orvostudom\u00e1nyi Egyetemen 2000-ben szerzett. 2000-2002 Semmelweis Egyetem belgy\u00f3gy\u00e1szati k\u00f6zponti gyakornoki k\u00e9pz\u00e9s\u00e9t v\u00e9gezte. 2002 \u00f3ta a Semmelweis Egyetem Urol\u00f3giai Klinik\u00e1j\u00e1n dolgozik.<\/p>\n<p><strong>Beoszt\u00e1sa:<\/strong> egyetemi adjunktus<\/p>\n<p><strong>Szakk\u00e9pes\u00edt\u00e9se:<\/strong> Urol\u00f3gia (2008)<br \/>\nFellow of the European Board of Urology (FEBU) (2007)<br \/>\nOnkol\u00f3gia (2015)<\/p>\n<p><strong>Nyelvtud\u00e1s: <\/strong>angol, orosz<\/p>\n<p><strong>Tudom\u00e1nyos fokozat: <\/strong>MD (2011) University of Surrey, Ph.D. (2012) Semmelweis Egyetem<\/p>\n<p><strong>K\u00fclf\u00f6ldi tanulm\u00e1nyutak: <\/strong><br \/>\n2008-2009: Guildford, Anglia, University of Surrey, kutat\u00e1si \u00f6szt\u00f6nd\u00edj<br \/>\n2008-2009: Basingstoke, Anglia, Basingstoke and North Hampshire Hospital, Department of Urology, Specialist Registrar<br \/>\n2008: Guildford, Anglia, Royal Surrey County Hospital, Department of Urology, Locum Specialist Registrar<\/p>\n<p><strong>Publik\u00e1ci\u00f3s lista:<\/strong><br \/>\n<a href=\"https:\/\/vm.mtmt.hu\/search\/slist.php?AuthorID=10024669&amp;pr_on=1\" target=\"_blank\" rel=\"noopener\">Aktualiz\u00e1lt lista nyomtathat\u00f3 form\u00e1tumban let\u00f6lthet\u0151<\/a><\/p>\n<p><strong>Tudom\u00e1nyos t\u00e1rsas\u00e1gi tags\u00e1g: <\/strong><br \/>\nMagyar Urol\u00f3gus T\u00e1rsas\u00e1g<br \/>\nMagyar Uroonkol\u00f3gus T\u00e1rsas\u00e1g<br \/>\nEur\u00f3pai Urol\u00f3gus T\u00e1rsas\u00e1g<\/p>\n<p><strong>Tudom\u00e1nyos \u00e9rdekl\u0151d\u00e9s: <\/strong><br \/>\nPercutan \u00e9s h\u00fagycs\u00f6v\u00f6n kereszt\u00fcli k\u0151seb\u00e9szet<br \/>\nH\u00fagy\u00fati k\u00f6vek l\u00f6k\u00e9shull\u00e1m-kezel\u00e9se<br \/>\nUroonkol\u00f3gia<br \/>\nFel\u00fcletes h\u00f3lyagdaganatok vir\u00e1lis g\u00e9nter\u00e1pi\u00e1val t\u00f6rt\u00e9n\u0151 kezel\u00e9se<\/p>\n<p><strong>D\u00edjak: <\/strong><br \/>\n2009 Eur\u00f3pai Urol\u00f3gus Kongresszus &#8211; legjobb poszter d\u00edj<br \/>\n2010 F\u00fcv\u00e9szkerti Urol\u00f3gus Napok &#8211; legjobb poszter d\u00edj<br \/>\n2010 ESU-Weill Cornell Masterclass in Urology &#8211; el\u0151ad\u00e1s m\u00e1sodik d\u00edj<br \/>\n2011 K\u00f6z\u00e9p-eur\u00f3pai Kongresszus &#8211; poszter m\u00e1sodik d\u00edj<br \/>\n2011 Babics Antal d\u00edj<br \/>\n2016 Semmelweis Egyetem \u00c1OK Oktat\u00f3i Merit D\u00edj<\/p>\n<p>&nbsp;<\/p>\n<p><strong>Publik\u00e1ci\u00f3s adatok: <\/strong><br \/>\nK\u00f6zlem\u00e9nyek sz\u00e1ma: 14<br \/>\nHazai foly\u00f3iratokban megjelent k\u00f6zlem\u00e9nyek sz\u00e1ma: 8<br \/>\nNemzetk\u00f6zi foly\u00f3iratokban megjelent k\u00f6zlem\u00e9nyeknek sz\u00e1ma: 6<br \/>\nImpakt faktoros k\u00f6zlem\u00e9nyek sz\u00e1ma: 3<br \/>\n\u00d6sszes\u00edtett impakt faktor: 8,409<br \/>\nK\u00f6nyvfejezetek: 1<\/p>\n","protected":false},"excerpt":{"rendered":"<p><a href=\"https:\/\/semmelweis.hu\/urologia\/files\/2015\/10\/Horv\u00e1th-A-2015.jpg\"><\/a> 1976-ban sz\u00fcletett Budapesten, \u00e9s a budapesti Fazekas Mih\u00e1ly Gyakorl\u00f3 Gimn\u00e1ziumban 1994-ben \u00e9retts\u00e9gizett. \u00c1ltal\u00e1nos orvosdoktori diplom\u00e1t a Semmelweis Orvostudom\u00e1nyi Egyetemen 2000-ben szerzett. 2000-2002 Semmelweis Egyetem belgy\u00f3gy\u00e1szati k\u00f6zponti gyakornoki k\u00e9pz\u00e9s\u00e9t v\u00e9gezte. 2002 \u00f3ta a Semmelweis Egyetem Urol\u00f3giai Klinik\u00e1j\u00e1n dolgozik. Beoszt\u00e1sa: egyetemi adjunktus Szakk\u00e9pes\u00edt\u00e9se: Urol\u00f3gia (2008) Fellow of the European Board of Urology (FEBU) (2007) Onkol\u00f3gia (2015) Nyelvtud\u00e1s: &hellip;<\/p>\n","protected":false},"author":316,"featured_media":0,"parent":333,"menu_order":0,"comment_status":"open","ping_status":"open","template":"onecolumn-page.php","meta":{"_acf_changed":false,"footnotes":""},"categories":[],"tags":[],"class_list":["post-439","page","type-page","status-publish","hentry"],"acf":[],"_links":{"self":[{"href":"https:\/\/semmelweis.hu\/urologia\/wp-json\/wp\/v2\/pages\/439","targetHints":{"allow":["GET"]}}],"collection":[{"href":"https:\/\/semmelweis.hu\/urologia\/wp-json\/wp\/v2\/pages"}],"about":[{"href":"https:\/\/semmelweis.hu\/urologia\/wp-json\/wp\/v2\/types\/page"}],"author":[{"embeddable":true,"href":"https:\/\/semmelweis.hu\/urologia\/wp-json\/wp\/v2\/users\/316"}],"replies":[{"embeddable":true,"href":"https:\/\/semmelweis.hu\/urologia\/wp-json\/wp\/v2\/comments?post=439"}],"version-history":[{"count":10,"href":"https:\/\/semmelweis.hu\/urologia\/wp-json\/wp\/v2\/pages\/439\/revisions"}],"predecessor-version":[{"id":3097,"href":"https:\/\/semmelweis.hu\/urologia\/wp-json\/wp\/v2\/pages\/439\/revisions\/3097"}],"up":[{"embeddable":true,"href":"https:\/\/semmelweis.hu\/urologia\/wp-json\/wp\/v2\/pages\/333"}],"wp:attachment":[{"href":"https:\/\/semmelweis.hu\/urologia\/wp-json\/wp\/v2\/media?parent=439"}],"wp:term":[{"taxonomy":"category","embeddable":true,"href":"https:\/\/semmelweis.hu\/urologia\/wp-json\/wp\/v2\/categories?post=439"},{"taxonomy":"post_tag","embeddable":true,"href":"https:\/\/semmelweis.hu\/urologia\/wp-json\/wp\/v2\/tags?post=439"}],"curies":[{"name":"wp","href":"https:\/\/api.w.org\/{rel}","templated":true}]}}