{"id":404,"date":"2014-03-11T13:36:31","date_gmt":"2014-03-11T13:36:31","guid":{"rendered":"http:\/\/semmelweis.hu\/urologia\/?page_id=404"},"modified":"2022-05-10T14:32:02","modified_gmt":"2022-05-10T12:32:02","slug":"hamvas-antal","status":"publish","type":"page","link":"https:\/\/semmelweis.hu\/urologia\/altalanos-informaciok\/a-klinika-orvosai\/hamvas-antal\/","title":{"rendered":"Hamvas Antal"},"content":{"rendered":"<p><a href=\"https:\/\/semmelweis.hu\/urologia\/files\/2015\/07\/HamvasA.jpg\"><img loading=\"lazy\" decoding=\"async\" class=\"alignright size-medium wp-image-1681\" src=\"https:\/\/semmelweis.hu\/urologia\/files\/2015\/07\/HamvasA-200x300.jpg\" alt=\"HamvasA\" width=\"200\" height=\"300\" srcset=\"https:\/\/semmelweis.hu\/urologia\/files\/2015\/07\/HamvasA-200x300.jpg 200w, https:\/\/semmelweis.hu\/urologia\/files\/2015\/07\/HamvasA-683x1024.jpg 683w, https:\/\/semmelweis.hu\/urologia\/files\/2015\/07\/HamvasA.jpg 800w\" sizes=\"auto, (max-width: 200px) 100vw, 200px\" \/><\/a>1943-ban sz\u00fcletett Budafokon, \u00e9s a Budai Nagy Antal Gimn\u00e1ziumban 1962-ben \u00e9retts\u00e9gizett. \u00c1ltal\u00e1nos orvosdoktori diplom\u00e1t a Semmelweis Orvostudom\u00e1nyi Egyetemen 1969-ben szerzett. 1969 \u00f3ta a SE Urol\u00f3giai Klinik\u00e1j\u00e1n dolgozik.<\/p>\n<p><strong>Szakk\u00e9pes\u00edt\u00e9sei:<\/strong> urol\u00f3gia (1973), nephrol\u00f3gia (1985)<br \/>\n<strong>Nyelvtud\u00e1s:<\/strong> angol, n\u00e9met<br \/>\n<strong>Tudom\u00e1nyos fokozat:<\/strong> orvostudom\u00e1nyok kandid\u00e1tusa (1995)<br \/>\n<strong>K\u00fclf\u00f6ldi tanulm\u00e1nyutak:<\/strong><br \/>\n1978. &#8211; 2 h\u00e9t J\u00e9nai Orvostudom\u00e1nyi Egyetem Urol\u00f3giai Klinik\u00e1j\u00e1n<br \/>\n1981. &#8211; 3 h\u00f3nap B\u00e9csi Orvostudom\u00e1nyi Egyetem Urol\u00f3giai Klinik\u00e1j\u00e1n<br \/>\n1984. &#8211; 1 h\u00e9t Stockholm, Karolinska Egyetem Urol\u00f3giai Oszt\u00e1ly\u00e1n<br \/>\n<strong>Publik\u00e1ci\u00f3s lista:<\/strong><br \/>\n<a href=\"https:\/\/vm.mtmt.hu\/search\/slist.php?AuthorID=10026941&amp;pr_on=1\" target=\"_blank\" rel=\"noopener\">Aktualiz\u00e1lt lista nyomtathat\u00f3 form\u00e1tumban let\u00f6lthet\u0151<\/a><br \/>\n<strong>Tudom\u00e1nyos t\u00e1rsas\u00e1gi tags\u00e1g:<\/strong><br \/>\nMagyar Urol\u00f3gus T\u00e1rsas\u00e1g<br \/>\nEur\u00f3pai Urol\u00f3gus T\u00e1rsas\u00e1g<br \/>\nMagyar N\u0151orvos T\u00e1rsas\u00e1g Gynecourol\u00f3giai szekci\u00f3<br \/>\nMagyar Kontinencia T\u00e1rsas\u00e1g titk\u00e1ra<br \/>\n<strong>Tudom\u00e1nyos \u00e9rdekl\u0151d\u00e9s:<\/strong> vizelettart\u00e1si \u00e9s -\u00fcr\u00edt\u00e9si zavarok kivizsg\u00e1l\u00e1sa \u00e9s m\u0171t\u00e9tei, urogynecologia, vesedaganatok, prosztatabetegs\u00e9gek kivizsg\u00e1l\u00e1sa \u00e9s m\u0171t\u00e9tei<br \/>\n<strong>Kit\u00fcntet\u00e9s<\/strong><br \/>\nE\u00f6tv\u00f6s J\u00f3zsef-d\u00edj<br \/>\nBatthy\u00e1nyi-Strattmann-d\u00edj<br \/>\nAntal G\u00e9za-plakett<\/p>\n<p>&nbsp;<\/p>\n<p>&nbsp;<\/p>\n","protected":false},"excerpt":{"rendered":"<p><a href=\"https:\/\/semmelweis.hu\/urologia\/files\/2015\/07\/HamvasA.jpg\"><\/a> 1943-ban sz\u00fcletett Budafokon, \u00e9s a Budai Nagy Antal Gimn\u00e1ziumban 1962-ben \u00e9retts\u00e9gizett. \u00c1ltal\u00e1nos orvosdoktori diplom\u00e1t a Semmelweis Orvostudom\u00e1nyi Egyetemen 1969-ben szerzett. 1969 \u00f3ta a SE Urol\u00f3giai Klinik\u00e1j\u00e1n dolgozik. Szakk\u00e9pes\u00edt\u00e9sei: urol\u00f3gia (1973), nephrol\u00f3gia (1985) Nyelvtud\u00e1s: angol, n\u00e9met Tudom\u00e1nyos fokozat: orvostudom\u00e1nyok kandid\u00e1tusa (1995) K\u00fclf\u00f6ldi tanulm\u00e1nyutak: 1978. &#8211; 2 h\u00e9t J\u00e9nai Orvostudom\u00e1nyi Egyetem Urol\u00f3giai Klinik\u00e1j\u00e1n 1981. &#8211; 3 h\u00f3nap &hellip;<\/p>\n","protected":false},"author":316,"featured_media":0,"parent":333,"menu_order":0,"comment_status":"open","ping_status":"open","template":"onecolumn-page.php","meta":{"_acf_changed":false,"footnotes":""},"categories":[],"tags":[],"class_list":["post-404","page","type-page","status-publish","hentry"],"acf":[],"_links":{"self":[{"href":"https:\/\/semmelweis.hu\/urologia\/wp-json\/wp\/v2\/pages\/404","targetHints":{"allow":["GET"]}}],"collection":[{"href":"https:\/\/semmelweis.hu\/urologia\/wp-json\/wp\/v2\/pages"}],"about":[{"href":"https:\/\/semmelweis.hu\/urologia\/wp-json\/wp\/v2\/types\/page"}],"author":[{"embeddable":true,"href":"https:\/\/semmelweis.hu\/urologia\/wp-json\/wp\/v2\/users\/316"}],"replies":[{"embeddable":true,"href":"https:\/\/semmelweis.hu\/urologia\/wp-json\/wp\/v2\/comments?post=404"}],"version-history":[{"count":10,"href":"https:\/\/semmelweis.hu\/urologia\/wp-json\/wp\/v2\/pages\/404\/revisions"}],"predecessor-version":[{"id":3114,"href":"https:\/\/semmelweis.hu\/urologia\/wp-json\/wp\/v2\/pages\/404\/revisions\/3114"}],"up":[{"embeddable":true,"href":"https:\/\/semmelweis.hu\/urologia\/wp-json\/wp\/v2\/pages\/333"}],"wp:attachment":[{"href":"https:\/\/semmelweis.hu\/urologia\/wp-json\/wp\/v2\/media?parent=404"}],"wp:term":[{"taxonomy":"category","embeddable":true,"href":"https:\/\/semmelweis.hu\/urologia\/wp-json\/wp\/v2\/categories?post=404"},{"taxonomy":"post_tag","embeddable":true,"href":"https:\/\/semmelweis.hu\/urologia\/wp-json\/wp\/v2\/tags?post=404"}],"curies":[{"name":"wp","href":"https:\/\/api.w.org\/{rel}","templated":true}]}}