{"id":376,"date":"2014-03-11T12:28:28","date_gmt":"2014-03-11T11:28:28","guid":{"rendered":"http:\/\/semmelweis.hu\/urologia\/?page_id=376"},"modified":"2023-05-23T13:51:59","modified_gmt":"2023-05-23T11:51:59","slug":"urodinamika","status":"publish","type":"page","link":"https:\/\/semmelweis.hu\/urologia\/kutatasi-teruletek\/urodinamika\/","title":{"rendered":"Urodinamika"},"content":{"rendered":"<p><strong>TUKEB enged\u00e9ly alapj\u00e1n jelenleg foly\u00f3 vizsg\u00e1latok:<\/strong><\/p>\n<ul style=\"list-style-type: square;\">\n<li>N\u0151i \u00e9s f\u00e9rfi vizeletinkontinencia miatt v\u00e9gzett m\u0171t\u00e9tek eredm\u00e9nyess\u00e9g\u00e9nek \u00e9s sz\u00f6v\u0151dm\u00e9nyeinek vizsg\u00e1lata<\/li>\n<li>Urogenitalis prolapsusok etiol\u00f3gi\u00e1j\u00e1nak, konzervat\u00edv \u00e9s m\u0171t\u00e9ti kezel\u00e9s\u00e9nek vizsg\u00e1lata<\/li>\n<li>Prosztata art\u00e9ria embolisatio vizelet\u00fcr\u00edt\u00e9sre gyakorolt hat\u00e1s\u00e1nak vizsg\u00e1lata<\/li>\n<li>A BPH seb\u00e9szi kezel\u00e9s eredm\u00e9nyess\u00e9g\u00e9nek vizsg\u00e1lata<\/li>\n<li>Sclerosis Muliplexes betegek vizelettart\u00e1si \u00e9s \u00fcr\u00edt\u00e9si panaszainak felm\u00e9r\u00e9se<\/li>\n<\/ul>\n<p><strong>Tervezett vizsg\u00e1lat:<\/strong><\/p>\n<p>Az urogenitalis prolapsusok m\u0171t\u00e9ti kezel\u00e9sben alkalmazott implant\u00e1tumokkal kapcsolatos sz\u00f6v\u0151dm\u00e9nyek felm\u00e9r\u00e9se, komplik\u00e1ci\u00f3kra hajlamos rizik\u00f3faltorok vizsg\u00e1lata<\/p>\n","protected":false},"excerpt":{"rendered":"<p>TUKEB enged\u00e9ly alapj\u00e1n jelenleg foly\u00f3 vizsg\u00e1latok: N\u0151i \u00e9s f\u00e9rfi vizeletinkontinencia miatt v\u00e9gzett m\u0171t\u00e9tek eredm\u00e9nyess\u00e9g\u00e9nek \u00e9s sz\u00f6v\u0151dm\u00e9nyeinek vizsg\u00e1lata Urogenitalis prolapsusok etiol\u00f3gi\u00e1j\u00e1nak, konzervat\u00edv \u00e9s m\u0171t\u00e9ti kezel\u00e9s\u00e9nek vizsg\u00e1lata Prosztata art\u00e9ria embolisatio vizelet\u00fcr\u00edt\u00e9sre gyakorolt hat\u00e1s\u00e1nak vizsg\u00e1lata A BPH seb\u00e9szi kezel\u00e9s eredm\u00e9nyess\u00e9g\u00e9nek vizsg\u00e1lata Sclerosis Muliplexes betegek vizelettart\u00e1si \u00e9s \u00fcr\u00edt\u00e9si panaszainak felm\u00e9r\u00e9se Tervezett vizsg\u00e1lat: Az urogenitalis prolapsusok m\u0171t\u00e9ti kezel\u00e9sben alkalmazott implant\u00e1tumokkal &hellip;<\/p>\n","protected":false},"author":316,"featured_media":0,"parent":13,"menu_order":3,"comment_status":"open","ping_status":"closed","template":"","meta":{"_acf_changed":false,"footnotes":""},"categories":[],"tags":[],"class_list":["post-376","page","type-page","status-publish","hentry"],"acf":[],"_links":{"self":[{"href":"https:\/\/semmelweis.hu\/urologia\/wp-json\/wp\/v2\/pages\/376","targetHints":{"allow":["GET"]}}],"collection":[{"href":"https:\/\/semmelweis.hu\/urologia\/wp-json\/wp\/v2\/pages"}],"about":[{"href":"https:\/\/semmelweis.hu\/urologia\/wp-json\/wp\/v2\/types\/page"}],"author":[{"embeddable":true,"href":"https:\/\/semmelweis.hu\/urologia\/wp-json\/wp\/v2\/users\/316"}],"replies":[{"embeddable":true,"href":"https:\/\/semmelweis.hu\/urologia\/wp-json\/wp\/v2\/comments?post=376"}],"version-history":[{"count":4,"href":"https:\/\/semmelweis.hu\/urologia\/wp-json\/wp\/v2\/pages\/376\/revisions"}],"predecessor-version":[{"id":4374,"href":"https:\/\/semmelweis.hu\/urologia\/wp-json\/wp\/v2\/pages\/376\/revisions\/4374"}],"up":[{"embeddable":true,"href":"https:\/\/semmelweis.hu\/urologia\/wp-json\/wp\/v2\/pages\/13"}],"wp:attachment":[{"href":"https:\/\/semmelweis.hu\/urologia\/wp-json\/wp\/v2\/media?parent=376"}],"wp:term":[{"taxonomy":"category","embeddable":true,"href":"https:\/\/semmelweis.hu\/urologia\/wp-json\/wp\/v2\/categories?post=376"},{"taxonomy":"post_tag","embeddable":true,"href":"https:\/\/semmelweis.hu\/urologia\/wp-json\/wp\/v2\/tags?post=376"}],"curies":[{"name":"wp","href":"https:\/\/api.w.org\/{rel}","templated":true}]}}