{"id":372,"date":"2014-03-11T12:26:26","date_gmt":"2014-03-11T11:26:26","guid":{"rendered":"http:\/\/semmelweis.hu\/urologia\/?page_id=372"},"modified":"2023-05-23T13:43:17","modified_gmt":"2023-05-23T11:43:17","slug":"uro-onkologia","status":"publish","type":"page","link":"https:\/\/semmelweis.hu\/urologia\/kutatasi-teruletek\/uro-onkologia\/","title":{"rendered":"Uroonkol\u00f3gia"},"content":{"rendered":"<div>\n<p style=\"text-align: left\">Az Urol\u00f3giai Klinika kiemelt figyelmet szentel az uroonkol\u00f3giai kutat\u00e1snak, melyen bel\u00fcl els\u0151sorban a prosztata \u00e9s a h\u00fagyh\u00f3lyag daganatainak molekul\u00e1ris saj\u00e1ts\u00e1gainak ter\u00e1pi\u00e1s jelent\u0151s\u00e9g\u00e9re koncentr\u00e1lunk. Ennek a tev\u00e9kenys\u00e9gnek a h\u00e1tter\u00e9t a Transzl\u00e1ci\u00f3s Uroonkol\u00f3gia Kutat\u00f3laborat\u00f3rium adja, melyben mind biol\u00f3gusok \u00e9s orvosok \u00e9s TDK hallgat\u00f3k k\u00f6z\u00f6sen dolgoznak az egyes ter\u00fcleteken. A felhaszn\u00e1lt m\u00f3dszerek a klinikai mint\u00e1kon (sz\u00f6vet, v\u00e9r, vizelet, sz\u00e9klet) v\u00e9gzett anal\u00edzisekt\u0151l, az <em>in vitro<\/em> sejtkult\u00far\u00e1s k\u00eds\u00e9rleteken kereszt\u00fcl, az adatokon v\u00e9gzett kutat\u00e1sokig tart. Az alkalmazott m\u00f3dszerek k\u00f6z\u00f6tt az \u00faj-gener\u00e1ci\u00f3s DNS, RNS szekven\u00e1l\u00e1s, immunhisztok\u00e9mia, Western blot, RT-qPCR, NanoString anal\u00edzis mellett proteomikai t\u00f6megspektroszk\u00f3pi\u00e1s m\u00e9r\u00e9sek \u00e9s organoid vizsg\u00e1latok is szerepelnek. A klinikai mint\u00e1kon foly\u00f3 kutat\u00e1sokhoz szil\u00e1rd alapot biztos\u00edt az a minta- \u00e9s adatbank, melynek \u00e9p\u00edt\u00e9se a sz\u00fcks\u00e9ges etikai enged\u00e9lyek birtok\u00e1ban \u00e9vek \u00f3ta folyamatosan zajlik. A legt\u00f6bb kutat\u00e1s hazai \u00e9s nemzetk\u00f6zi kooper\u00e1ci\u00f3 keretein bel\u00fcl val\u00f3sul meg. \u00a0<\/p>\n<p style=\"text-align: left\"><strong><u>F<\/u><\/strong><strong><u>\u0151bb kutat\u00e1si ter\u00fcletek:<\/u><\/strong><\/p>\n<p style=\"text-align: left\"><em>1) Prosztatar\u00e1k<br \/>\n<\/em>Ez a kutat\u00e1s az el\u0151rehaladott prosztatar\u00e1k egyes szerekkel (DOC, ABI, ENZA, PARPi) szembeni rezisztencia mechanizmusainak meg\u00e9rt\u00e9s\u00e9t \u00e9s DNS, RNS valamint feh\u00e9rje markereinek azonos\u00edt\u00e1s\u00e1t c\u00e9lozza, melyhez ter\u00e1pia \u00e9rz\u00e9keny \u00e9s rezisztens sejtvonalakat valamint a az adott kezel\u00e9snek al\u00e1vetett betegek sz\u00e9rum mint\u00e1it haszn\u00e1ljuk fel.<\/p>\n<p style=\"text-align: left\"><em><img loading=\"lazy\" decoding=\"async\" class=\"aligncenter size-medium wp-image-4185\" src=\"https:\/\/semmelweis.hu\/urologia\/files\/2022\/09\/Csizmarik-400x260.png\" alt=\"\" width=\"400\" height=\"260\" srcset=\"https:\/\/semmelweis.hu\/urologia\/files\/2022\/09\/Csizmarik-400x260.png 400w, https:\/\/semmelweis.hu\/urologia\/files\/2022\/09\/Csizmarik-768x499.png 768w, https:\/\/semmelweis.hu\/urologia\/files\/2022\/09\/Csizmarik-462x300.png 462w, https:\/\/semmelweis.hu\/urologia\/files\/2022\/09\/Csizmarik.png 941w\" sizes=\"auto, (max-width: 400px) 100vw, 400px\" \/>\u00a0 \u00a0 \u00a0 \u00a0 \u00a0 \u00a0 \u00a0 \u00a0 \u00a0 \u00a0 \u00a0 \u00a0 \u00a0 \u00a0 \u00a0 \u00a0 \u00a0 \u00a0 \u00a0 \u00a0 \u00a0 \u00a0 \u00a0 \u00a0 \u00a0 \u00a0 \u00a0Csizmarik et al. Int J Cancer 2022<\/em><\/p>\n<p style=\"text-align: left\"><em>2) H\u00fagyh\u00f3lyagr\u00e1k<br \/>\n<\/em>Az el\u0151rehaladott h\u00fagyh\u00f3lyagdaganat sziszt\u00e9m\u00e1s kezel\u00e9si lehet\u0151s\u00e9gei gyors \u00fctemben b\u0151v\u00fcltek, \u00edgy ugyanazon betegcsoport sz\u00e1m\u00e1ra t\u00f6bb, k\u00fcl\u00f6nb\u00f6z\u0151 gy\u00f3gyszer is el\u00e9rhet\u0151v\u00e9 v\u00e1lt egyre komplexebb\u00e9 t\u00e9ve a ter\u00e1pi\u00e1s d\u00f6nt\u00e9shozatalt. Kutat\u00e1saink a daganatok molekul\u00e1ris h\u00e1tter\u00e9nek vizsg\u00e1lat\u00e1val keresnek t\u00e1mpontokat az adott beteg sz\u00e1m\u00e1ra legide\u00e1lisabb kezel\u00e9s kiv\u00e1laszt\u00e1sa \u00e9rdek\u00e9ben.<\/p>\n<p style=\"text-align: left\"><img loading=\"lazy\" decoding=\"async\" class=\"aligncenter size-medium wp-image-4182\" src=\"https:\/\/semmelweis.hu\/urologia\/files\/2022\/09\/Molekularis-vizsgalat-Klinikai-adatgyujtes-400x246.jpg\" alt=\"\" width=\"400\" height=\"246\" srcset=\"https:\/\/semmelweis.hu\/urologia\/files\/2022\/09\/Molekularis-vizsgalat-Klinikai-adatgyujtes-400x246.jpg 400w, https:\/\/semmelweis.hu\/urologia\/files\/2022\/09\/Molekularis-vizsgalat-Klinikai-adatgyujtes-768x473.jpg 768w, https:\/\/semmelweis.hu\/urologia\/files\/2022\/09\/Molekularis-vizsgalat-Klinikai-adatgyujtes-487x300.jpg 487w, https:\/\/semmelweis.hu\/urologia\/files\/2022\/09\/Molekularis-vizsgalat-Klinikai-adatgyujtes.jpg 857w\" sizes=\"auto, (max-width: 400px) 100vw, 400px\" \/><\/p>\n<p style=\"text-align: left\"><em>\u00a0<\/em><em>3) Urachus carcinoma<\/em><\/p>\n<p style=\"text-align: left\">Az urachus carcinoma, egy ritka \u00e9s igen agressz\u00edv betegs\u00e9g, melynek gy\u00f3gyszeres kezel\u00e9s\u00e9re nem l\u00e9teznek megalapozott ir\u00e1nyvonalak. \u00ccgy ezeknek a betegeknek a kezel\u00e9s\u00e9ben a c\u00e9lzott &#8211; az adott daganat saj\u00e1ts\u00e1gaira specifikus &#8211; ter\u00e1pi\u00e1k alkalmaz\u00e1sa el\u0151t\u00e9rbe ker\u00fcl. Vizsg\u00e1lataink egy sz\u00e9les nemzetk\u00f6zi egy\u00fcttm\u0171k\u00f6d\u00e9s keret\u00e9ben az urachus carcinoma eddig m\u00e9g kev\u00e9ss\u00e9 ismert molekul\u00e1ris h\u00e1tter\u00e9nek felt\u00e9rk\u00e9pez\u00e9s\u00e9re ir\u00e1nyulnak, melyek seg\u00edtenek a megfelel\u0151 kezel\u00e9s kiv\u00e1laszt\u00e1s\u00e1ban \u00e9s elvezethetnek a daganat kialakul\u00e1s\u00e1\u00e9rt felel\u0151s elt\u00e9r\u00e9sek azonos\u00edt\u00e1s\u00e1hoz. Ezzel p\u00e1rhuzamosan oganoid \u00e9s <em>in vivo<\/em> PDTX eg\u00e9r modellekben is vizsg\u00e1ljuk a betegekb\u0151l elt\u00e1vol\u00edtott sz\u00f6vetek gy\u00f3gyszer\u00e9rz\u00e9kenys\u00e9g\u00e9t \u00e9s ennek eredm\u00e9nyeit el\u00e9rhet\u0151v\u00e9 tessz\u00fck a kezel\u0151orvosok sz\u00e1m\u00e1ra.<\/p>\n<p style=\"text-align: left\"><img loading=\"lazy\" decoding=\"async\" class=\"aligncenter size-medium wp-image-4181\" src=\"https:\/\/semmelweis.hu\/urologia\/files\/2022\/09\/Klinikai-interpretacio-400x71.jpg\" alt=\"\" width=\"400\" height=\"71\" srcset=\"https:\/\/semmelweis.hu\/urologia\/files\/2022\/09\/Klinikai-interpretacio-400x71.jpg 400w, https:\/\/semmelweis.hu\/urologia\/files\/2022\/09\/Klinikai-interpretacio-1024x181.jpg 1024w, https:\/\/semmelweis.hu\/urologia\/files\/2022\/09\/Klinikai-interpretacio-768x136.jpg 768w, https:\/\/semmelweis.hu\/urologia\/files\/2022\/09\/Klinikai-interpretacio-580x103.jpg 580w, https:\/\/semmelweis.hu\/urologia\/files\/2022\/09\/Klinikai-interpretacio-1536x272.jpg 1536w, https:\/\/semmelweis.hu\/urologia\/files\/2022\/09\/Klinikai-interpretacio.jpg 1684w\" sizes=\"auto, (max-width: 400px) 100vw, 400px\" \/><\/p>\n<\/div>\n<div style=\"text-align: justify\">\n<div class=\"elementToProof\" style=\"text-align: left\">K\u00e9rd\u00e9seket, \u00e9szrev\u00e9teleket valamint TDK \u00e9s PhD hallgat\u00f3k \u00e9rdekl\u00f6d\u00e9s\u00e9t az al\u00e1bbi e-mail c\u00edmen v\u00e1rjuk:<\/div>\n<div class=\"elementToProof\" style=\"text-align: left\">szarvas.tibor@semmelweis.hu<\/div>\n<\/div>\n","protected":false},"excerpt":{"rendered":"<p>Az Urol\u00f3giai Klinika kiemelt figyelmet szentel az uroonkol\u00f3giai kutat\u00e1snak, melyen bel\u00fcl els\u0151sorban a prosztata \u00e9s a h\u00fagyh\u00f3lyag daganatainak molekul\u00e1ris saj\u00e1ts\u00e1gainak ter\u00e1pi\u00e1s jelent\u0151s\u00e9g\u00e9re koncentr\u00e1lunk. Ennek a tev\u00e9kenys\u00e9gnek a h\u00e1tter\u00e9t a Transzl\u00e1ci\u00f3s Uroonkol\u00f3gia Kutat\u00f3laborat\u00f3rium adja, melyben mind biol\u00f3gusok \u00e9s orvosok \u00e9s TDK hallgat\u00f3k k\u00f6z\u00f6sen dolgoznak az egyes ter\u00fcleteken. A felhaszn\u00e1lt m\u00f3dszerek a klinikai mint\u00e1kon (sz\u00f6vet, v\u00e9r, vizelet, &hellip;<\/p>\n","protected":false},"author":316,"featured_media":0,"parent":13,"menu_order":0,"comment_status":"open","ping_status":"closed","template":"","meta":{"_acf_changed":false,"footnotes":""},"categories":[],"tags":[],"class_list":["post-372","page","type-page","status-publish","hentry"],"acf":[],"_links":{"self":[{"href":"https:\/\/semmelweis.hu\/urologia\/wp-json\/wp\/v2\/pages\/372","targetHints":{"allow":["GET"]}}],"collection":[{"href":"https:\/\/semmelweis.hu\/urologia\/wp-json\/wp\/v2\/pages"}],"about":[{"href":"https:\/\/semmelweis.hu\/urologia\/wp-json\/wp\/v2\/types\/page"}],"author":[{"embeddable":true,"href":"https:\/\/semmelweis.hu\/urologia\/wp-json\/wp\/v2\/users\/316"}],"replies":[{"embeddable":true,"href":"https:\/\/semmelweis.hu\/urologia\/wp-json\/wp\/v2\/comments?post=372"}],"version-history":[{"count":11,"href":"https:\/\/semmelweis.hu\/urologia\/wp-json\/wp\/v2\/pages\/372\/revisions"}],"predecessor-version":[{"id":4319,"href":"https:\/\/semmelweis.hu\/urologia\/wp-json\/wp\/v2\/pages\/372\/revisions\/4319"}],"up":[{"embeddable":true,"href":"https:\/\/semmelweis.hu\/urologia\/wp-json\/wp\/v2\/pages\/13"}],"wp:attachment":[{"href":"https:\/\/semmelweis.hu\/urologia\/wp-json\/wp\/v2\/media?parent=372"}],"wp:term":[{"taxonomy":"category","embeddable":true,"href":"https:\/\/semmelweis.hu\/urologia\/wp-json\/wp\/v2\/categories?post=372"},{"taxonomy":"post_tag","embeddable":true,"href":"https:\/\/semmelweis.hu\/urologia\/wp-json\/wp\/v2\/tags?post=372"}],"curies":[{"name":"wp","href":"https:\/\/api.w.org\/{rel}","templated":true}]}}