{"id":362,"date":"2014-03-11T12:18:09","date_gmt":"2014-03-11T11:18:09","guid":{"rendered":"http:\/\/semmelweis.hu\/urologia\/?page_id=362"},"modified":"2023-05-23T13:51:53","modified_gmt":"2023-05-23T11:51:53","slug":"andrologiaicentrum","status":"publish","type":"page","link":"https:\/\/semmelweis.hu\/urologia\/kutatasi-teruletek\/andrologiaicentrum\/","title":{"rendered":"Androl\u00f3giai Centrum"},"content":{"rendered":"<ol>\n<li style=\"text-align: left\">A f\u00e9rfimedd\u0151s\u00e9g kezel\u00e9s\u00e9ben \u00faj mikroseb\u00e9szeti elj\u00e1r\u00e1sokat kutatunk \u00e9s v\u00e9gz\u00fcnk, androl\u00f3giai mikroseb\u00e9szeti regisztert hoztunk l\u00e9tre.<\/li>\n<li style=\"text-align: left\">Sz\u00f6vetbankot m\u0171k\u00f6dtet\u00fcnk az egyetem patol\u00f3giai int\u00e9zet\u00e9vel, a legs\u00falyosabb f\u00e9rfi nemz\u0151k\u00e9pess\u00e9g-zavar eseteiben, m\u0171t\u00e9ti \u00faton nyert herecsatorn\u00e1kb\u00f3l. Ez alapot jelent tov\u00e1bbi kutat\u00e1sokhoz, ami k\u00f6zelebb vezethet a s\u00falyos nemz\u0151k\u00e9pess\u00e9g-zavarok kialakul\u00e1s\u00e1nak k\u00f3rokaihoz.<\/li>\n<li style=\"text-align: left\">Klinikai vizsg\u00e1latot folytatunk az MTA SZTAKI munkat\u00e1rsaival, a legs\u00falyosabb nemz\u0151k\u00e9pess\u00e9g-zavarok eset\u00e9n v\u00e9gzett m\u0171t\u00e9tek sikeress\u00e9g\u00e9nek el\u0151rejelz\u00e9s\u00e9t c\u00e9lozva. Mesters\u00e9ges intelligencia program seg\u00edts\u00e9g\u00e9vel igyeksz\u00fcnk ezek alapj\u00e1n a legmegfelel\u0151bb diagnosztikai algoritmust kialak\u00edtani.<\/li>\n<li style=\"text-align: left\">Hazai adatb\u00e1zist dolgoztunk ki, \u00e9s nemzetk\u00f6zi felm\u00e9r\u00e9sben vesz\u00fcnk r\u00e9szt Klinefelter szindr\u00f3m\u00e1ban szenved\u0151 f\u00e9rfiak nemz\u0151k\u00e9pess\u00e9g\u00e9nek \u00e9s hormonh\u00e1ztart\u00e1s\u00e1nak vizsg\u00e1lat\u00e1ban, korszer\u0171 kezel\u00e9s\u00e9ben, az eredm\u00e9nyek felm\u00e9r\u00e9s\u00e9ben.<\/li>\n<li style=\"text-align: left\">Nemzetk\u00f6zi egy\u00fcttm\u0171k\u00f6d\u00e9s keretein bel\u00fcl vizsg\u00e1ljuk a s\u00falyos nemz\u0151k\u00e9pess\u00e9g-zavarok kialakul\u00e1s\u00e1ban az Y kromosz\u00f3ma szerep\u00e9t.<\/li>\n<li style=\"text-align: left\">A h\u00edmivarsejtek funkcion\u00e1lis \u00e9ps\u00e9g\u00e9nek kutat\u00e1sa ter\u00e9n a spermiumok \u00f6r\u00f6k\u00edt\u0151 anyag\u00e1nak (DNS) \u00e9ps\u00e9g\u00e9t vizsg\u00e1ljuk. Kutat\u00e1st v\u00e9gz\u00fcnk a DNS t\u00f6redezetts\u00e9g\u00e9t befoly\u00e1sol\u00f3 t\u00e9nyez\u0151kr\u0151l, ill. a kezel\u00e9s lehet\u0151 c\u00e9lpontjait keress\u00fck.<\/li>\n<li style=\"text-align: left\">Nem tapinthat\u00f3 heredaganatok eset\u00e9n, nagyon szigor\u00fa indik\u00e1ci\u00f3k mellett v\u00e9gzett mikroseb\u00e9szeti szervmegtart\u00f3 m\u0171t\u00e9tek l\u00e9tjogosults\u00e1g\u00e1t vizsg\u00e1ljuk.<\/li>\n<li style=\"text-align: left\">Klinikai vizsg\u00e1lat zajlik a medd\u0151 kapcsolatban \u00e9l\u0151k szexu\u00e1lis zavarainak felm\u00e9r\u00e9s\u00e9ben, kezel\u00e9s\u00e9ben.<\/li>\n<li style=\"text-align: left\">Endokrinol\u00f3giai egy\u00fcttm\u0171k\u00f6d\u00e9ssel a f\u00e9rfihormon (tesztoszteron) hi\u00e1ny\u00e1llapotait vizsg\u00e1ljuk, korszer\u0171 kezel\u00e9si s\u00e9m\u00e1kat kutatunk.<\/li>\n<li style=\"text-align: left\">\u00c9letm\u00f3di t\u00e9nyez\u0151k fontoss\u00e1g\u00e1t vizsg\u00e1ljuk f\u00e9rfi nemz\u0151k\u00e9pess\u00e9g-, \u00e9s szexu\u00e1lis zavarok eset\u00e9n.<\/li>\n<\/ol>\n","protected":false},"excerpt":{"rendered":"<p>A f\u00e9rfimedd\u0151s\u00e9g kezel\u00e9s\u00e9ben \u00faj mikroseb\u00e9szeti elj\u00e1r\u00e1sokat kutatunk \u00e9s v\u00e9gz\u00fcnk, androl\u00f3giai mikroseb\u00e9szeti regisztert hoztunk l\u00e9tre. Sz\u00f6vetbankot m\u0171k\u00f6dtet\u00fcnk az egyetem patol\u00f3giai int\u00e9zet\u00e9vel, a legs\u00falyosabb f\u00e9rfi nemz\u0151k\u00e9pess\u00e9g-zavar eseteiben, m\u0171t\u00e9ti \u00faton nyert herecsatorn\u00e1kb\u00f3l. Ez alapot jelent tov\u00e1bbi kutat\u00e1sokhoz, ami k\u00f6zelebb vezethet a s\u00falyos nemz\u0151k\u00e9pess\u00e9g-zavarok kialakul\u00e1s\u00e1nak k\u00f3rokaihoz. Klinikai vizsg\u00e1latot folytatunk az MTA SZTAKI munkat\u00e1rsaival, a legs\u00falyosabb nemz\u0151k\u00e9pess\u00e9g-zavarok eset\u00e9n v\u00e9gzett m\u0171t\u00e9tek &hellip;<\/p>\n","protected":false},"author":316,"featured_media":0,"parent":13,"menu_order":2,"comment_status":"open","ping_status":"closed","template":"","meta":{"_acf_changed":false,"footnotes":""},"categories":[],"tags":[],"class_list":["post-362","page","type-page","status-publish","hentry"],"acf":[],"_links":{"self":[{"href":"https:\/\/semmelweis.hu\/urologia\/wp-json\/wp\/v2\/pages\/362","targetHints":{"allow":["GET"]}}],"collection":[{"href":"https:\/\/semmelweis.hu\/urologia\/wp-json\/wp\/v2\/pages"}],"about":[{"href":"https:\/\/semmelweis.hu\/urologia\/wp-json\/wp\/v2\/types\/page"}],"author":[{"embeddable":true,"href":"https:\/\/semmelweis.hu\/urologia\/wp-json\/wp\/v2\/users\/316"}],"replies":[{"embeddable":true,"href":"https:\/\/semmelweis.hu\/urologia\/wp-json\/wp\/v2\/comments?post=362"}],"version-history":[{"count":5,"href":"https:\/\/semmelweis.hu\/urologia\/wp-json\/wp\/v2\/pages\/362\/revisions"}],"predecessor-version":[{"id":4317,"href":"https:\/\/semmelweis.hu\/urologia\/wp-json\/wp\/v2\/pages\/362\/revisions\/4317"}],"up":[{"embeddable":true,"href":"https:\/\/semmelweis.hu\/urologia\/wp-json\/wp\/v2\/pages\/13"}],"wp:attachment":[{"href":"https:\/\/semmelweis.hu\/urologia\/wp-json\/wp\/v2\/media?parent=362"}],"wp:term":[{"taxonomy":"category","embeddable":true,"href":"https:\/\/semmelweis.hu\/urologia\/wp-json\/wp\/v2\/categories?post=362"},{"taxonomy":"post_tag","embeddable":true,"href":"https:\/\/semmelweis.hu\/urologia\/wp-json\/wp\/v2\/tags?post=362"}],"curies":[{"name":"wp","href":"https:\/\/api.w.org\/{rel}","templated":true}]}}