{"id":318,"date":"2014-03-11T09:10:03","date_gmt":"2014-03-11T09:10:03","guid":{"rendered":"http:\/\/semmelweis.hu\/urologia\/?page_id=318"},"modified":"2023-08-08T08:58:11","modified_gmt":"2023-08-08T06:58:11","slug":"andrologiai-centrum","status":"publish","type":"page","link":"https:\/\/semmelweis.hu\/urologia\/altalanos-informaciok\/szakmai-profilok\/andrologiai-centrum\/","title":{"rendered":"Androl\u00f3giai Centrum"},"content":{"rendered":"<p style=\"text-align: left\"><strong>Az androl\u00f3gia a f\u00e9rfimedd\u0151s\u00e9ggel, a f\u00e9rfiak szexu\u00e1lis zavaraival, a f\u00e9rfihormon (tesztoszteron) hi\u00e1ny\u00e1llapotaival, az id\u0151s\u00f6d\u0151 f\u00e9rfiak probl\u00e9m\u00e1ival \u00e9s a f\u00e9rfi fogamz\u00e1sg\u00e1tl\u00e1ssal foglalkozik.<\/strong><\/p>\n<p><a href=\"https:\/\/semmelweis.hu\/urologia\/betegellatas\/rendelesek\/\">Tov\u00e1bb a Szakrendel\u00e9sekhez \u2192<\/a><\/p>\n<p style=\"text-align: left\">A klinik\u00e1n 2010 febru\u00e1rj\u00e1ban \u00e1tadott, alap\u00edtv\u00e1nyi t\u00e1mogat\u00e1ssal teljesen fel\u00faj\u00edtott \u00e9s \u00faj m\u0171szerparkkal berendezett Androl\u00f3giai Centrum a legkorszer\u0171bb, eur\u00f3pai szint\u0171 androl\u00f3giai betegell\u00e1t\u00e1shoz ny\u00fajt seg\u00edts\u00e9get. Androl\u00f3giai k\u00f6zpontunk ir\u00e1ny\u00edtja a hazai androl\u00f3giai szakorvosk\u00e9pz\u00e9st, \u00e9s akt\u00edv r\u00e9sztvev\u0151je a nemzetk\u00f6zi szakk\u00e9pz\u00e9snek is, az Eur\u00f3pai Androl\u00f3giai Akad\u00e9mia min\u0151s\u00edtett k\u00e9pz\u0151k\u00f6zpontja, elismert eur\u00f3pai mikroseb\u00e9szeti centrum.<\/p>\n<p style=\"text-align: left\">A f\u00e9rfimedd\u0151s\u00e9g vizsg\u00e1lata sor\u00e1n lehet\u0151s\u00e9g\u00fcnk van az Eg\u00e9szs\u00e9g\u00fcgyi Vil\u00e1gszervezet (WHO) krit\u00e9riumainak megfelel\u0151 spermaanal\u00edzis v\u00e9gz\u00e9s\u00e9re, a legkorszer\u0171bb mikroszk\u00f3pos \u00e9s sz\u00e1m\u00edt\u00f3g\u00e9pes m\u00f3dszerrel egyar\u00e1nt. A korszer\u0171 androl\u00f3gia t\u00f6rekv\u00e9seinek megfelel\u0151en a ki\u00e9p\u00edtett egy\u00fcttm\u0171k\u00f6d\u00e9sek seg\u00edts\u00e9g\u00e9vel lehet\u0151s\u00e9g van a h\u00edmivarsejtek funkci\u00f3j\u00e1nak ellen\u0151rz\u00e9s\u00e9re is. Az esetleg sz\u00fcks\u00e9gess\u00e9 v\u00e1l\u00f3 genetikai-, hormon- \u00e9s ultrahang vizsg\u00e1latokat is helyben tudjuk elv\u00e9gezni. A r\u00e9szletesebb genetikai-, biok\u00e9miai- \u00e9s immunol\u00f3giai vizsg\u00e1latok v\u00e9gz\u00e9s\u00e9re egy\u00fcttm\u0171k\u00f6d\u00e9seink keretein bel\u00fcl van lehet\u0151s\u00e9g.<\/p>\n<p style=\"text-align: left\">A medd\u0151s\u00e9g kezel\u00e9si lehet\u0151s\u00e9geinek teljes palett\u00e1j\u00e1t haszn\u00e1ljuk. A K\u00f6z\u00e9p-Kelet Eur\u00f3pai r\u00e9gi\u00f3ban egyed\u00fcl \u00e1ll\u00f3 mikroseb\u00e9szeti tev\u00e9kenys\u00e9g\u00fcnk r\u00e9v\u00e9n az androl\u00f3giai mikroseb\u00e9szet teljes m\u0171t\u00e9ti reperto\u00e1rj\u00e1t rendszeresen v\u00e9gezz\u00fck, \u00faj elj\u00e1r\u00e1sok kidolgoz\u00e1s\u00e1ban vesz\u00fcnk r\u00e9szt. A progressz\u00edv betegell\u00e1t\u00f3 rendszer cs\u00facsint\u00e9zm\u00e9nyek\u00e9nt tev\u00e9kenyked\u00fcnk.<\/p>\n<p style=\"text-align: left\">Az egyetem Assziszt\u00e1lt Reprodukci\u00f3s Centrum\u00e1nak androl\u00f3giai ell\u00e1t\u00e1s\u00e1t is biztos\u00edtjuk, emellett a haz\u00e1nkban m\u0171k\u00f6d\u0151 medd\u0151s\u00e9gi k\u00f6zpontokkal \u00e9s mesters\u00e9ges megterm\u00e9keny\u00edt\u00e9st v\u00e9gz\u0151 int\u00e9zm\u00e9nnyel szoros egy\u00fcttm\u0171k\u00f6d\u00e9sben dolgozunk. Sperma- \u00e9s sz\u00f6vetbankkal l\u00e9tes\u00fclt egy\u00fcttm\u0171k\u00f6d\u00e9s\u00fcnknek k\u00f6sz\u00f6nhet\u0151en az ond\u00f3mint\u00e1k \u00e9s a heresz\u00f6vetmint\u00e1k m\u00e9lyfagyaszt\u00e1sos t\u00e1rol\u00e1sa is megoldhat\u00f3.<\/p>\n<p style=\"text-align: left\">Vizsg\u00e1ljuk \u00e9s kezelj\u00fck a f\u00e9rfihormon (tesztoszteron) hi\u00e1ny\u00e1llapotait, valamint az id\u0151s\u00f6d\u0151 f\u00e9rfiak komplex probl\u00e9m\u00e1i m\u00f6g\u00f6tt el\u0151fordul\u00f3 hormon\u00e1lis zavarokat, ezeknek f\u0151k\u00e9nt androl\u00f3giai k\u00f6vetkezm\u00e9nyeit kezelj\u00fck.<\/p>\n<p style=\"text-align: left\">A f\u00e9rfiak szexu\u00e1lis zavarainak h\u00e1tter\u00e9ben megh\u00faz\u00f3d\u00f3 alapbetegs\u00e9gek kider\u00edt\u00e9se mellett a mereved\u00e9si zavarok minden kezel\u00e9si m\u00f3dszer\u00e9ben \u2013 a gy\u00f3gyszeres, injekci\u00f3s, v\u00e1kuumos-, \u00e9s m\u0171t\u00e9ti ter\u00e1pi\u00e1s lehet\u0151s\u00e9gek ter\u00e9n is teljes k\u00f6r\u0171 seg\u00edts\u00e9get pr\u00f3b\u00e1lunk ny\u00fajtani.\u00a0<\/p>\n<p style=\"text-align: left\">A f\u00e9rfiak esetleges fogamz\u00e1sg\u00e1tl\u00e1si ig\u00e9ny\u00e9nek az enged\u00e9lyez\u00e9st\u0151l a v\u00e9grehajt\u00e1son \u00e1t, a m\u0171t\u00e9t ut\u00e1ni kontrollvizsg\u00e1latokig meg tudunk felelni.<\/p>\n<p style=\"text-align: left\">Centrumunk folyamatosan ir\u00e1ny\u00edtja \u00e9s v\u00e9gzi a szakdolgoz\u00f3k-, orvostanhallgat\u00f3k-, rezidensek-, szakorvos-jel\u00f6ltek- \u00e9s szakorvosok androl\u00f3giai k\u00e9pz\u00e9s\u00e9t, tov\u00e1bbk\u00e9pz\u00e9s\u00e9t, magyar-, angol- \u00e9s n\u00e9met nyelven.<\/p>\n<h4 style=\"text-align: left\"><strong>A centrum dolgoz\u00f3i:<\/strong><\/h4>\n<ul>\n<li style=\"text-align: left\"><a href=\"https:\/\/semmelweis.hu\/urologia\/kopa-zsolt\/\">Dr. Kopa Zsolt\u00a0<\/a>Ph.D., MSc. \u2013 egyetemi docens \u2013 a centrum vezet\u0151je \u00e9s a Semmelweis Egyetem Androl\u00f3giai Szakmai Gr\u00e9mium\u00e1nak eln\u00f6ke, urol\u00f3gus- \u00e9s androl\u00f3gus szakorvos, certified clinical andrologist (eur\u00f3pai androl\u00f3giai szakvizsg\u00e1val rendelkezik)<\/li>\n<li style=\"text-align: left\"><a href=\"https:\/\/semmelweis.hu\/urologia\/riesz-peter\/\">Dr. Riesz P\u00e9ter<\/a> Ph.D.\u00a0 \u2013 egyetemi docens ,urol\u00f3gus-, onkol\u00f3gus- \u00e9s androl\u00f3gus szakorvos<\/li>\n<li style=\"text-align: left\">Dr. Vargha Judit \u2013 klinikai szakorvos, urol\u00f3gus- \u00e9s androl\u00f3gus szakorvos, certified clinical andrologist (eur\u00f3pai androl\u00f3giai szakvizsg\u00e1val rendelkezik)<\/li>\n<li style=\"text-align: left\">Dr. Szab\u00f3 Anett \u2013 PhD hallgat\u00f3<\/li>\n<li style=\"text-align: left\">Dr. Bata Anik\u00f3 \u2013 urol\u00f3gus szakorvos, androl\u00f3giai szakorvos-jel\u00f6lt<\/li>\n<li style=\"text-align: left\">Dr. Hajd\u00fa Erzs\u00e9bet &#8211; urol\u00f3gus szakorvos, androl\u00f3giai szakorvos-jel\u00f6lt<\/li>\n<\/ul>\n<p>A klinik\u00e1n\u00a0 <a href=\"https:\/\/semmelweis.hu\/urologia\/nyirady-peter\/\">Dr. Nyir\u00e1dy P\u00e9ter<\/a>\u00a0Ph.D. med. habil. egyetemi tan\u00e1r is rendelkezik androl\u00f3giai szakvizsg\u00e1val.<\/p>\n<p style=\"text-align: left\"><strong>Az egyetem <a href=\"https:\/\/semmelweis.hu\/arc\/\" target=\"_blank\" rel=\"noopener\">Assziszt\u00e1lt Reprodukci\u00f3s Centrum<\/a>\u00e1ban, szoros szerkezeti- \u00e9s szervezeti egys\u00e9gben:<\/strong><\/p>\n<ul>\n<li style=\"text-align: left\">Dr. Tak\u00e1cs Tam\u00e1s \u2013 klinikai szakorvos, urol\u00f3gus- \u00e9s androl\u00f3gus szakorvos, certified clinical andrologist (eur\u00f3pai androl\u00f3giai szakvizsg\u00e1val rendelkezik<\/li>\n<\/ul>\n<p><strong><em>Asszisztens:\u00a0<br \/>\n<\/em><\/strong>Moln\u00e1rn\u00e9 Kedves Ildik\u00f3<\/p>\n<p style=\"text-align: left\">\u00a0<\/p>\n","protected":false},"excerpt":{"rendered":"<p>Az androl\u00f3gia a f\u00e9rfimedd\u0151s\u00e9ggel, a f\u00e9rfiak szexu\u00e1lis zavaraival, a f\u00e9rfihormon (tesztoszteron) hi\u00e1ny\u00e1llapotaival, az id\u0151s\u00f6d\u0151 f\u00e9rfiak probl\u00e9m\u00e1ival \u00e9s a f\u00e9rfi fogamz\u00e1sg\u00e1tl\u00e1ssal foglalkozik. <a href=\"https:\/\/semmelweis.hu\/urologia\/betegellatas\/rendelesek\/\">Tov\u00e1bb a Szakrendel\u00e9sekhez \u2192<\/a> A klinik\u00e1n 2010 febru\u00e1rj\u00e1ban \u00e1tadott, alap\u00edtv\u00e1nyi t\u00e1mogat\u00e1ssal teljesen fel\u00faj\u00edtott \u00e9s \u00faj m\u0171szerparkkal berendezett Androl\u00f3giai Centrum a legkorszer\u0171bb, eur\u00f3pai szint\u0171 androl\u00f3giai betegell\u00e1t\u00e1shoz ny\u00fajt seg\u00edts\u00e9get. Androl\u00f3giai k\u00f6zpontunk ir\u00e1ny\u00edtja a hazai androl\u00f3giai szakorvosk\u00e9pz\u00e9st, \u00e9s akt\u00edv r\u00e9sztvev\u0151je a &hellip;<\/p>\n","protected":false},"author":316,"featured_media":0,"parent":12,"menu_order":6,"comment_status":"open","ping_status":"open","template":"","meta":{"_acf_changed":false,"footnotes":""},"categories":[],"tags":[],"class_list":["post-318","page","type-page","status-publish","hentry"],"acf":[],"_links":{"self":[{"href":"https:\/\/semmelweis.hu\/urologia\/wp-json\/wp\/v2\/pages\/318","targetHints":{"allow":["GET"]}}],"collection":[{"href":"https:\/\/semmelweis.hu\/urologia\/wp-json\/wp\/v2\/pages"}],"about":[{"href":"https:\/\/semmelweis.hu\/urologia\/wp-json\/wp\/v2\/types\/page"}],"author":[{"embeddable":true,"href":"https:\/\/semmelweis.hu\/urologia\/wp-json\/wp\/v2\/users\/316"}],"replies":[{"embeddable":true,"href":"https:\/\/semmelweis.hu\/urologia\/wp-json\/wp\/v2\/comments?post=318"}],"version-history":[{"count":11,"href":"https:\/\/semmelweis.hu\/urologia\/wp-json\/wp\/v2\/pages\/318\/revisions"}],"predecessor-version":[{"id":4518,"href":"https:\/\/semmelweis.hu\/urologia\/wp-json\/wp\/v2\/pages\/318\/revisions\/4518"}],"up":[{"embeddable":true,"href":"https:\/\/semmelweis.hu\/urologia\/wp-json\/wp\/v2\/pages\/12"}],"wp:attachment":[{"href":"https:\/\/semmelweis.hu\/urologia\/wp-json\/wp\/v2\/media?parent=318"}],"wp:term":[{"taxonomy":"category","embeddable":true,"href":"https:\/\/semmelweis.hu\/urologia\/wp-json\/wp\/v2\/categories?post=318"},{"taxonomy":"post_tag","embeddable":true,"href":"https:\/\/semmelweis.hu\/urologia\/wp-json\/wp\/v2\/tags?post=318"}],"curies":[{"name":"wp","href":"https:\/\/api.w.org\/{rel}","templated":true}]}}