{"id":283,"date":"2014-03-11T07:48:30","date_gmt":"2014-03-11T07:48:30","guid":{"rendered":"http:\/\/semmelweis.hu\/urologia\/?page_id=283"},"modified":"2023-05-02T12:56:37","modified_gmt":"2023-05-02T10:56:37","slug":"posztgradualis-kepzes","status":"publish","type":"page","link":"https:\/\/semmelweis.hu\/urologia\/oktatas\/posztgradualis-kepzes\/","title":{"rendered":"Posztgradu\u00e1lis k\u00e9pz\u00e9s"},"content":{"rendered":"<p style=\"text-align: left\"><strong>1. A rezidensk\u00e9pz\u00e9s mellett rendszeres akkredit\u00e1lt tov\u00e1bbk\u00e9pz\u0151 tanfolyamokat tartunk az al\u00e1bbi t\u00e9mak\u00f6r\u00f6kben:<\/strong><\/p>\n<ul style=\"text-align: left\">\n<li>Urogynaecologia urol\u00f3gusoknak \u00e9s n\u0151gy\u00f3gy\u00e1szoknak<\/li>\n<li>Korszer\u0171 androl\u00f3gia<\/li>\n<li>Urol\u00f3giai diagnosztika<\/li>\n<li>Urol\u00f3giai betegs\u00e9gek ter\u00e1pi\u00e1ja<\/li>\n<li>Urodinamikai alapismeretek<\/li>\n<li>Nephrolithiasis<\/li>\n<li>Uroonkol\u00f3gia<\/li>\n<li>Az inkontinencia seb\u00e9szi \u00e9s konzervat\u00edv kezel\u00e9s\u00e9nek lehet\u0151s\u00e9gei<\/li>\n<li>Ultrahang-diagnosztikai alapismeretek<\/li>\n<li>Operat\u00edv androl\u00f3gia<\/li>\n<li>A h\u00f3lyagm\u0171k\u00f6d\u00e9s zavarainak gy\u00f3gyszeres \u00e9s fizioter\u00e1pi\u00e1s kezel\u00e9se<\/li>\n<li>Urotraumatol\u00f3gia<\/li>\n<li>\u00daj szakmai ir\u00e1nyelvek az urol\u00f3gi\u00e1ban<\/li>\n<\/ul>\n<p style=\"text-align: left\">2. A szakvizsga ut\u00e1ni 5 \u00e9vente k\u00f6telez\u0151en meg\u00faj\u00edtand\u00f3 tov\u00e1bbk\u00e9pz\u00e9si ciklusok egyik f\u0151 elem\u00e9t k\u00e9pezik a k\u00f6telez\u0151 szinten tart\u00f3 tanfolyamok, melyeket k\u00e9t \u00e9vi rendszeress\u00e9ggel szervez\u00fcnk. A klinika saj\u00e1t, akkredit\u00e1lt tov\u00e1bbk\u00e9pz\u0151 rendezv\u00e9nye, a F\u00fcv\u00e9szkerti Urol\u00f3gus Napok, melyet \u00e9vente rendez\u00fcnk meg, neves k\u00fclf\u00f6ldi \u00e9s hazai el\u0151ad\u00f3k megh\u00edv\u00e1s\u00e1val.\u00a0<\/p>\n<p style=\"text-align: left\">Tudom\u00e1nyos \u00e9s oktat\u00e1si eredm\u00e9nyeinek elismer\u00e9sek\u00e9nt klinik\u00e1nkat Kelet-K\u00f6z\u00e9p-Eur\u00f3p\u00e1ban els\u0151k\u00e9nt \u00e9s Magyarorsz\u00e1gon egyed\u00fclik\u00e9nt az Eur\u00f3pai Urol\u00f3gus T\u00e1rsas\u00e1g (EBU) eur\u00f3pai szint\u0171 k\u00e9pz\u0151helly\u00e9 akkredit\u00e1lta.<\/p>\n","protected":false},"excerpt":{"rendered":"<p>1. A rezidensk\u00e9pz\u00e9s mellett rendszeres akkredit\u00e1lt tov\u00e1bbk\u00e9pz\u0151 tanfolyamokat tartunk az al\u00e1bbi t\u00e9mak\u00f6r\u00f6kben: Urogynaecologia urol\u00f3gusoknak \u00e9s n\u0151gy\u00f3gy\u00e1szoknak Korszer\u0171 androl\u00f3gia Urol\u00f3giai diagnosztika Urol\u00f3giai betegs\u00e9gek ter\u00e1pi\u00e1ja Urodinamikai alapismeretek Nephrolithiasis Uroonkol\u00f3gia Az inkontinencia seb\u00e9szi \u00e9s konzervat\u00edv kezel\u00e9s\u00e9nek lehet\u0151s\u00e9gei Ultrahang-diagnosztikai alapismeretek Operat\u00edv androl\u00f3gia A h\u00f3lyagm\u0171k\u00f6d\u00e9s zavarainak gy\u00f3gyszeres \u00e9s fizioter\u00e1pi\u00e1s kezel\u00e9se Urotraumatol\u00f3gia \u00daj szakmai ir\u00e1nyelvek az urol\u00f3gi\u00e1ban 2. A szakvizsga ut\u00e1ni &hellip;<\/p>\n","protected":false},"author":316,"featured_media":0,"parent":276,"menu_order":4,"comment_status":"closed","ping_status":"closed","template":"","meta":{"_acf_changed":false,"footnotes":""},"categories":[],"tags":[],"class_list":["post-283","page","type-page","status-publish","hentry"],"acf":[],"_links":{"self":[{"href":"https:\/\/semmelweis.hu\/urologia\/wp-json\/wp\/v2\/pages\/283","targetHints":{"allow":["GET"]}}],"collection":[{"href":"https:\/\/semmelweis.hu\/urologia\/wp-json\/wp\/v2\/pages"}],"about":[{"href":"https:\/\/semmelweis.hu\/urologia\/wp-json\/wp\/v2\/types\/page"}],"author":[{"embeddable":true,"href":"https:\/\/semmelweis.hu\/urologia\/wp-json\/wp\/v2\/users\/316"}],"replies":[{"embeddable":true,"href":"https:\/\/semmelweis.hu\/urologia\/wp-json\/wp\/v2\/comments?post=283"}],"version-history":[{"count":8,"href":"https:\/\/semmelweis.hu\/urologia\/wp-json\/wp\/v2\/pages\/283\/revisions"}],"predecessor-version":[{"id":4313,"href":"https:\/\/semmelweis.hu\/urologia\/wp-json\/wp\/v2\/pages\/283\/revisions\/4313"}],"up":[{"embeddable":true,"href":"https:\/\/semmelweis.hu\/urologia\/wp-json\/wp\/v2\/pages\/276"}],"wp:attachment":[{"href":"https:\/\/semmelweis.hu\/urologia\/wp-json\/wp\/v2\/media?parent=283"}],"wp:term":[{"taxonomy":"category","embeddable":true,"href":"https:\/\/semmelweis.hu\/urologia\/wp-json\/wp\/v2\/categories?post=283"},{"taxonomy":"post_tag","embeddable":true,"href":"https:\/\/semmelweis.hu\/urologia\/wp-json\/wp\/v2\/tags?post=283"}],"curies":[{"name":"wp","href":"https:\/\/api.w.org\/{rel}","templated":true}]}}