{"id":254,"date":"2014-03-10T12:54:00","date_gmt":"2014-03-10T11:54:00","guid":{"rendered":"http:\/\/semmelweis.hu\/urologia\/?page_id=254"},"modified":"2026-03-23T08:00:52","modified_gmt":"2026-03-23T07:00:52","slug":"rendelesek","status":"publish","type":"page","link":"https:\/\/semmelweis.hu\/urologia\/betegellatas\/rendelesek\/","title":{"rendered":"Szakrendel\u00e9sek"},"content":{"rendered":"<h4><strong>Szakrendel\u00e9sre bejelentkez\u00e9s:<\/strong><\/h4>\n<div class=\"keretes w-100\">\n<p style=\"text-align: left\"><strong>Az Urol\u00f3giai Klinika szakrendel\u00e9seire el\u0151zetes telefonos bejelentkez\u00e9s sz\u00fcks\u00e9ges<\/strong> (l\u00e1sd al\u00e1bb).<\/p>\n<p style=\"text-align: left\"><strong><em>Szakorvosi beutal\u00f3<\/em><\/strong> (urol\u00f3gus, n\u0151gy\u00f3gy\u00e1sz, neurol\u00f3gus) kiz\u00e1r\u00f3lag <strong>az <em>urodinamikai szakrendel\u00e9sre<\/em> sz\u00fcks\u00e9ges<\/strong>.<\/p>\n<p style=\"text-align: left\"><strong>Ter\u00fcletileg illet\u00e9kes s\u00fcrg\u0151ss\u00e9gi eseteket<\/strong> <strong>el\u0151zetes bejelentkez\u00e9s n\u00e9lk\u00fcl \u00e9s a rendel\u00e9si id\u0151n k\u00edv\u00fcl is fogadunk.<\/strong><\/p>\n<\/div>\n<h4><strong>Bejelentkez\u00e9s a megadott id\u0151pontban<\/strong><\/h4>\n<p style=\"text-align: left\"><strong>A kapott id\u0151pontban be kell jelentkezni az alagsorban tal\u00e1lhat\u00f3 felv\u00e9teli irod\u00e1ban <\/strong>(alagsor, port\u00e1val szemben), ahol az okiratok ellen\u0151rz\u00e9se \u00e9s a sz\u00e1m\u00edt\u00f3g\u00e9pes nyilv\u00e1ntart\u00e1sba v\u00e9tele t\u00f6rt\u00e9nik.\u00a0<\/p>\n<ul>\n<li>Ha megtehetik egyed\u00fcl -vagy sz\u00fcks\u00e9g eset\u00e9n egy k\u00eds\u00e9r\u0151vel- \u00e9rkezzenek.<\/li>\n<\/ul>\n<p><strong>H\u00e9tk\u00f6znapokon 6:55-ig az \u00e9p\u00fclet el\u0151tt legyenek sz\u00edvesek v\u00e1rakozni a nyit\u00e1sra!<\/strong><\/p>\n<p><strong>Felv\u00e9teli irod\u00e1nk h\u00e9tf\u0151t\u0151l cs\u00fct\u00f6rt\u00f6kig 7:00 \u2013 14:50, p\u00e9nteken 7:00 \u2013 13:50<\/strong> k\u00f6z\u00f6tt fogadja a betegeket<\/p>\n<p>15 \u00f3ra ut\u00e1n, h\u00e9tv\u00e9g\u00e9n \u00e9s \u00fcnnep napokon az \u00fcgyeletes orvos l\u00e1tja el a betegeket.<\/p>\n<p style=\"text-align: left\">Szeretn\u00e9nk cs\u00f6kkenteni a v\u00e1rakoz\u00f3k sz\u00e1m\u00e1t \u00e9s a fert\u0151z\u0151 betegs\u00e9gek terjed\u00e9s\u00e9nek kock\u00e1zat\u00e1t, ez\u00e9rt k\u00e9rj\u00fck tarts\u00e1k be az al\u00e1bbiakat:<\/p>\n<ul style=\"text-align: left\">\n<li>Nem kell kor\u00e1bban \u00e9rkezni a megbesz\u00e9lt id\u0151pontn\u00e1l.\u00a0<\/li>\n<li>Ha megtehetik egyed\u00fcl &#8211; ne k\u00eds\u00e9r\u0151kkel &#8211; \u00e9rkezzenek.<\/li>\n<li>K\u00e9rj\u00fck a higi\u00e9n\u00e9s szab\u00e1lyok fokozott betart\u00e1s\u00e1t: higi\u00e9n\u00e9s k\u00e9zmos\u00e1s, k\u00e9zfert\u0151tlen\u00edt\u00e9s<strong>\u00a0<\/strong><\/li>\n<\/ul>\n<h4><strong>Mit hozzon mag\u00e1val<\/strong><\/h4>\n<ul>\n<li>beutal\u00f3 speci\u00e1lis szakrendel\u00e9sre (androl\u00f3gia, urodinamia) &#8211; nem minden esetben sz\u00fcks\u00e9ges<\/li>\n<li>szem\u00e9lyazonoss\u00e1got hitelt \u00e9rdeml\u0151en tan\u00fas\u00edt\u00f3 igazolv\u00e1ny,<\/li>\n<li>t\u00e1rsadalombiztos\u00edt\u00e1si k\u00e1rtya (TAJ k\u00e1rtya) vagy azt helyettes\u00edt\u0151 okm\u00e1ny,<\/li>\n<li>lakc\u00edmigazol\u00f3 k\u00e1rtya<\/li>\n<li>orvosi leletek, vizsg\u00e1lati eredm\u00e9nyek<\/li>\n<\/ul>\n<p>Az Urol\u00f3giai Klinika r\u00e9szletes <a href=\"https:\/\/semmelweis.hu\/urologia\/files\/2023\/05\/SE-Urologiai-Klinika-Betegtajekoztato-Hazirend.pdf\" target=\"_blank\" rel=\"noopener\">betegt\u00e1j\u00e9koztat\u00f3 h\u00e1zirendj\u00e9t let\u00f6ltheti pdf form\u00e1tumban.<\/a><\/p>\n<h1>Ambulanci\u00e1k<\/h1>\n<h3>\u00c1ltal\u00e1nos Urol\u00f3giai Szakambulancia<\/h3>\n<p><em>Beutal\u00f3<strong> nem<\/strong> sz\u00fcks\u00e9ges<\/em>.<\/p>\n<p style=\"text-align: left\"><strong>Helysz\u00edn:<\/strong>\u00a0<span style=\"color: #333333;font-family: Georgia, 'Times New Roman', 'Bitstream Charter', Times, serif\">1082<\/span><span style=\"color: #333333;font-family: Georgia, 'Times New Roman', 'Bitstream Charter', Times, serif\">\u00a0<\/span>Budapest, \u00dcll\u0151i \u00fat 78\/b. alagsor (bej\u00e1rat a Kor\u00e1nyi S\u00e1ndor utca fel\u0151l). <br \/>\n<strong>Rendel\u00e9s:<\/strong> munkanapokon 08.30 perc \u00e9s 15 \u00f3ra k\u00f6z\u00f6tt, illetve el\u0151zetes bejelentkez\u00e9s alapj\u00e1n.<\/p>\n<p style=\"text-align: left\"><strong>Bejelentkez\u00e9s: <\/strong>a +36 1 459 1500\/51134 sz\u00e1mon<strong><br \/>\n<\/strong>h\u00e9tf\u0151t\u0151l cs\u00fct\u00f6rt\u00f6kig 13.00-15.00 k\u00f6z\u00f6tt\u00a0<br \/>\np\u00e9nteken 12.00-14.00 k\u00f6z\u00f6tt\u00a0<\/p>\n<p style=\"text-align: left\">Rendel\u0151 orvosok: a Klinika orvosai<\/p>\n<hr \/>\n<h3 style=\"text-align: left\">Urodinamikai Szakambulancia<\/h3>\n<p><em>Szakorvosi beutal\u00f3 <\/em><strong><em>sz\u00fcks\u00e9ges<\/em>.<\/strong><\/p>\n<p style=\"text-align: left\">Helysz\u00edn:\u00a0<span style=\"color: #333333;font-family: Georgia, 'Times New Roman', 'Bitstream Charter', Times, serif\">1082<\/span><span style=\"color: #333333;font-family: Georgia, 'Times New Roman', 'Bitstream Charter', Times, serif\">\u00a0<\/span>Budapest, \u00dcll\u0151i \u00fat 78\/b. alagsor (bej\u00e1rat a Kor\u00e1nyi S\u00e1ndor utca fel\u0151l).<\/p>\n<p style=\"text-align: left\">Rendel\u00e9s: <em>el\u0151zetes bejelentkez\u00e9s alapj\u00e1n<\/em>.<\/p>\n<p style=\"text-align: left\"><strong>Bejelentkez\u00e9s: <\/strong>a +36 30 016 4073 sz\u00e1mon<br \/>\nkedd 09.00-13.00 k\u00f6z\u00f6tt\u00a0<br \/>\np\u00e9ntek 09.00-13.00 k\u00f6z\u00f6tt<\/p>\n<p style=\"text-align: left\"><strong>Rendel\u0151 orvosok:<\/strong> <a href=\"https:\/\/semmelweis.hu\/urologia\/majoros-attila\/\" target=\"_blank\" rel=\"noopener noreferrer\">dr. Majoros Attila<\/a> egyetemi docens, <a href=\"https:\/\/semmelweis.hu\/urologia\/hamvas-antal\/\" target=\"_blank\" rel=\"noopener noreferrer\">dr. Hamvas Anta<\/a>l egyetemi docens, <a href=\"https:\/\/semmelweis.hu\/urologia\/keszthelyi-attila\/\" target=\"_blank\" rel=\"noopener noreferrer\">dr. Keszthelyi Attila<\/a> egyetemi docens, <a href=\"https:\/\/semmelweis.hu\/urologia\/romics-miklos\/\">dr. Romics Mikl\u00f3s<\/a> egyetemi adjunktus<\/p>\n<p style=\"text-align: left\"><strong>Asszisztens:<\/strong> Poszpiseln\u00e9 K\u00e1pl\u00e1n Krisztina, Dvor\u00e1kn\u00e9 Borda Judit (51136 mell\u00e9k)<\/p>\n<p>\n<\/p>\n<p>&nbsp;<\/p>\n<hr \/>\n<h3>Androl\u00f3giai Szakambulancia<\/h3>\n<p><em>Beutal\u00f3 <strong>nem<\/strong> sz\u00fcks\u00e9ges.<\/em><\/p>\n<p style=\"text-align: left\">Helysz\u00edn:\u00a0<span style=\"color: #333333;font-family: Georgia, 'Times New Roman', 'Bitstream Charter', Times, serif\">1082<\/span><span style=\"color: #333333;font-family: Georgia, 'Times New Roman', 'Bitstream Charter', Times, serif\">\u00a0<\/span>Budapest, \u00dcll\u0151i \u00fat 78\/b. alagsor (bej\u00e1rat a Kor\u00e1nyi S\u00e1ndor utca fel\u0151l).\u00a0<em><br \/>\n<\/em>Rendel\u00e9s: e<em>l\u0151zetes bejelentkez\u00e9s alapj\u00e1n<\/em>.<\/p>\n<p style=\"text-align: left\"><strong>Bejelentkez\u00e9s: <\/strong>a +36 20 825 9989 sz\u00e1mon\u00a0<strong><br \/>\n<\/strong>h\u00e9tf\u0151t\u0151l p\u00e9ntekig 07.00 \u00e9s 14.00 k\u00f6z\u00f6tt\u00a0<\/p>\n<p style=\"text-align: left\"><strong>Rendel\u0151 orvosok:<\/strong><a href=\"https:\/\/semmelweis.hu\/urologia\/kopa-zsolt\/\" target=\"_blank\" rel=\"noopener noreferrer\"> dr. Kopa Zsolt<\/a> egyetemi docens, <a href=\"https:\/\/semmelweis.hu\/urologia\/riesz-peter\/\" target=\"_blank\" rel=\"noopener noreferrer\">dr. Riesz P\u00e9ter<\/a> egyetemi docens, dr. Vargha Judit\u00a0<\/p>\n<p style=\"text-align: left\"><strong>Asszisztens:<\/strong> Moln\u00e1rn\u00e9 Kedves Ildik\u00f3 (email: seandrologia@gmail.com)<\/p>\n<p style=\"text-align: left\"><a href=\"https:\/\/semmelweis.hu\/urologia\/tajekoztato-spermavizsgalatrol\/\" target=\"_blank\" rel=\"noopener noreferrer\">T\u00e1j\u00e9koztat\u00f3 spermavizsg\u00e1latr\u00f3l \u2192<\/a><\/p>\n<h3 style=\"text-align: left\">Kismedencei f\u00e1jdalom Szakambulancia<\/h3>\n<p><em>Beutal\u00f3 <strong>nem <\/strong><\/em><strong><em>sz\u00fcks\u00e9ges<\/em>.<\/strong><\/p>\n<p style=\"text-align: left\">Helysz\u00edn:\u00a0<span style=\"color: #333333;font-family: Georgia, 'Times New Roman', 'Bitstream Charter', Times, serif\">1082<\/span><span style=\"color: #333333;font-family: Georgia, 'Times New Roman', 'Bitstream Charter', Times, serif\">\u00a0<\/span>Budapest, \u00dcll\u0151i \u00fat 78\/b. alagsor (bej\u00e1rat a Kor\u00e1nyi S\u00e1ndor utca fel\u0151l).<\/p>\n<p style=\"text-align: left\">Rendel\u00e9s: e<em>l\u0151zetes bejelentkez\u00e9s alapj\u00e1n<\/em>.<\/p>\n<p style=\"text-align: left\"><strong>Bejelentkez\u00e9s: <\/strong>a +36 30 016 4073 sz\u00e1mon<br \/>\nkedd 09.00-13.00 k\u00f6z\u00f6tt\u00a0<br \/>\np\u00e9ntek 09.00-13.00 k\u00f6z\u00f6tt<\/p>\n<p style=\"text-align: left\"><strong>Rendel\u0151 urol\u00f3gus szakorvos:<\/strong>\u00a0<a href=\"https:\/\/semmelweis.hu\/urologia\/romics-miklos\/\">dr. Romics Mikl\u00f3s<\/a> egyetemi adjunktus<\/p>\n<p>&nbsp;<\/p>\n<p style=\"text-align: left\">\u00a0<\/p>\n","protected":false},"excerpt":{"rendered":"<p>Szakrendel\u00e9sre bejelentkez\u00e9s: Az Urol\u00f3giai Klinika szakrendel\u00e9seire el\u0151zetes telefonos bejelentkez\u00e9s sz\u00fcks\u00e9ges (l\u00e1sd al\u00e1bb). Szakorvosi beutal\u00f3 (urol\u00f3gus, n\u0151gy\u00f3gy\u00e1sz, neurol\u00f3gus) kiz\u00e1r\u00f3lag az urodinamikai szakrendel\u00e9sre sz\u00fcks\u00e9ges. Ter\u00fcletileg illet\u00e9kes s\u00fcrg\u0151ss\u00e9gi eseteket el\u0151zetes bejelentkez\u00e9s n\u00e9lk\u00fcl \u00e9s a rendel\u00e9si id\u0151n k\u00edv\u00fcl is fogadunk. Bejelentkez\u00e9s a megadott id\u0151pontban A kapott id\u0151pontban be kell jelentkezni az alagsorban tal\u00e1lhat\u00f3 felv\u00e9teli irod\u00e1ban (alagsor, port\u00e1val szemben), ahol &hellip;<\/p>\n","protected":false},"author":316,"featured_media":0,"parent":2028,"menu_order":0,"comment_status":"closed","ping_status":"closed","template":"","meta":{"_acf_changed":false,"footnotes":""},"categories":[],"tags":[],"class_list":["post-254","page","type-page","status-publish","hentry"],"acf":[],"_links":{"self":[{"href":"https:\/\/semmelweis.hu\/urologia\/wp-json\/wp\/v2\/pages\/254","targetHints":{"allow":["GET"]}}],"collection":[{"href":"https:\/\/semmelweis.hu\/urologia\/wp-json\/wp\/v2\/pages"}],"about":[{"href":"https:\/\/semmelweis.hu\/urologia\/wp-json\/wp\/v2\/types\/page"}],"author":[{"embeddable":true,"href":"https:\/\/semmelweis.hu\/urologia\/wp-json\/wp\/v2\/users\/316"}],"replies":[{"embeddable":true,"href":"https:\/\/semmelweis.hu\/urologia\/wp-json\/wp\/v2\/comments?post=254"}],"version-history":[{"count":13,"href":"https:\/\/semmelweis.hu\/urologia\/wp-json\/wp\/v2\/pages\/254\/revisions"}],"predecessor-version":[{"id":4787,"href":"https:\/\/semmelweis.hu\/urologia\/wp-json\/wp\/v2\/pages\/254\/revisions\/4787"}],"up":[{"embeddable":true,"href":"https:\/\/semmelweis.hu\/urologia\/wp-json\/wp\/v2\/pages\/2028"}],"wp:attachment":[{"href":"https:\/\/semmelweis.hu\/urologia\/wp-json\/wp\/v2\/media?parent=254"}],"wp:term":[{"taxonomy":"category","embeddable":true,"href":"https:\/\/semmelweis.hu\/urologia\/wp-json\/wp\/v2\/categories?post=254"},{"taxonomy":"post_tag","embeddable":true,"href":"https:\/\/semmelweis.hu\/urologia\/wp-json\/wp\/v2\/tags?post=254"}],"curies":[{"name":"wp","href":"https:\/\/api.w.org\/{rel}","templated":true}]}}